000
CXUS52 KTAE 010800
CF6VLD
PRELIMINARY LOCAL CLIMATOLOGICAL DATA (WS FORM: F-6)
STATION: VALDOSTA
MONTH: JULY
YEAR: 2021
LATITUDE: 30 46 N
LONGITUDE: 83 17 W
TEMPERATURE IN F: :PCPN: SNOW: WIND :SUNSHINE: SKY :PK WND
================================================================================
1 2 3 4 5 6A 6B 7 8 9 10 11 12 13 14 15 16 17 18
12Z AVG MX 2MIN
DY MAX MIN AVG DEP HDD CDD WTR SNW DPTH SPD SPD DIR MIN PSBL S-S WX SPD DR
================================================================================
1 90 72 81 1 0 16 0.85 0.0 M 2.7 21 140 M M 6 13 27 130
2 91 70 81 0 0 16 0.17 0.0 0 2.4 13 190 M M 7 123 17 180
3 89 73 81 0 0 16 0.00 0.0 0 1.7 9 200 M M 7 1 13 210
4 89 73 81 0 0 16 0.72 0.0 0 1.8 17 360 M M 8 13 21 10
5 86 72 79 -2 0 14 0.03 0.0 M 1.9 14 300 M M 7 13 23 300
6 89 71 80 -1 0 15 1.08 0.0 0 3.6 18 160 M M 4 1238 24 160
7 79 73 76 -5 0 11 2.89 M M 8.5 26 110 M M 9 1 42 110
8 91 73 82 1 0 17 0.01 0.0 M 2.2 10 190 M M 5 16 200
9 90 72 81 0 0 16 0.01 0.0 0 2.3 17 230 M M 3 13 22 210
10 91 70 81 0 0 16 0.64 0.0 0 1.8 12 290 M M 3 13 21 290
11 93 71 82 1 0 17 0.00 0.0 0 3.2 10 180 M M 3 12 15 210
12 92 69 81 0 0 16 0.42 0.0 0 3.8 22 180 M M 2 138 28 190
13 93 67 80 -1 0 15 0.00 0.0 0 3.6 14 130 M M 2 3 19 130
14 93 71 82 1 0 17 0.07 0.0 0 3.5 20 140 M M 3 3 24 130
15 93 73 83 2 0 18 0.00 M M 2.7 12 170 M M 1 13 19 160
16 94 73 84 3 0 19 0.00 M M 2.3 9 180 M M 1 12 150
17 95 73 84 3 0 19 0.00 M M 1.8 10 200 M M 2 1 16 190
18 93 73 83 2 0 18 0.04 0.0 0 3.0 21 180 M M 1 13 23 190
19 88 73 81 0 0 16 0.11 0.0 0 2.5 12 190 M M 3 13 21 220
20 90 73 82 1 0 17 0.58 0.0 0 4.8 14 220 M M 5 123 23 220
21 89 72 81 0 0 16 0.57 0.0 0 2.9 15 200 M M 2 123 22 200
22 94 75 85 4 0 20 0.18 0.0 M 1.3 10 20 M M 3 13 13 20
23 91 73 82 1 0 17 0.15 0.0 0 1.7 17 360 M M 4 13 23 360
24 92 70 81 0 0 16 0.00 0.0 0 4.6 12 30 M M 5 12 16 20
25 92 67 80 -1 0 15 0.00 0.0 0 3.5 14 10 M M 0 1 18 20
26 92 71 82 0 0 17 0.00 0.0 M 3.5 15 20 M M 2 1 19 360
27 86 75 81 -1 0 16 2.01 0.0 0 2.3 14 180 M M 5 1238 17 260
28 92 73 83 1 0 18 0.08 0.0 M 1.0 20 360 M M 3 138 26 10
29 94 72 83 1 0 18 0.21 0.0 M 1.8 28 180 M M 2 13 35 170
30 96 73 85 3 0 20 0.00 0.0 M 2.7 10 180 M M 2 12 13 170
31 97 74 86 4 0 21 0.49 0.0 0 4.0 24 360 M M 3 13 31 360
================================================================================
SM 2824 2230 0 519 11.31 0.0 89.4 M 113
================================================================================
AV 91.1 71.9 2.9 FASTST M M 4 MAX(MPH)
MISC ----> 28 180 42 110
================================================================================
NOTES:
# LAST OF SEVERAL OCCURRENCES
COLUMN 17 PEAK WIND IN M.P.H.
PRELIMINARY LOCAL CLIMATOLOGICAL DATA (WS FORM: F-6) , PAGE 2
STATION: VALDOSTA
MONTH: JULY
YEAR: 2021
LATITUDE: 30 46 N
LONGITUDE: 83 17 W
[TEMPERATURE DATA] [PRECIPITATION DATA] SYMBOLS USED IN COLUMN 16
AVERAGE MONTHLY: 81.5 TOTAL FOR MONTH: 11.31 1 = FOG OR MIST
DPTR FM NORMAL: 0.4 DPTR FM NORMAL: 5.98 2 = FOG REDUCING VISIBILITY
HIGHEST: 97 ON 31 GRTST 24HR 3.76 ON 6- 7 TO 1/4 MILE OR LESS
LOWEST: 67 ON 25,13 3 = THUNDER
SNOW, ICE PELLETS, HAIL 4 = ICE PELLETS
TOTAL MONTH: 0.0 INCH 5 = HAIL
GRTST 24HR 0.0 6 = FREEZING RAIN OR DRIZZLE
GRTST DEPTH: 0 7 = DUSTSTORM OR SANDSTORM:
VSBY 1/2 MILE OR LESS
8 = SMOKE OR HAZE
[NO. OF DAYS WITH] [WEATHER - DAYS WITH] 9 = BLOWING SNOW
X = TORNADO
MAX 32 OR BELOW: 0 0.01 INCH OR MORE: 21
MAX 90 OR ABOVE: 23 0.10 INCH OR MORE: 15
MIN 32 OR BELOW: 0 0.50 INCH OR MORE: 8
MIN 0 OR BELOW: 0 1.00 INCH OR MORE: 3
[HDD (BASE 65) ]
TOTAL THIS MO. 0 CLEAR (SCALE 0-3) 18
DPTR FM NORMAL 0 PTCLDY (SCALE 4-7) 12
TOTAL FM JUL 1 0 CLOUDY (SCALE 8-10) 1
DPTR FM NORMAL 0
[CDD (BASE 65) ]
TOTAL THIS MO. 519
DPTR FM NORMAL 20 [PRESSURE DATA]
TOTAL FM JAN 1 1478 HIGHEST SLP 30.30 ON 14
DPTR FM NORMAL 140 LOWEST SLP 29.73 ON 7
[REMARKS]
#FINAL-07-21#