000
CXUS56 KLOX 011255
CF6VNY
PRELIMINARY LOCAL CLIMATOLOGICAL DATA (WS FORM: F-6)
STATION: VAN NUYS AIRPORT CA
MONTH: JANUARY
YEAR: 2023
LATITUDE: 34 13 N
LONGITUDE: 118 29 W
TEMPERATURE IN F: :PCPN: SNOW: WIND :SUNSHINE: SKY :PK WND
================================================================================
1 2 3 4 5 6A 6B 7 8 9 10 11 12 13 14 15 16 17 18
12Z AVG MX 2MIN
DY MAX MIN AVG DEP HDD CDD WTR SNW DPTH SPD SPD DIR MIN PSBL S-S WX SPD DR
================================================================================
1 60 49 55 -2 10 0 0.17 M M 5.9 18 340 M M 5 8 25 340
2 56 45 51 -6 14 0 0.04 M M 3.5 14 330 M M 4 18 340
3 58 50 54 -3 11 0 0.09 M M 5.8 13 110 M M 10 18 18 110
4 61 57 59 2 6 0 0.96 M M 9.7 20 150 M M 10 1 26 150
5 63 47 55 -2 10 0 2.11 M M 7.9 21 150 M M 7 1 28 130
6 69 41 55 -2 10 0 0.00 M M 2.3 15 360 M M 0 1 19 340
7 68 45 57 0 8 0 0.00 M M 1.3 9 360 M M 0 12 10
8 66 45 56 -1 9 0 0.00 M M 2.5 16 160 M M 7 23 150
9 59 52 56 -1 9 0 2.66 M M 9.3 21 160 M M 10 138 26 150
10 60 50 55 -2 10 0 0.23 M M 6.4 17 110 M M 6 1 23 20
11 62 44 53 -4 12 0 0.00 M M 0.9 7 200 M M 2 11 290
12 67 51 59 2 6 0 0.00 M M 9.5 17 350 M M 0 23 350
13 67 47 57 0 8 0 0.00 M M 1.1 8 130 M M 0 10 270
14 55 51 53 -4 12 0 1.23 M M 3.7 13 110 M M 8 1 16 120
15 59 48 54 -3 11 0 0.45 M M 4.6 16 120 M M 7 1 21 140
16 59 45 52 -5 13 0 0.25 M M 6.9 23 110 M M 7 1 29 110
17 59 40 50 -7 15 0 0.00 M M 7.2 17 340 M M 0 23 350
18 62 38 50 -7 15 0 0.00 M M M M M M M 0 M M
19 59 39 49 -8 16 0 0.01 M M M M M M M 3 M M
20 64 43 54 -3 11 0 0.00 M M 9.0 M M M M 0 M M
21 67 41 54 -3 11 0 0.00 M M 5.7 17 10 M M 0 24 20
22 66 36 51 -6 14 0 0.00 M M 8.4 24 340 M M 0 31 340
23 66 47 57 0 8 0 0.00 M M 11.5 24 20 M M 0 32 10
24 72 42 57 0 8 0 0.00 M M 3.2 14 10 M M 0 19 20
25 74 40 57 0 8 0 0.00 M M 6.5 25 10 M M 0 32 10
26 70 53 62 5 3 0 0.00 M M 17.1 30 10 M M 0 39 10
27 72 42 57 0 8 0 0.00 M M 2.4 13 150 M M 0 14 160
28 65 40 53 -4 12 0 0.00 M M 3.4 13 160 M M 2 14 160
29 57 48 53 -4 12 0 0.25 M M 7.1 16 180 M M 10 1 22 170
30 59 47 53 -4 12 0 0.21 M M 6.3 20 350 M M 7 1 25 340
31 63 50 57 0 8 0 0.00 M M 15.8 32 10 M M 0 41 10
================================================================================
SM 1964 1413 320 0 8.66 M 184.9 M 105
================================================================================
AV 63.4 45.6 6.4 FASTST M M 3 MAX(MPH)
MISC ----> 32 10 41 10
================================================================================
NOTES:
# LAST OF SEVERAL OCCURRENCES
COLUMN 17 PEAK WIND IN M.P.H.
PRELIMINARY LOCAL CLIMATOLOGICAL DATA (WS FORM: F-6) , PAGE 2
STATION: VAN NUYS AIRPORT CA
MONTH: JANUARY
YEAR: 2023
LATITUDE: 34 13 N
LONGITUDE: 118 29 W
[TEMPERATURE DATA] [PRECIPITATION DATA] SYMBOLS USED IN COLUMN 16
AVERAGE MONTHLY: 54.5 TOTAL FOR MONTH: 8.66 1 = FOG OR MIST
DPTR FM NORMAL: -2.7 DPTR FM NORMAL: 5.91 2 = FOG REDUCING VISIBILITY
HIGHEST: 74 ON 25 GRTST 24HR 2.66 ON 9- 9 TO 1/4 MILE OR LESS
LOWEST: 36 ON 22 3 = THUNDER
SNOW, ICE PELLETS, HAIL 4 = ICE PELLETS
TOTAL MONTH: M 5 = HAIL
GRTST 24HR M ON M 6 = FREEZING RAIN OR DRIZZLE
GRTST DEPTH: M ON M 7 = DUSTSTORM OR SANDSTORM:
VSBY 1/2 MILE OR LESS
8 = SMOKE OR HAZE
[NO. OF DAYS WITH] [WEATHER - DAYS WITH] 9 = BLOWING SNOW
X = TORNADO
MAX 32 OR BELOW: 0 0.01 INCH OR MORE: 13
MAX 90 OR ABOVE: 0 0.10 INCH OR MORE: 10
MIN 32 OR BELOW: 0 0.50 INCH OR MORE: 4
MIN 0 OR BELOW: 0 1.00 INCH OR MORE: 3
[HDD (BASE 65) ]
TOTAL THIS MO. 320 CLEAR (SCALE 0-3) 18
DPTR FM NORMAL 66 PTCLDY (SCALE 4-7) 9
TOTAL FM JUL 1 736 CLOUDY (SCALE 8-10) 4
DPTR FM NORMAL 52
[CDD (BASE 65) ]
TOTAL THIS MO. 0
DPTR FM NORMAL -10 [PRESSURE DATA]
TOTAL FM JAN 1 0 HIGHEST SLP M ON M
DPTR FM NORMAL -10 LOWEST SLP 29.63 ON 16
[REMARKS]
#FINAL-01-23#