000
CXUS52 KFFC 011010
CF6VPC
PRELIMINARY LOCAL CLIMATOLOGICAL DATA (WS FORM: F-6)
STATION: CARTERSVILLE
MONTH: JULY
YEAR: 2020
LATITUDE: 34 7 N
LONGITUDE: 84 51 W
TEMPERATURE IN F: :PCPN: SNOW: WIND :SUNSHINE: SKY :PK WND
================================================================================
1 2 3 4 5 6A 6B 7 8 9 10 11 12 13 14 15 16 17 18
12Z AVG MX 2MIN
DY MAX MIN AVG DEP HDD CDD WTR SNW DPTH SPD SPD DIR MIN PSBL S-S WX SPD DR
================================================================================
1 84 68 76 -1 0 11 T 0.0 M 1.4 9 340 M M 3 14 350
2 92 68 80 2 0 15 0.00 0.0 M 2.2 10 30 M M 1 13 20
3 94 71 83 5 0 18 0.17 0.0 M 2.3 20 160 M M 3 13 27 150
4 94 71 83 5 0 18 0.15 M M 2.4 15 160 M M 3 138 22 150
5 93 71 82 4 0 17 0.00 M M 1.8 10 160 M M 0 18 15 160
6 83 69 76 -2 0 11 0.06 M M 4.0 13 40 M M 5 18 30
7 89 74 82 4 0 17 0.10 M M 2.1 16 20 M M 7 3 20 20
8 89 71 80 2 0 15 0.00 M M 1.0 10 60 M M 4 3 12 60
9 93 70 82 4 0 17 0.15 M M 2.3 16 160 M M 4 13 23 160
10 95 71 83 5 0 18 T 0.0 M 1.4 7 340 M M 3 3 12 250
11 92 69 81 3 0 16 0.00 0.0 M 2.9 14 340 M M 0 20 10
12 87 65 76 -2 0 11 0.01 M M 1.8 17 170 M M 0 22 160
13 93 67 80 2 0 15 0.00 M M 0.7 9 340 M M 5 12 16 340
14 95 67 81 3 0 16 0.00 M M 1.6 10 180 M M 0 1 15 190
15 96 70 83 5 0 18 0.00 M M 2.3 15 160 M M 3 3 23 150
16 95 70 83 5 0 18 0.00 M M 2.4 14 170 M M 0 1 17 200
17 97 73 85 6 0 20 0.00 M M 2.4 10 10 M M 1 13 14 360
18 97 74 86 7 0 21 0.09 M M 1.2 10 160 M M 3 3 14 330
19 97 72 85 6 0 20 0.00 M M 1.5 9 170 M M 1 13 13 20
20 99 71 85 6 0 20 0.00 M M 1.4 9 350 M M 1 18 12 10
21 98 72 85 6 0 20 0.53 M M 1.9 14 180 M M 2 138 18 20
22 92 73 83 4 0 18 0.00 M M 1.8 10 180 M M 2 3 17 210
23 94 71 83 4 0 18 0.00 M M 2.9 21 170 M M 1 1 27 170
24 91 70 81 2 0 16 T M M 1.5 12 10 M M 1 3 16 30
25 94 71 83 4 0 18 0.08 M M 2.4 13 150 M M 2 13 17 150
26 93 69 81 2 0 16 0.00 M M 0.9 8 360 M M 3 12 11 360
27 96 71 84 5 0 19 0.04 M M 1.8 16 180 M M 2 3 22 180
28 93 70 82 3 0 17 0.05 M M 1.9 16 40 M M 1 3 22 40
29 89 73 81 2 0 16 0.07 M M 1.4 10 170 M M 6 1 13 190
30 91 76 84 5 0 19 T M M 3.0 9 200 M M 6 17 200
31 96 74 85 6 0 20 0.00 M M 3.2 14 180 M M 2 20 170
================================================================================
SM 2881 2192 0 529 1.50 0.0 61.8 M 75
================================================================================
AV 92.9 70.7 2.0 FASTST M M 2 MAX(MPH)
MISC ----> 21 170 # 27 150
================================================================================
NOTES:
# LAST OF SEVERAL OCCURRENCES
COLUMN 17 PEAK WIND IN M.P.H.
PRELIMINARY LOCAL CLIMATOLOGICAL DATA (WS FORM: F-6) , PAGE 2
STATION: CARTERSVILLE
MONTH: JULY
YEAR: 2020
LATITUDE: 34 7 N
LONGITUDE: 84 51 W
[TEMPERATURE DATA] [PRECIPITATION DATA] SYMBOLS USED IN COLUMN 16
AVERAGE MONTHLY: 81.8 TOTAL FOR MONTH: 1.50 1 = FOG OR MIST
DPTR FM NORMAL: 3.4 DPTR FM NORMAL: -3.16 2 = FOG REDUCING VISIBILITY
HIGHEST: 99 ON 20 GRTST 24HR 0.53 ON 21-21 TO 1/4 MILE OR LESS
LOWEST: 65 ON 12 3 = THUNDER
SNOW, ICE PELLETS, HAIL 4 = ICE PELLETS
TOTAL MONTH: 0.0 INCH 5 = HAIL
GRTST 24HR 0.0 6 = FREEZING RAIN OR DRIZZLE
GRTST DEPTH: M ON M 7 = DUSTSTORM OR SANDSTORM:
VSBY 1/2 MILE OR LESS
8 = SMOKE OR HAZE
[NO. OF DAYS WITH] [WEATHER - DAYS WITH] 9 = BLOWING SNOW
X = TORNADO
MAX 32 OR BELOW: 0 0.01 INCH OR MORE: 12
MAX 90 OR ABOVE: 25 0.10 INCH OR MORE: 5
MIN 32 OR BELOW: 0 0.50 INCH OR MORE: 1
MIN 0 OR BELOW: 0 1.00 INCH OR MORE: 0
[HDD (BASE 65) ]
TOTAL THIS MO. 0 CLEAR (SCALE 0-3) 22
DPTR FM NORMAL 0 PTCLDY (SCALE 4-7) 9
TOTAL FM JUL 1 0 CLOUDY (SCALE 8-10) 0
DPTR FM NORMAL 0
[CDD (BASE 65) ]
TOTAL THIS MO. 529
DPTR FM NORMAL 117 [PRESSURE DATA]
TOTAL FM JAN 1 1081 HIGHEST SLP 30.20 ON 24
DPTR FM NORMAL 225 LOWEST SLP 29.74 ON 12
[REMARKS]
#FINAL-07-20#