000
CXUS52 KMLB 011601
CF6VRB
PRELIMINARY LOCAL CLIMATOLOGICAL DATA (WS FORM: F-6)
STATION: VERO BEACH
MONTH: NOVEMBER
YEAR: 2023
LATITUDE: 27 39 N
LONGITUDE: 80 25 W
TEMPERATURE IN F: :PCPN: SNOW: WIND :SUNSHINE: SKY :PK WND
================================================================================
1 2 3 4 5 6A 6B 7 8 9 10 11 12 13 14 15 16 17 18
12Z AVG MX 2MIN
DY MAX MIN AVG DEP HDD CDD WTR SNW DPTH SPD SPD DIR MIN PSBL S-S WX SPD DR
================================================================================
1 79 65 72 -1 0 7 0.00 0.0 0 15.1 25 350 M M 6 1 39 350
2 80 68 74 1 0 9 0.00 0.0 0 15.5 23 60 M M 5 34 50
3 82 72 77 4 0 12 T 0.0 0 12.8 22 70 M M 5 27 90
4 80 65 73 1 0 8 0.02 0.0 0 13.7 28 340 M M 5 1 40 340
5 79 57 68 -4 0 3 0.00 0.0 0 11.0 21 350 M M 1 28 20
6 83 55 69 -3 0 4 0.00 0.0 0 8.1 15 350 M M 0 8 21 10
7 83 64 74 2 0 9 0.00 0.0 0 6.8 15 360 M M 1 1 20 350
8 82 62 72 0 0 7 T 0.0 0 4.0 12 30 M M 3 1 18 60
9 83 60 72 1 0 7 0.00 0.0 0 4.8 13 60 M M 3 1 20 50
10 86 66 76 5 0 11 T 0.0 0 4.7 14 120 M M 2 1 18 130
11 85 68 77 6 0 12 0.00 0.0 0 5.3 14 100 M M 4 12 19 100
12 83 69 76 5 0 11 0.00 0.0 0 8.5 21 20 M M 5 1 29 10
13 85 72 79 8 0 14 0.09 0.0 0 8.7 18 40 M M 8 18 25 30
14 80 71 76 6 0 11 0.17 0.0 0 16.3 25 90 M M 9 18 37 90
15 77 70 74 4 0 9 0.72 0.0 0 17.1 30 90 M M 10 18 44 80
16 79 72 76 6 0 11 0.72 0.0 0 19.7 30 80 M M 10 138 45 110
17 83 69 76 6 0 11 1.35 0.0 0 9.5 22 80 M M 7 128 32 90
18 78 66 72 2 0 7 0.00 0.0 0 10.1 16 310 M M 7 1 27 320
19 81 64 73 3 0 8 0.00 0.0 0 7.7 16 350 M M 1 12 23 350
20 80 63 72 3 0 7 T 0.0 0 5.9 16 120 M M 6 12 22 120
21 82 72 77 8 0 12 0.00 0.0 0 11.9 21 150 M M 2 28 130
22 85 67 76 7 0 11 0.00 0.0 0 8.4 20 200 M M 3 1 25 210
23 74 60 67 -2 0 2 0.00 0.0 0 6.6 14 330 M M 3 18 330
24 73 58 66 -3 0 1 0.00 0.0 0 5.8 16 350 M M 3 21 350
25 79 62 71 2 0 6 0.00 0.0 0 8.1 15 10 M M 8 21 360
26 86 72 79 10 0 14 0.05 0.0 0 6.8 21 250 M M 8 1 26 250
27 74 56 65 -3 0 0 0.00 0.0 0 8.3 15 300 M M 4 23 300
28 67 51 59 -9 6 0 0.00 0.0 0 8.8 16 350 M M 0 21 340
29 72 49 61 -7 4 0 0.00 0.0 0 9.4 16 10 M M 0 23 350
30 78 54 66 -2 0 1 0.00 0.0 0 5.9 16 120 M M 1 22 130
================================================================================
SM 2398 1919 10 225 3.12 0.0 285.3 M 130
================================================================================
AV 79.9 64.0 9.5 FASTST M M 4 MAX(MPH)
MISC ----> # 30 90 45 110
================================================================================
NOTES:
# LAST OF SEVERAL OCCURRENCES
COLUMN 17 PEAK WIND IN M.P.H.
PRELIMINARY LOCAL CLIMATOLOGICAL DATA (WS FORM: F-6) , PAGE 2
STATION: VERO BEACH
MONTH: NOVEMBER
YEAR: 2023
LATITUDE: 27 39 N
LONGITUDE: 80 25 W
[TEMPERATURE DATA] [PRECIPITATION DATA] SYMBOLS USED IN COLUMN 16
AVERAGE MONTHLY: 72.0 TOTAL FOR MONTH: 3.12 1 = FOG OR MIST
DPTR FM NORMAL: 1.6 DPTR FM NORMAL: 0.21 2 = FOG REDUCING VISIBILITY
HIGHEST: 86 ON 26,10 GRTST 24HR 2.00 ON 16-17 TO 1/4 MILE OR LESS
LOWEST: 49 ON 29 3 = THUNDER
SNOW, ICE PELLETS, HAIL 4 = ICE PELLETS
TOTAL MONTH: 0.0 INCH 5 = HAIL
GRTST 24HR 0.0 6 = FREEZING RAIN OR DRIZZLE
GRTST DEPTH: 0 7 = DUSTSTORM OR SANDSTORM:
VSBY 1/2 MILE OR LESS
8 = SMOKE OR HAZE
[NO. OF DAYS WITH] [WEATHER - DAYS WITH] 9 = BLOWING SNOW
X = TORNADO
MAX 32 OR BELOW: 0 0.01 INCH OR MORE: 7
MAX 90 OR ABOVE: 0 0.10 INCH OR MORE: 4
MIN 32 OR BELOW: 0 0.50 INCH OR MORE: 3
MIN 0 OR BELOW: 0 1.00 INCH OR MORE: 1
[HDD (BASE 65) ]
TOTAL THIS MO. 10 CLEAR (SCALE 0-3) 12
DPTR FM NORMAL -17 PTCLDY (SCALE 4-7) 13
TOTAL FM JUL 1 10 CLOUDY (SCALE 8-10) 5
DPTR FM NORMAL -17
[CDD (BASE 65) ]
TOTAL THIS MO. 225
DPTR FM NORMAL 38 [PRESSURE DATA]
TOTAL FM JAN 1 4024 HIGHEST SLP 30.22 ON 2
DPTR FM NORMAL 581 LOWEST SLP 29.70 ON 17
[REMARKS]
#FINAL-11-23#