000
CXUS52 KMLB 010625
CF6VRB
PRELIMINARY LOCAL CLIMATOLOGICAL DATA (WS FORM: F-6)
STATION: VERO BEACH
MONTH: SEPTEMBER
YEAR: 2023
LATITUDE: 27 39 N
LONGITUDE: 80 25 W
TEMPERATURE IN F: :PCPN: SNOW: WIND :SUNSHINE: SKY :PK WND
================================================================================
1 2 3 4 5 6A 6B 7 8 9 10 11 12 13 14 15 16 17 18
12Z AVG MX 2MIN
DY MAX MIN AVG DEP HDD CDD WTR SNW DPTH SPD SPD DIR MIN PSBL S-S WX SPD DR
================================================================================
1 89 78 84 2 0 19 0.00 0.0 0 6.0 16 80 M M 3 1 23 100
2 89 79 84 2 0 19 T 0.0 0 10.1 17 50 M M 4 24 20
3 88 78 83 1 0 18 0.03 0.0 0 8.7 17 50 M M 4 24 50
4 88 73 81 -1 0 16 0.00 0.0 0 8.9 16 80 M M 2 27 70
5 88 70 79 -3 0 14 0.00 0.0 0 5.0 14 70 M M 1 19 60
6 89 69 79 -3 0 14 0.00 0.0 0 4.4 12 110 M M 1 19 100
7 93 70 82 1 0 17 0.00 0.0 0 6.4 13 130 M M 1 18 60
8 90 70 80 -1 0 15 0.18 0.0 0 6.0 30 290 M M 3 13 42 300
9 89 70 80 -1 0 15 T 0.0 0 4.2 14 120 M M 1 13 19 120
10 90 73 82 1 0 17 0.00 0.0 0 5.0 13 80 M M 2 1 19 50
11 91 73 82 1 0 17 0.00 0.0 0 4.9 15 60 M M 2 1 21 30
12 92 75 84 3 0 19 0.00 0.0 0 6.1 14 60 M M 1 1 19 60
13 93 75 84 3 0 19 0.01 0.0 0 5.4 16 70 M M 1 3 20 60
14 91 74 83 2 0 18 0.00 0.0 0 5.4 14 60 M M 2 20 50
15 91 75 83 2 0 18 0.86 0.0 0 5.7 15 70 M M 3 13 20 70
16 90 74 82 1 0 17 T 0.0 0 5.1 13 120 M M 4 13 20 120
17 93 75 84 3 0 19 0.00 0.0 0 4.6 10 240 M M 2 13 17 220
18 90 75 83 2 0 18 0.00 0.0 0 7.6 16 30 M M 2 1 22 50
19 88 74 81 0 0 16 2.40 0.0 0 9.0 24 130 M M 7 123 29 130
20 89 73 81 0 0 16 0.02 0.0 0 6.5 26 10 M M 4 13 39 20
21 87 73 80 -1 0 15 0.00 0.0 0 5.9 14 30 M M 2 18 30
22 87 70 79 -2 0 14 T 0.0 0 9.2 20 360 M M 1 29 30
23 86 67 77 -3 0 12 0.00 0.0 0 5.0 13 60 M M 0 18 50
24 88 69 79 -1 0 14 0.00 0.0 0 6.3 16 70 M M 1 21 80
25 90 72 81 1 0 16 0.07 0.0 0 6.6 18 120 M M 2 13 33 110
26 88 73 81 1 0 16 1.18 0.0 0 3.5 25 140 M M 3 1238 34 120
27 86 76 81 1 0 16 0.00 0.0 0 3.7 16 110 M M 6 3 21 110
28 89 76 83 3 0 18 0.01 0.0 0 4.1 13 40 M M 6 16 30
29 90 74 82 2 0 17 2.41 0.0 0 4.0 20 160 M M 5 13 24 160
30 89 76 83 3 0 18 0.56 0.0 0 3.6 16 100 M M 4 13 22 100
================================================================================
SM 2681 2199 0 497 7.73 0.0 176.9 M 80
================================================================================
AV 89.4 73.3 5.9 FASTST M M 3 MAX(MPH)
MISC ----> 30 290 42 300
================================================================================
NOTES:
# LAST OF SEVERAL OCCURRENCES
COLUMN 17 PEAK WIND IN M.P.H.
PRELIMINARY LOCAL CLIMATOLOGICAL DATA (WS FORM: F-6) , PAGE 2
STATION: VERO BEACH
MONTH: SEPTEMBER
YEAR: 2023
LATITUDE: 27 39 N
LONGITUDE: 80 25 W
[TEMPERATURE DATA] [PRECIPITATION DATA] SYMBOLS USED IN COLUMN 16
AVERAGE MONTHLY: 81.3 TOTAL FOR MONTH: 7.73 1 = FOG OR MIST
DPTR FM NORMAL: 0.4 DPTR FM NORMAL: 0.69 2 = FOG REDUCING VISIBILITY
HIGHEST: 93 ON 17,13 GRTST 24HR 2.44 ON 29-30 TO 1/4 MILE OR LESS
LOWEST: 67 ON 23 3 = THUNDER
SNOW, ICE PELLETS, HAIL 4 = ICE PELLETS
TOTAL MONTH: 0.0 INCH 5 = HAIL
GRTST 24HR 0.0 6 = FREEZING RAIN OR DRIZZLE
GRTST DEPTH: 0 7 = DUSTSTORM OR SANDSTORM:
VSBY 1/2 MILE OR LESS
8 = SMOKE OR HAZE
[NO. OF DAYS WITH] [WEATHER - DAYS WITH] 9 = BLOWING SNOW
X = TORNADO
MAX 32 OR BELOW: 0 0.01 INCH OR MORE: 11
MAX 90 OR ABOVE: 13 0.10 INCH OR MORE: 6
MIN 32 OR BELOW: 0 0.50 INCH OR MORE: 5
MIN 0 OR BELOW: 0 1.00 INCH OR MORE: 3
[HDD (BASE 65) ]
TOTAL THIS MO. 0 CLEAR (SCALE 0-3) 20
DPTR FM NORMAL 0 PTCLDY (SCALE 4-7) 10
TOTAL FM JUL 1 0 CLOUDY (SCALE 8-10) 0
DPTR FM NORMAL 0
[CDD (BASE 65) ]
TOTAL THIS MO. 497
DPTR FM NORMAL 20 [PRESSURE DATA]
TOTAL FM JAN 1 3410 HIGHEST SLP M ON M
DPTR FM NORMAL 526 LOWEST SLP 29.84 ON 14
[REMARKS]
#FINAL-09-23#