000
CXUS56 KPQR 011201
CF6VUO
PRELIMINARY LOCAL CLIMATOLOGICAL DATA (WS FORM: F-6)
STATION: VANCOUVER WA
MONTH: AUGUST
YEAR: 2023
LATITUDE: 45 37 N
LONGITUDE: 122 39 W
TEMPERATURE IN F: :PCPN: SNOW: WIND :SUNSHINE: SKY :PK WND
================================================================================
1 2 3 4 5 6A 6B 7 8 9 10 11 12 13 14 15 16 17 18
12Z AVG MX 2MIN
DY MAX MIN AVG DEP HDD CDD WTR SNW DPTH SPD SPD DIR MIN PSBL S-S WX SPD DR
================================================================================
1 89 58 74 4 0 9 0.00 M M 6.0 15 280 M M 0 23 290
2 89 56 73 3 0 8 0.00 M M 5.5 13 360 M M 0 19 320
3 88 60 74 4 0 9 0.00 M M 5.8 13 290 M M 1 19 300
4 84 62 73 3 0 8 0.00 M M 4.5 13 320 M M 1 17 330
5 83 68 76 6 0 11 T M M 4.2 13 320 M M 6 17 310
6 82 66 74 4 0 9 0.01 M M 4.9 12 300 M M 4 16 290
7 84 66 75 5 0 10 0.00 M M 4.9 14 310 M M 5 20 320
8 86 63 75 5 0 10 0.00 M M 5.3 13 260 M M 2 16 280
9 84 60 72 2 0 7 0.00 M M 3.6 13 350 M M 3 18 350
10 79 63 71 1 0 6 0.00 M M 6.2 15 300 M M 5 21 300
11 86 57 72 2 0 7 0.00 M M 4.0 13 280 M M 0 19 310
12 90 59 75 5 0 10 0.00 M M 7.0 18 300 M M 0 26 300
13 100 67 84 14 0 19 0.00 M M 6.4 15 310 M M 0 21 310
14 108 65 87 17 0 22 0.00 M M 5.8 16 310 M M 0 22 320
15 102 68 85 15 0 20 0.00 M M 2.5 9 290 M M 0 8 13 350
16 102 69 86 16 0 21 0.00 M M 4.7 10 310 M M 0 14 310
17 91 65 78 8 0 13 0.00 M M 4.9 12 350 M M 0 18 340
18 82 60 71 2 0 6 0.00 M M 5.6 14 320 M M 0 20 10
19 88 53 71 2 0 6 0.00 M M 6.6 16 310 M M 3 23 320
20 87 55 71 2 0 6 0.00 M M 5.6 14 340 M M 10 8 22 360
21 82 58 70 1 0 5 0.00 M M 6.8 14 320 M M 3 20 320
22 77 59 68 -1 0 3 0.00 M M 3.0 10 300 M M 5 14 300
23 79 57 68 -1 0 3 0.00 M M 5.4 14 310 M M 1 20 270
24 92 55 74 5 0 9 T M M 4.5 15 290 M M 0 3 21 220
25 93 65 79 11 0 14 0.08 M M 5.6 13 320 M M 1 38 18 90
26 94 62 78 10 0 13 0.00 M M 3.0 8 270 M M 0 11 280
27 87 63 75 7 0 10 0.00 M M 3.6 9 330 M M 1 14 340
28 71 64 68 0 0 3 T M M 3.9 9 330 M M 9 18 14 250
29 75 60 68 0 0 3 0.01 M M 3.3 12 30 M M 9 1 16 20
30 80 62 71 3 0 6 0.00 M M 2.7 9 350 M M 7 14 340
31 66 62 64 -4 1 0 0.59 M M 2.6 9 130 M M 8 1 11 130
================================================================================
SM 2680 1907 1 286 0.69 M 148.4 M 84
================================================================================
AV 86.5 61.5 4.8 FASTST M M 3 MAX(MPH)
MISC ----> 18 300 26 300
================================================================================
NOTES:
# LAST OF SEVERAL OCCURRENCES
COLUMN 17 PEAK WIND IN M.P.H.
PRELIMINARY LOCAL CLIMATOLOGICAL DATA (WS FORM: F-6) , PAGE 2
STATION: VANCOUVER WA
MONTH: AUGUST
YEAR: 2023
LATITUDE: 45 37 N
LONGITUDE: 122 39 W
[TEMPERATURE DATA] [PRECIPITATION DATA] SYMBOLS USED IN COLUMN 16
AVERAGE MONTHLY: 74.0 TOTAL FOR MONTH: 0.69 1 = FOG OR MIST
DPTR FM NORMAL: 4.6 DPTR FM NORMAL: 0.17 2 = FOG REDUCING VISIBILITY
HIGHEST: 108 ON 14 GRTST 24HR 0.59 ON 31-31 TO 1/4 MILE OR LESS
LOWEST: 53 ON 19 3 = THUNDER
SNOW, ICE PELLETS, HAIL 4 = ICE PELLETS
TOTAL MONTH: M 5 = HAIL
GRTST 24HR M ON M 6 = FREEZING RAIN OR DRIZZLE
GRTST DEPTH: M ON M 7 = DUSTSTORM OR SANDSTORM:
VSBY 1/2 MILE OR LESS
8 = SMOKE OR HAZE
[NO. OF DAYS WITH] [WEATHER - DAYS WITH] 9 = BLOWING SNOW
X = TORNADO
MAX 32 OR BELOW: 0 0.01 INCH OR MORE: 4
MAX 90 OR ABOVE: 9 0.10 INCH OR MORE: 1
MIN 32 OR BELOW: 0 0.50 INCH OR MORE: 1
MIN 0 OR BELOW: 0 1.00 INCH OR MORE: 0
[HDD (BASE 65) ]
TOTAL THIS MO. 1 CLEAR (SCALE 0-3) 20
DPTR FM NORMAL -12 PTCLDY (SCALE 4-7) 8
TOTAL FM JUL 1 1 CLOUDY (SCALE 8-10) 3
DPTR FM NORMAL -21
[CDD (BASE 65) ]
TOTAL THIS MO. 286
DPTR FM NORMAL 137 [PRESSURE DATA]
TOTAL FM JAN 1 652 HIGHEST SLP 30.25 ON 6
DPTR FM NORMAL 306 LOWEST SLP 29.74 ON 17
[REMARKS]
#FINAL-08-23#