000
CXUS56 KPQR 011547
CLMVUO
CLIMATE REPORT
NATIONAL WEATHER SERVICE PORTLAND OREGON
847 AM PDT THU JUN 01 2023
...................................
...THE VANCOUVER WA CLIMATE SUMMARY FOR THE MONTH OF MAY 2023...
CLIMATE NORMAL PERIOD 1991 TO 2020
CLIMATE RECORD PERIOD 1891 TO 2023
WEATHER OBSERVED NORMAL DEPART LAST YEAR`S
VALUE DATE(S) VALUE FROM VALUE DATE(S)
NORMAL
................................................................
TEMPERATURE (F)
HIGHEST 93 77 05/31
LOWEST 42 35 05/13
AVG. MAXIMUM 74.5 68.3 6.2 64.3
AVG. MINIMUM 50.9 48.2 2.7 47.0
MEAN 62.7 58.3 4.4 55.7
DAYS MAX >= 90 5 0.6 4.4 0
DAYS MAX <= 32 0 0.0 0.0 0
DAYS MIN <= 32 0 0.0 0.0 0
DAYS MIN <= 0 0 0.0 0.0 0
PRECIPITATION (INCHES)
TOTALS 0.94R 4.06
DAYS >= .01 4 19
DAYS >= .10 3 13
DAYS >= .50 0 1
DAYS >= 1.00 0 0
GREATEST
24 HR. TOTAL 0.49 05/04 TO 05/04
DEGREE DAYS
HEATING TOTAL 135 282
SINCE 7/1 4283 MM
COOLING TOTAL 72 0
SINCE 1/1 80 MM
................................................................
WIND (MPH)
AVERAGE WIND SPEED 4.9
RESULTANT WIND SPEED/DIRECTION 4/320
HIGHEST WIND SPEED/DIRECTION 24/080 DATE 05/14
HIGHEST GUST SPEED/DIRECTION 38/080 DATE 05/14
SKY COVER
POSSIBLE SUNSHINE (PERCENT) MM
AVERAGE SKY COVER 0.30
AVERAGE RH (PERCENT) 58
WEATHER CONDITIONS. NUMBER OF DAYS WITH
THUNDERSTORM 1 MIXED PRECIP 0
HEAVY RAIN 0 RAIN 1
LIGHT RAIN 5 FREEZING RAIN 0
LT FREEZING RAIN 0 HAIL 0
HEAVY SNOW 0 SNOW 0
LIGHT SNOW 0 SLEET 0
FOG 0 FOG W/VIS <= 1/4 MILE 0
HAZE 0
- INDICATES NEGATIVE NUMBERS.
R INDICATES RECORD WAS SET OR TIED.
MM INDICATES DATA IS MISSING.
T INDICATES TRACE AMOUNT.
$$