514
CXUS56 KLOX 011655
CF6WJF
PRELIMINARY LOCAL CLIMATOLOGICAL DATA (WS FORM: F-6)
STATION: LANCASTER FOX FIELD CA
MONTH: AUGUST
YEAR: 2020
LATITUDE: 34 43 N
LONGITUDE: 118 13 W
TEMPERATURE IN F: :PCPN: SNOW: WIND :SUNSHINE: SKY :PK WND
================================================================================
1 2 3 4 5 6A 6B 7 8 9 10 11 12 13 14 15 16 17 18
12Z AVG MX 2MIN
DY MAX MIN AVG DEP HDD CDD WTR SNW DPTH SPD SPD DIR MIN PSBL S-S WX SPD DR
================================================================================
1 106 66 86 3 0 21 0.00 0.0 0 13.5 24 270 M M 0 29 260
2 103 75 89 6 0 24 0.00 0.0 0 19.9 35 260 M M 0 8 41 270
3 103 78 91 8 0 26 0.00 0.0 0 22.5 35 280 M M 0 41 280
4 97 73 85 3 0 20 0.00 0.0 0 17.6 26 240 M M 0 34 230
5 93 69 81 -1 0 16 0.00 0.0 0 17.9 26 250 M M 0 35 240
6 88 62 75 -7 0 10 0.00 0.0 0 17.3 26 220 M M 0 8 34 220
7 93 62 78 -4 0 13 0.00 0.0 0 12.1 25 240 M M 0 31 240
8 96 63 80 -2 0 15 0.00 0.0 0 11.9 25 250 M M 0 30 250
9 101 63 82 0 0 17 0.00 0.0 0 9.7 22 260 M M 0 28 220
10 100 62 81 -1 0 16 0.00 0.0 0 12.4 28 240 M M 0 35 240
11 100 72 86 4 0 21 0.00 0.0 0 13.0 25 250 M M 0 29 220
12 104 58 81 -1 0 16 0.00 0.0 0 8.1 22 220 M M 2 26 240
13 102 70 86 4 0 21 T 0.0 0 9.6 29 270 M M 1 8 33 290
14 107 66 87 6 0 22 0.00 0.0 0 6.4 21 250 M M 0 27 240
15 109 68 89 8 0 24 T 0.0 0 5.5 24 270 M M 0 38 29 280
16 111 67 89 8 0 24 0.00 0.0 0 8.2 23 270 M M 0 38 29 210
17 110 74 92 11 0 27 0.00 0.0 0 8.8 22 280 M M 0 8 25 280
18 107 75 91 10 0 26 0.00 0.0 0 7.9 22 280 M M 0 8 27 160
19 109 80 95 14 0 30 0.00 0.0 0 15.1 29 260 M M 0 38 34 260
20 109 81 95 15 0 30 0.00 0.0 0 14.0 25 280 M M 3 8 29 280
21 108 68 88 8 0 23 0.00 0.0 0 8.3 30 250 M M 1 8 36 240
22 100 71 86 6 0 21 0.00 0.0 0 13.7 28 220 M M 0 8 42 220
23 99 74 87 7 0 22 0.00 0.0 0 15.7 25 250 M M 0 32 240
24 101 73 87 7 0 22 0.00 0.0 0 11.1 25 260 M M 0 8 32 270
25 99 72 86 6 0 21 0.00 0.0 0 11.5 23 230 M M 0 28 220
26 100 62 81 2 0 16 0.00 0.0 0 10.8 23 250 M M 0 8 26 220
27 100 66 83 4 0 18 0.00 0.0 0 11.5 26 240 M M 0 33 230
28 98 56 77 -2 0 12 0.00 0.0 0 9.5 23 240 M M 0 29 240
29 98 61 80 1 0 15 0.00 0.0 0 10.9 24 240 M M 0 28 240
30 99 54 77 -2 0 12 0.00 0.0 0 8.1 21 240 M M 0 24 250
31 99 56 78 0 0 13 0.00 0.0 0 11.2 24 260 M M 0 30 250
================================================================================
SM 3149 2097 0 614 T 0.0 373.7 M 7
================================================================================
AV101.6 67.7 12.1 FASTST M M 0 MAX(MPH)
MISC ----> # 35 260 # 42 220
================================================================================
NOTES:
# LAST OF SEVERAL OCCURRENCES
COLUMN 17 PEAK WIND IN M.P.H.
PRELIMINARY LOCAL CLIMATOLOGICAL DATA (WS FORM: F-6) , PAGE 2
STATION: LANCASTER FOX FIELD CA
MONTH: AUGUST
YEAR: 2020
LATITUDE: 34 43 N
LONGITUDE: 118 13 W
[TEMPERATURE DATA] [PRECIPITATION DATA] SYMBOLS USED IN COLUMN 16
AVERAGE MONTHLY: 84.6 TOTAL FOR MONTH: T 1 = FOG OR MIST
DPTR FM NORMAL: 3.7 DPTR FM NORMAL: -0.10 2 = FOG REDUCING VISIBILITY
HIGHEST: 111 ON 16 GRTST 24HR T ON 15-15 TO 1/4 MILE OR LESS
LOWEST: 54 ON 30 3 = THUNDER
SNOW, ICE PELLETS, HAIL 4 = ICE PELLETS
TOTAL MONTH: 0.0 INCH 5 = HAIL
GRTST 24HR 0.0 6 = FREEZING RAIN OR DRIZZLE
GRTST DEPTH: 0 7 = DUSTSTORM OR SANDSTORM:
VSBY 1/2 MILE OR LESS
8 = SMOKE OR HAZE
[NO. OF DAYS WITH] [WEATHER - DAYS WITH] 9 = BLOWING SNOW
X = TORNADO
MAX 32 OR BELOW: 0 0.01 INCH OR MORE: 0
MAX 90 OR ABOVE: 30 0.10 INCH OR MORE: 0
MIN 32 OR BELOW: 0 0.50 INCH OR MORE: 0
MIN 0 OR BELOW: 0 1.00 INCH OR MORE: 0
[HDD (BASE 65) ]
TOTAL THIS MO. 0 CLEAR (SCALE 0-3) 31
DPTR FM NORMAL 0 PTCLDY (SCALE 4-7) 0
TOTAL FM JUL 1 0 CLOUDY (SCALE 8-10) 0
DPTR FM NORMAL 0
[CDD (BASE 65) ]
TOTAL THIS MO. 614
DPTR FM NORMAL 121 [PRESSURE DATA]
TOTAL FM JAN 1 1701 HIGHEST SLP M ON M
DPTR FM NORMAL 142 LOWEST SLP 29.64 ON 20
[REMARKS]
#FINAL-08-20#