000
CXUS56 KLKN 062328
CF6WMC
PRELIMINARY LOCAL CLIMATOLOGICAL DATA (WS FORM: F-6)
STATION: WINNEMUCCA AIRPORT NV
MONTH: NOVEMBER
YEAR: 2023
LATITUDE: 40 54 N
LONGITUDE: 117 48 W
TEMPERATURE IN F: :PCPN: SNOW: WIND :SUNSHINE: SKY :PK WND
================================================================================
1 2 3 4 5 6A 6B 7 8 9 10 11 12 13 14 15 16 17 18
12Z AVG MX 2MIN
DY MAX MIN AVG DEP HDD CDD WTR SNW DPTH SPD SPD DIR MIN PSBL S-S WX SPD DR
================================================================================
1 66 16 41 -3 24 0 0.00 0.0 0 3.6 10 130 M M 0 12 130
2 71 27 49 6 16 0 0.00 0.0 0 4.5 14 230 M M 4 19 250
3 70 31 51 8 14 0 0.00 0.0 0 3.7 10 290 M M 2 15 300
4 73 32 53 11 12 0 T 0.0 0 5.4 17 260 M M 3 24 260
5 68 47 58 16 7 0 0.00 0.0 0 7.0 24 220 M M 4 33 230
6 62 37 50 8 15 0 T 0.0 0 10.6 29 230 M M 5 41 240
7 51 24 38 -4 27 0 0.03 0.0 0 4.8 18 270 M M 4 1 25 260
8 51 15 33 -8 32 0 0.00 0.0 0 3.5 9 140 M M 1 12 60
9 54 10 32 -9 33 0 0.00 0.0 0 3.5 10 170 M M 0 12 60
10 57 21 39 -1 26 0 0.00 0.0 0 3.6 10 300 M M 5 15 280
11 62 17 40 0 25 0 0.00 0.0 0 5.1 14 180 M M 0 18 190
12 61 19 40 0 25 0 0.00 0.0 0 5.4 14 60 M M 0 18 70
13 67 23 45 5 20 0 0.00 0.0 0 5.3 12 150 M M 0 15 150
14 64 19 42 3 23 0 0.00 0.0 0 4.8 10 120 M M M 12 60
15 64 23 44 5 21 0 T 0.0 0 5.8 23 160 M M M 34 160
16 58 31 45 7 20 0 0.18 0.0 0 3.1 20 160 M M M 28 170
17 57 25 41 3 24 0 T 0.0 0 5.5 13 30 M M M 16 30
18 60 30 45 7 20 0 0.06 0.0 0 7.6 18 270 M M M 37 280
19 46 23 35 -2 30 0 0.04 T 0 9.5 31 290 M M M 43 290
20 45 15 30 -7 35 0 0.00 0.0 0 4.0 12 40 M M M 19 30
21 50 18 34 -3 31 0 0.00 0.0 0 4.1 12 60 M M 0 16 80
22 51 15 33 -3 32 0 0.00 0.0 0 3.1 10 280 M M 0 11 270
23 41 31 36 0 29 0 0.19 0.6 0 7.8 21 350 M M 10 1 31 340
24 38 29 34 -2 31 0 0.00 0.0 0 6.9 16 360 M M 10 22 360
25 43 20 32 -3 33 0 0.00 0.0 0 3.0 9 60 M M 3 13 50
26 42 12 27 -8 38 0 0.00 0.0 0 3.9 12 50 M M 0 15 50
27 44 13 29 -6 36 0 0.00 0.0 0 5.7 13 60 M M 0 16 60
28 48 10 29 -5 36 0 0.00 0.0 0 3.3 9 140 M M 0 12 60
29 47 10 29 -5 36 0 0.00 0.0 0 2.3 9 170 M M 1 11 150
30 47 16 32 -2 33 0 0.01 0.0 0 5.8 18 260 M M 7 24 250
================================================================================
SM 1658 659 784 0 0.51 0.6 152.2 M 59
================================================================================
AV 55.3 22.0 5.1 FASTST M M 3 MAX(MPH)
MISC ----> 31 290 43 290
================================================================================
NOTES:
# LAST OF SEVERAL OCCURRENCES
COLUMN 17 PEAK WIND IN M.P.H.
PRELIMINARY LOCAL CLIMATOLOGICAL DATA (WS FORM: F-6) , PAGE 2
STATION: WINNEMUCCA AIRPORT NV
MONTH: NOVEMBER
YEAR: 2023
LATITUDE: 40 54 N
LONGITUDE: 117 48 W
[TEMPERATURE DATA] [PRECIPITATION DATA] SYMBOLS USED IN COLUMN 16
AVERAGE MONTHLY: 38.6 TOTAL FOR MONTH: 0.51 1 = FOG OR MIST
DPTR FM NORMAL: 0.0 DPTR FM NORMAL: -0.25 2 = FOG REDUCING VISIBILITY
HIGHEST: 73 ON 4 GRTST 24HR 0.19 ON 23-23 TO 1/4 MILE OR LESS
LOWEST: 10 ON 29,28 3 = THUNDER
SNOW, ICE PELLETS, HAIL 4 = ICE PELLETS
TOTAL MONTH: 0.6 INCH 5 = HAIL
GRTST 24HR 0.6 ON 23-23 6 = FREEZING RAIN OR DRIZZLE
GRTST DEPTH: 0 7 = DUSTSTORM OR SANDSTORM:
VSBY 1/2 MILE OR LESS
8 = SMOKE OR HAZE
[NO. OF DAYS WITH] [WEATHER - DAYS WITH] 9 = BLOWING SNOW
X = TORNADO
MAX 32 OR BELOW: 0 0.01 INCH OR MORE: 6
MAX 90 OR ABOVE: 0 0.10 INCH OR MORE: 2
MIN 32 OR BELOW: 28 0.50 INCH OR MORE: 0
MIN 0 OR BELOW: 0 1.00 INCH OR MORE: 0
[HDD (BASE 65) ]
TOTAL THIS MO. 784 CLEAR (SCALE 0-3) 15
DPTR FM NORMAL -8 PTCLDY (SCALE 4-7) 6
TOTAL FM JUL 1 1358 CLOUDY (SCALE 8-10) 9
DPTR FM NORMAL -71
[CDD (BASE 65) ]
TOTAL THIS MO. 0
DPTR FM NORMAL 0 [PRESSURE DATA]
TOTAL FM JAN 1 678 HIGHEST SLP 30.70 ON 20
DPTR FM NORMAL -5 LOWEST SLP 29.68 ON 6
[REMARKS]
#FINAL-11-23#