359
CXUS55 KRIW 051203
CF6WRL
PRELIMINARY LOCAL CLIMATOLOGICAL DATA (WS FORM: F-6)
STATION: WORLAND WY
MONTH: JULY
YEAR: 2020
LATITUDE: 43 58 N
LONGITUDE: 107 57 W
TEMPERATURE IN F: :PCPN: SNOW: WIND :SUNSHINE: SKY :PK WND
================================================================================
1 2 3 4 5 6A 6B 7 8 9 10 11 12 13 14 15 16 17 18
12Z AVG MX 2MIN
DY MAX MIN AVG DEP HDD CDD WTR SNW DPTH SPD SPD DIR MIN PSBL S-S WX SPD DR
================================================================================
1 84 44 64 -5 1 0 0.00 M M 9.1 25 270 M M 0 38 220
2 91 50 71 1 0 6 T M M 6.4 21 280 M M 0 3 29 190
3 96 52 74 4 0 9 0.00 M M 6.1 20 330 M M 0 26 330
4 95 54 75 5 0 10 0.00 M M 6.3 30 340 M M 0 3 42 340
5 89 54 72 2 0 7 0.00 M M 5.8 21 330 M M 0 26 330
6 96 52 74 3 0 9 0.00 M M 6.6 23 220 M M 0 32 200
7 99 55 77 6 0 12 0.00 M M 9.5 30 260 M M 0 41 280
8 88 46 67 -4 0 2 0.00 M M 8.4 15 10 M M 0 21 20
9 90 49 70 -1 0 5 T M M 5.4 22 360 M M 0 3 40 360
10 94 52 73 1 0 8 0.00 M M 8.0 28 360 M M 0 38 340
11 94 53 74 2 0 9 0.00 M M 5.2 15 100 M M 0 20 100
12 101 51 76 4 0 11 0.00 M M 7.6 25 220 M M 0 36 220
13 85 56 71 -1 0 6 0.00 M M 9.0 23 340 M M 0 33 330
14 83 47 65 -7 0 0 0.00 M M 6.1 13 340 M M 1 19 330
15 91 45 68 -4 0 3 0.00 M M 5.4 14 110 M M 0 8 19 140
16 95 49 72 0 0 7 0.00 M M 6.8 15 230 M M 0 8 22 160
17 99 53 76 3 0 11 0.00 M M 6.3 16 230 M M 0 27 40
18 88 59 74 1 0 9 0.00 M M 7.2 15 330 M M 0 8 23 340
19 92 53 73 0 0 8 0.00 M M 6.5 15 340 M M 0 8 21 340
20 88 54 71 -2 0 6 0.00 M M 7.6 17 340 M M 1 25 350
21 95 53 74 1 0 9 0.00 M M 4.3 13 150 M M 0 17 100
22 100 57 79 6 0 14 0.00 M M 6.7 33 210 M M 0 50 200
23 91 66 79 6 0 14 T M M 6.9 37 180 M M 2 3 54 180
24 93 60 77 4 0 12 T M M 5.9 21 330 M M 0 32 330
25 93 54 74 1 0 9 T M M 7.0 31 350 M M 0 8 43 330
26 91 53 72 -1 0 7 0.00 M M 5.3 13 140 M M 0 17 140
27 97 56 77 4 0 12 0.03 M M 8.1 37 270 M M 0 38 55 280
28 86 58 72 -1 0 7 0.08 M M 6.1 18 250 M M 3 3 26 250
29 84 61 73 0 0 8 T M M 4.0 15 20 M M 5 22 10
30 92 54 73 0 0 8 0.00 M M 4.8 22 60 M M 0 29 60
31 95 54 75 2 0 10 0.00 M M 5.3 16 150 M M 0 8 20 140
================================================================================
SM 2855 1654 1 248 0.11 M 203.7 M 12
================================================================================
AV 92.1 53.4 6.6 FASTST M M 0 MAX(MPH)
MISC ----> # 37 180 # 55 280
================================================================================
NOTES:
# LAST OF SEVERAL OCCURRENCES
COLUMN 17 PEAK WIND IN M.P.H.
PRELIMINARY LOCAL CLIMATOLOGICAL DATA (WS FORM: F-6) , PAGE 2
STATION: WORLAND WY
MONTH: JULY
YEAR: 2020
LATITUDE: 43 58 N
LONGITUDE: 107 57 W
[TEMPERATURE DATA] [PRECIPITATION DATA] SYMBOLS USED IN COLUMN 16
AVERAGE MONTHLY: 72.7 TOTAL FOR MONTH: 0.11 1 = FOG OR MIST
DPTR FM NORMAL: 0.7 DPTR FM NORMAL: -0.60 2 = FOG REDUCING VISIBILITY
HIGHEST: 101 ON 12 GRTST 24HR 0.08 ON 28-28 TO 1/4 MILE OR LESS
LOWEST: 44 ON 1 3 = THUNDER
SNOW, ICE PELLETS, HAIL 4 = ICE PELLETS
TOTAL MONTH: M 5 = HAIL
GRTST 24HR M ON M 6 = FREEZING RAIN OR DRIZZLE
GRTST DEPTH: M ON M 7 = DUSTSTORM OR SANDSTORM:
VSBY 1/2 MILE OR LESS
8 = SMOKE OR HAZE
[NO. OF DAYS WITH] [WEATHER - DAYS WITH] 9 = BLOWING SNOW
X = TORNADO
MAX 32 OR BELOW: 0 0.01 INCH OR MORE: 2
MAX 90 OR ABOVE: 22 0.10 INCH OR MORE: 0
MIN 32 OR BELOW: 0 0.50 INCH OR MORE: 0
MIN 0 OR BELOW: 0 1.00 INCH OR MORE: 0
[HDD (BASE 65) ]
TOTAL THIS MO. 1 CLEAR (SCALE 0-3) 30
DPTR FM NORMAL -12 PTCLDY (SCALE 4-7) 1
TOTAL FM JUL 1 1 CLOUDY (SCALE 8-10) 0
DPTR FM NORMAL -12
[CDD (BASE 65) ]
TOTAL THIS MO. 248
DPTR FM NORMAL 19 [PRESSURE DATA]
TOTAL FM JAN 1 391 HIGHEST SLP 30.15 ON 11
DPTR FM NORMAL 66 LOWEST SLP 29.51 ON 7
[REMARKS]
#FINAL-07-20#