000
CXUS55 KRIW 021956
CLMWRL
CLIMATE REPORT
NATIONAL WEATHER SERVICE RIVERTON WY
1044 AM MDT WED AUG 02 2023
...PRELIMINARY MONTHLY CLIMATE SUMMARY FOR WORLAND MUNICIPAL AIRPORT
FOR THE MONTH OF JULY 2023...
...OFFICIAL CLIMATE DATA FOR THE MONTH OF JULY 2023 WILL BE
AVAILABLE APPROXIMATELY IN 60 DAYS FROM THE NATIONAL CENTERS FOR
ENVIRONMENTAL INFORMATION (HTTP://WWW.NCDC.NOAA.GOV/CDO-
WEB/DATASETS). UNOFFICIAL ASOS DAILY SUMMARIES ARE AVAILABLE ON THE
INTERNET AT HTTP://WWW.WEATHER.GOV/CLIMATE/INDEX.PHP?WFO=RIW
...WORLAND WAS COLDER AND DRIER THAN NORMAL IN JULY...
AVERAGE TEMPERATURE FOR WORLAND IN JULY WAS 71 DEGREES WHICH WAS 1.2
DEGREES BELOW NORMAL. THE WARMEST READING OF THE MONTH WAS 100
DEGREES ON THE 17TH. THE COLDEST READING FOR THE MONTH WAS 46
DEGREES 7TH. NO TEMPERATURE RECORDS WERE BROKEN.
TOTAL PRECIPITATION FOR THE MONTH WAS 0.51 INCHES...WHICH WAS 80
PERCENT OF NORMAL. THE WETTEST 24-HOUR PERIOD DURING THE MONTH WAS
ON THE 3RD-4TH WHEN 0.25 INCHES FELL. NO PRECIPITATION RECORDS WERE
BROKEN THIS MONTH. THE HIGHEST WIND GUST WAS 53 MPH FROM THE
SOUTHWEST ON THE 31ST.
...THE WORLAND WY CLIMATE SUMMARY FOR THE MONTH OF JULY 2023...
CLIMATE NORMAL PERIOD: 1991 TO 2020
CLIMATE RECORD PERIOD: 1947 TO 2023
WEATHER OBSERVED NORMAL DEPART LAST YEAR`S
VALUE DATE(S) VALUE FROM VALUE
NORMAL
..............................................................
TEMPERATURE (F)
RECORD
HIGH 106 07/13/2005
07/28/1975
07/05/1973
LOW 38 07/04/1972
HIGHEST 100 07/17
LOWEST 46 07/07
AVG. MAXIMUM 88.3 90.2 -1.9
AVG. MINIMUM 53.6 54.2 -0.6
MEAN 71.0 72.2 -1.2
DAYS MAX >= 90 15
DAYS MAX <= 32 0
DAYS MIN <= 32 0
DAYS MIN <= 0 0
PRECIPITATION (INCHES)
RECORD
MAXIMUM 2.72 MM
MINIMUM T 1996
TOTALS 0.51 0.64 -0.13 0.14
DAILY AVG. 0.02 0.02 -0.00
DAYS >= .01 8
DAYS >= .10 2
DAYS >= .50 0
DAYS >= 1.00 0
GREATEST
24 HR. TOTAL 0.25 07/03 TO 07/04
STORM TOTAL 0.24
DEGREE DAYS
HEATING TOTAL 10 11 -1
SINCE 7/1 10 7 3
COOLING TOTAL 203 234 -31
SINCE 1/1 235 322 -87
..............................................................
WIND (MPH)
AVERAGE WIND SPEED 5.8
RESULTANT WIND SPEED/DIRECTION 1/040
HIGHEST WIND SPEED/DIRECTION 40/230 DATE 07/31
HIGHEST GUST SPEED/DIRECTION 53/230 DATE 07/31
SKY COVER
POSSIBLE SUNSHINE (PERCENT) MM
AVERAGE SKY COVER 0.09
NUMBER OF DAYS FAIR 28
NUMBER OF DAYS PC 2
NUMBER OF DAYS CLOUDY 1
AVERAGE RH (PERCENT) 53
WEATHER CONDITIONS. NUMBER OF DAYS WITH
THUNDERSTORM 16 MIXED PRECIP 0
HEAVY RAIN 0 RAIN 1
LIGHT RAIN 14 FREEZING RAIN 0
LT FREEZING RAIN 0 HAIL 0
HEAVY SNOW 0 SNOW 0
LIGHT SNOW 0 SLEET 0
FOG 2 FOG W/VIS <= 1/4 MILE 0
HAZE 1
- INDICATES NEGATIVE NUMBERS.
R INDICATES RECORD WAS SET OR TIED.
MM INDICATES DATA IS MISSING.
T INDICATES TRACE AMOUNT.
LOOKING AHEAD TO AUGUST 2023...THE AVERAGE HIGH TEMPERATURE ON THE
FIRST OF THE MONTH IS 91 DEGREES...AND THE AVERAGE LOW TEMPERATURE
IS 55 DEGREES. THE AVERAGE HIGH BY THE END OF THE MONTH IS 83
DEGREES...AND THE AVERAGE LOW TEMPERATURE IS 48 DEGREES. THE AVERAGE
MONTHLY PRECIPITATION IS 0.40 INCHES.
$$