000
CXUS56 KMTR 010900
CF6WVI
PRELIMINARY LOCAL CLIMATOLOGICAL DATA (WS FORM: F-6)
STATION: WATSONVILLE AIRPORT
MONTH: SEPTEMBER
YEAR: 2022
LATITUDE: 36 55 N
LONGITUDE: 121 47 W
TEMPERATURE IN F: :PCPN: SNOW: WIND :SUNSHINE: SKY :PK WND
================================================================================
1 2 3 4 5 6A 6B 7 8 9 10 11 12 13 14 15 16 17 18
12Z AVG MX 2MIN
DY MAX MIN AVG DEP HDD CDD WTR SNW DPTH SPD SPD DIR MIN PSBL S-S WX SPD DR
================================================================================
1 81 50 66 2 0 1 0.00 M M 3.9 12 200 M M 0 15 180
2 78 51 65 1 0 0 0.00 M M 3.7 10 180 M M 3 12 15 170
3 88 52 70 6 0 5 0.00 M M 3.5 12 190 M M 0 8 15 200
4 96 52 74 10 0 9 0.00 M M 2.8 13 180 M M 0 17 180
5 102 56 79 15 0 14 0.00 M M 3.8 13 210 M M 0 17 260
6 93 58 76 12 0 11 0.00 M M 5.4 16 260 M M 0 8 22 240
7 94 57 76 12 0 11 0.00 M M 2.8 18 210 M M 0 24 210
8 90 57 74 10 0 9 0.00 M M 3.7 13 190 M M 0 18 18 190
9 79 54 67 3 0 2 0.00 M M 3.7 15 200 M M 1 18 18 210
10 80 56 68 4 0 3 T M M 2.9 12 260 M M 5 1 19 250
11 87 60 74 10 0 9 0.00 M M 4.1 12 250 M M 1 17 240
12 78 55 67 3 0 2 0.00 M M 5.0 14 150 M M 0 1 17 160
13 75 55 65 1 0 0 0.00 M M 3.7 15 260 M M 4 1 19 270
14 72 52 62 -2 3 0 0.00 M M 5.5 17 270 M M 4 1 25 260
15 74 53 64 0 1 0 0.00 M M 4.6 15 230 M M 4 20 250
16 71 52 62 -2 3 0 0.00 M M 4.0 12 120 M M 4 16 210
17 70 51 61 -3 4 0 0.00 M M 4.6 14 220 M M 5 1 20 240
18 67 56 62 -2 3 0 1.07 M M 6.1 18 170 M M 9 1 28 140
19 71 56 64 0 1 0 0.83 M M 4.1 14 260 M M 9 1 19 260
20 74 55 65 1 0 0 0.00 M M 4.3 17 260 M M 4 23 260
21 73 54 64 1 1 0 0.00 M M 3.6 16 270 M M 4 21 260
22 79 52 66 3 0 1 0.00 M M 4.5 13 250 M M 0 18 240
23 86 52 69 6 0 4 0.00 M M 3.7 10 180 M M 0 15 250
24 68 52 60 -3 5 0 0.00 M M 4.1 13 230 M M 3 1 17 250
25 66 56 61 -2 4 0 0.00 M M 3.4 10 260 M M 10 1 15 230
26 66 55 61 -2 4 0 0.00 M M 3.1 12 220 M M 9 1 16 220
27 72 52 62 -1 3 0 0.00 M M 2.5 12 250 M M 5 1 15 240
28 79 50 65 2 0 0 0.00 M M 3.4 9 170 M M 0 1 14 180
29 76 50 63 0 2 0 0.00 M M 3.6 10 160 M M 1 1 14 210
30 73 49 61 -2 4 0 0.00 M M 3.4 12 210 M M 4 12 21 220
================================================================================
SM 2358 1610 38 81 1.90 M 117.5 M 89
================================================================================
AV 78.6 53.7 3.9 FASTST M M 3 MAX(MPH)
MISC ----> # 18 210 28 140
================================================================================
NOTES:
# LAST OF SEVERAL OCCURRENCES
COLUMN 17 PEAK WIND IN M.P.H.
PRELIMINARY LOCAL CLIMATOLOGICAL DATA (WS FORM: F-6) , PAGE 2
STATION: WATSONVILLE AIRPORT
MONTH: SEPTEMBER
YEAR: 2022
LATITUDE: 36 55 N
LONGITUDE: 121 47 W
[TEMPERATURE DATA] [PRECIPITATION DATA] SYMBOLS USED IN COLUMN 16
AVERAGE MONTHLY: 66.1 TOTAL FOR MONTH: 1.90 1 = FOG OR MIST
DPTR FM NORMAL: 2.5 DPTR FM NORMAL: 1.83 2 = FOG REDUCING VISIBILITY
HIGHEST: 102 ON 5 GRTST 24HR 1.90 ON 18-19 TO 1/4 MILE OR LESS
LOWEST: 49 ON 30 3 = THUNDER
SNOW, ICE PELLETS, HAIL 4 = ICE PELLETS
TOTAL MONTH: M 5 = HAIL
GRTST 24HR M ON M 6 = FREEZING RAIN OR DRIZZLE
GRTST DEPTH: M ON M 7 = DUSTSTORM OR SANDSTORM:
VSBY 1/2 MILE OR LESS
8 = SMOKE OR HAZE
[NO. OF DAYS WITH] [WEATHER - DAYS WITH] 9 = BLOWING SNOW
X = TORNADO
MAX 32 OR BELOW: 0 0.01 INCH OR MORE: 2
MAX 90 OR ABOVE: 5 0.10 INCH OR MORE: 2
MIN 32 OR BELOW: 0 0.50 INCH OR MORE: 2
MIN 0 OR BELOW: 0 1.00 INCH OR MORE: 1
[HDD (BASE 65) ]
TOTAL THIS MO. 38 CLEAR (SCALE 0-3) 15
DPTR FM NORMAL -46 PTCLDY (SCALE 4-7) 11
TOTAL FM JUL 1 168 CLOUDY (SCALE 8-10) 4
DPTR FM NORMAL -88
[CDD (BASE 65) ]
TOTAL THIS MO. 81
DPTR FM NORMAL 41 [PRESSURE DATA]
TOTAL FM JAN 1 143 HIGHEST SLP M ON M
DPTR FM NORMAL 44 LOWEST SLP 29.55 ON 9
[REMARKS]
#FINAL-09-22#