000
CXUS54 KFWD 010730
CF6XBP
PRELIMINARY LOCAL CLIMATOLOGICAL DATA (WS FORM: F-6)
STATION: BRIDGEPORT
MONTH: MAY
YEAR: 2022
LATITUDE: 33 10 N
LONGITUDE: 96 30 W
TEMPERATURE IN F: :PCPN: SNOW: WIND :SUNSHINE: SKY :PK WND
================================================================================
1 2 3 4 5 6A 6B 7 8 9 10 11 12 13 14 15 16 17 18
12Z AVG MX 2MIN
DY MAX MIN AVG DEP HDD CDD WTR SNW DPTH SPD SPD DIR MIN PSBL S-S WX SPD DR
================================================================================
1 82 47 65 -2 0 0 0.45 M M 5.0 15 140 M M 2 3 20 120
2 85 62 74 7 0 9 1.09 M M 12.1 21 180 M M 5 3 28 180
3 66 50 58 -9 7 0 0.01 M M 5.5 12 10 M M 9 20 10
4 83 58 71 4 0 6 0.00 M M 6.7 15 170 M M 6 12 21 170
5 77 55 66 -2 0 1 0.00 M M 5.7 15 300 M M 4 23 300
6 85 50 68 0 0 3 0.00 M M 2.5 9 110 M M 0 M M
7 88 62 75 7 0 10 0.00 M M 7.6 15 140 M M 2 23 140
8 96 73 85 17 0 20 0.00 M M 12.2 16 170 M M 0 1 24 170
9 94 74 84 15 0 19 0.00 M M 13.9 18 170 M M 0 25 190
10 90 75 83 14 0 18 0.00 M M 11.4 15 160 M M 2 22 160
11 90 71 81 12 0 16 0.00 M M 9.4 16 170 M M 0 21 140
12 92 65 79 9 0 14 0.00 M M 9.2 15 160 M M 0 22 170
13 94 69 82 12 0 17 0.00 M M 7.4 13 190 M M 0 18 140
14 92 60 76 6 0 11 0.00 M M 3.9 10 240 M M 0 17 240
15 98 65 82 12 0 17 0.00 M M 7.1 16 100 M M 0 38 100
16 87 59 73 3 0 8 0.00 M M 4.5 9 130 M M 0 16 90
17 94 70 82 11 0 17 0.00 M M 9.0 15 160 M M 0 24 160
18 98 73 86 15 0 21 0.00 M M 9.3 15 210 M M 0 23 180
19 96 70 83 12 0 18 0.00 M M 12.2 17 170 M M 0 28 180
20 95 74 85 13 0 20 0.00 M M 13.5 17 160 M M 0 25 180
21 81 63 72 0 0 7 0.00 M M 9.6 16 10 M M 7 22 10
22 69 57 63 -9 2 0 0.00 M M 8.3 13 20 M M 9 25 30
23 73 58 66 -6 0 1 0.00 M M 4.6 8 110 M M 9 18 110
24 67 60 64 -9 1 0 2.52 M M 5.3 13 110 M M 9 13 22 320
25 69 54 62 -11 3 0 0.00 M M 7.5 13 290 M M 7 30 60
26 84 49 67 -6 0 2 0.00 M M 4.0 10 300 M M 0 17 320
27 90 54 72 -2 0 7 0.00 M M 2.5 8 100 M M 0 M M
28 93 65 79 5 0 14 0.00 M M 10.6 21 190 M M 0 28 190
29 93 69 81 7 0 16 0.00 M M 11.8 20 170 M M 0 29 170
30 91 73 82 8 0 17 0.00 M M 13.5 18 180 M M 4 28 170
31 92 75 84 9 0 19 0.00 M M 10.8 16 200 M M 3 28 170
================================================================================
SM 2684 1959 13 328 4.07 M 256.3 M 78
================================================================================
AV 86.6 63.2 8.3 FASTST M M 3 MAX(MPH)
MISC ----> # 21 180 38 100
================================================================================
NOTES:
# LAST OF SEVERAL OCCURRENCES
COLUMN 17 PEAK WIND IN M.P.H.
PRELIMINARY LOCAL CLIMATOLOGICAL DATA (WS FORM: F-6) , PAGE 2
STATION: BRIDGEPORT
MONTH: MAY
YEAR: 2022
LATITUDE: 33 10 N
LONGITUDE: 96 30 W
[TEMPERATURE DATA] [PRECIPITATION DATA] SYMBOLS USED IN COLUMN 16
AVERAGE MONTHLY: 74.9 TOTAL FOR MONTH: 4.07 1 = FOG OR MIST
DPTR FM NORMAL: 4.3 DPTR FM NORMAL: -1.16 2 = FOG REDUCING VISIBILITY
HIGHEST: 98 ON 18,15 GRTST 24HR 2.52 ON 24-24 TO 1/4 MILE OR LESS
LOWEST: 47 ON 1 3 = THUNDER
SNOW, ICE PELLETS, HAIL 4 = ICE PELLETS
TOTAL MONTH: M 5 = HAIL
GRTST 24HR M ON M 6 = FREEZING RAIN OR DRIZZLE
GRTST DEPTH: M ON M 7 = DUSTSTORM OR SANDSTORM:
VSBY 1/2 MILE OR LESS
8 = SMOKE OR HAZE
[NO. OF DAYS WITH] [WEATHER - DAYS WITH] 9 = BLOWING SNOW
X = TORNADO
MAX 32 OR BELOW: 0 0.01 INCH OR MORE: 4
MAX 90 OR ABOVE: 17 0.10 INCH OR MORE: 3
MIN 32 OR BELOW: 0 0.50 INCH OR MORE: 2
MIN 0 OR BELOW: 0 1.00 INCH OR MORE: 2
[HDD (BASE 65) ]
TOTAL THIS MO. 13 CLEAR (SCALE 0-3) 21
DPTR FM NORMAL -13 PTCLDY (SCALE 4-7) 6
TOTAL FM JUL 1 2379 CLOUDY (SCALE 8-10) 4
DPTR FM NORMAL -582
[CDD (BASE 65) ]
TOTAL THIS MO. 328
DPTR FM NORMAL 130 [PRESSURE DATA]
TOTAL FM JAN 1 479 HIGHEST SLP M ON M
DPTR FM NORMAL 202 LOWEST SLP M ON M
[REMARKS]
#FINAL-05-22#