000
CXUS54 KTSA 010840
CF6XNA
PRELIMINARY LOCAL CLIMATOLOGICAL DATA (WS FORM: F-6)
STATION: HIGHFILL ARKANSAS
MONTH: APRIL
YEAR: 2020
LATITUDE: 36 16 N
LONGITUDE: 94 19 W
TEMPERATURE IN F: :PCPN: SNOW: WIND :SUNSHINE: SKY :PK WND
================================================================================
1 2 3 4 5 6A 6B 7 8 9 10 11 12 13 14 15 16 17 18
12Z AVG MX 2MIN
DY MAX MIN AVG DEP HDD CDD WTR SNW DPTH SPD SPD DIR MIN PSBL S-S WX SPD DR
================================================================================
1 69 41 55 3 10 0 0.00 0.0 0 7.2 18 160 M M 0 23 160
2 74 51 63 11 2 0 T 0.0 0 14.8 33 170 M M 3 3 43 170
3 61 36 49 -3 16 0 0.26 0.0 0 8.4 18 350 M M 10 13 24 360
4 45 35 40 -13 25 0 0.01 0.0 0 7.5 14 30 M M 10 1 19 20
5 60 44 52 -1 13 0 0.00 0.0 0 3.9 12 180 M M 9 1 15 180
6 70 48 59 6 6 0 0.00 0.0 0 9.0 21 200 M M 7 12 30 200
7 81 62 72 18 0 7 0.00 0.0 0 9.4 20 210 M M 4 26 210
8 88 58 73 19 0 8 T 0.0 0 9.4 35 10 M M 0 12 45 20
9 68 46 57 3 8 0 0.00 0.0 0 10.2 18 30 M M 1 25 30
10 62 34 48 -6 17 0 0.00 0.0 0 6.5 17 30 M M 0 23 40
11 65 44 55 0 10 0 0.34 0.0 0 12.2 24 190 M M 6 13 35 190
12 69 35 52 -3 13 0 1.08 0.0 0 11.0 30 330 M M 8 13 41 330
13 46 30 38 -18 27 0 T M 0 12.8 24 340 M M 8 38 350
14 50 32 41 -15 24 0 0.04 M 0 4.1 14 10 M M 7 1 18 10
15 59 31 45 -11 20 0 0.00 0.0 0 6.2 17 250 M M 1 24 250
16 68 36 52 -4 13 0 0.00 0.0 0 11.1 26 180 M M 1 36 180
17 57 37 47 -10 18 0 0.07 0.0 0 9.5 16 350 M M 9 18 23 310
18 67 30 49 -8 16 0 T 0.0 0 6.8 17 190 M M 0 3 24 190
19 64 46 55 -2 10 0 0.09 0.0 0 6.6 18 70 M M 5 13 25 80
20 74 40 57 -1 8 0 0.02 0.0 0 6.5 18 250 M M 2 123 26 260
21 76 43 60 2 5 0 0.00 0.0 0 3.1 9 100 M M 1 1 14 70
22 62 54 58 0 7 0 1.05 0.0 0 10.0 29 120 M M 8 13 39 130
23 71 52 62 3 3 0 0.03 0.0 0 7.2 17 340 M M 6 1 27 350
24 73 50 62 3 3 0 0.79 0.0 0 7.1 36 270 M M 5 13 49 260
25 69 47 58 -1 7 0 0.02 0.0 0 11.6 23 330 M M 6 1 35 310
26 73 41 57 -3 8 0 0.00 0.0 0 3.2 12 330 M M 1 18 330
27 65 52 59 -1 6 0 0.19 0.0 0 8.9 21 190 M M 6 3 28 180
28 77 57 67 7 0 2 0.88 0.0 0 9.3 22 330 M M 8 13 32 340
29 65 49 57 -3 8 0 0.00 0.0 0 12.4 25 340 M M 3 36 340
30 73 46 60 -1 5 0 0.00 0.0 0 5.4 15 290 M M 0 21 340
================================================================================
SM 2001 1307 308 17 4.87 0.0 251.3 M 135
================================================================================
AV 66.7 43.6 8.4 FASTST M M 5 MAX(MPH)
MISC ----> # 36 270 # 49 260
================================================================================
NOTES:
# LAST OF SEVERAL OCCURRENCES
COLUMN 17 PEAK WIND IN M.P.H.
PRELIMINARY LOCAL CLIMATOLOGICAL DATA (WS FORM: F-6) , PAGE 2
STATION: HIGHFILL ARKANSAS
MONTH: APRIL
YEAR: 2020
LATITUDE: 36 16 N
LONGITUDE: 94 19 W
[TEMPERATURE DATA] [PRECIPITATION DATA] SYMBOLS USED IN COLUMN 16
AVERAGE MONTHLY: 55.1 TOTAL FOR MONTH: 4.87 1 = FOG OR MIST
DPTR FM NORMAL: -1.2 DPTR FM NORMAL: 0.43 2 = FOG REDUCING VISIBILITY
HIGHEST: 88 ON 8 GRTST 24HR 1.08 ON 12-12 TO 1/4 MILE OR LESS
LOWEST: 30 ON 18,13 3 = THUNDER
SNOW, ICE PELLETS, HAIL 4 = ICE PELLETS
TOTAL MONTH: 0.0 INCH 5 = HAIL
GRTST 24HR 0.0 6 = FREEZING RAIN OR DRIZZLE
GRTST DEPTH: 0 7 = DUSTSTORM OR SANDSTORM:
VSBY 1/2 MILE OR LESS
8 = SMOKE OR HAZE
[NO. OF DAYS WITH] [WEATHER - DAYS WITH] 9 = BLOWING SNOW
X = TORNADO
MAX 32 OR BELOW: 0 0.01 INCH OR MORE: 14
MAX 90 OR ABOVE: 0 0.10 INCH OR MORE: 7
MIN 32 OR BELOW: 4 0.50 INCH OR MORE: 4
MIN 0 OR BELOW: 0 1.00 INCH OR MORE: 2
[HDD (BASE 65) ]
TOTAL THIS MO. 308 CLEAR (SCALE 0-3) 13
DPTR FM NORMAL 28 PTCLDY (SCALE 4-7) 11
TOTAL FM JUL 1 3742 CLOUDY (SCALE 8-10) 6
DPTR FM NORMAL -482
[CDD (BASE 65) ]
TOTAL THIS MO. 17
DPTR FM NORMAL -1 [PRESSURE DATA]
TOTAL FM JAN 1 35 HIGHEST SLP M ON M
DPTR FM NORMAL 14 LOWEST SLP 29.44 ON 12
[REMARKS]
#FINAL-04-20#