000
CXUS56 KPDT 011810
CF6YKM
PRELIMINARY LOCAL CLIMATOLOGICAL DATA (WS FORM: F-6)
STATION: YAKIMA WA
MONTH: MARCH
YEAR: 2022
LATITUDE: 46 34 N
LONGITUDE: 120 32 W
TEMPERATURE IN F: :PCPN: SNOW: WIND :SUNSHINE: SKY :PK WND
================================================================================
1 2 3 4 5 6A 6B 7 8 9 10 11 12 13 14 15 16 17 18
12Z AVG MX 2MIN
DY MAX MIN AVG DEP HDD CDD WTR SNW DPTH SPD SPD DIR MIN PSBL S-S WX SPD DR
================================================================================
1 64 38 51 11 14 0 T M M 5.9 24 200 M M 4 33 190
2 57 42 50 10 15 0 0.01 M M 2.9 14 160 M M 9 1 18 160
3 58 32 45 5 20 0 T M M 6.2 20 290 M M 5 1 24 270
4 56 23 40 -1 25 0 0.00 M M 4.8 15 50 M M 3 19 50
5 57 27 42 1 23 0 0.00 M M 3.5 15 40 M M 0 20 40
6 57 25 41 0 24 0 0.00 M M 3.9 12 270 M M 0 16 20
7 65 28 47 6 18 0 0.00 M M 15.8 36 330 M M 0 49 300
8 50 35 43 1 22 0 0.08 M M 6.2 18 300 M M 8 25 300
9 43 19 31 -11 34 0 0.00 M M 7.9 17 360 M M 5 22 10
10 47 14 31 -11 34 0 0.00 M M 2.4 8 310 M M 1 11 40
11 48 32 40 -2 25 0 T M M 2.1 8 290 M M 4 8 290
12 67 28 48 5 17 0 T M M 7.5 29 230 M M 1 41 230
13 61 41 51 8 14 0 T M M 11.7 24 180 M M 4 35 180
14 55 43 49 6 16 0 0.02 M M 7.9 22 200 M M 9 29 210
15 61 32 47 4 18 0 0.00 M M 8.6 25 310 M M 2 38 310
16 59 26 43 -1 22 0 0.00 M M 3.6 12 350 M M 0 15 170
17 50 28 39 -5 26 0 0.00 M M 3.8 10 270 M M 2 12 260
18 60 27 44 0 21 0 0.00 M M 4.0 14 220 M M 1 19 220
19 58 38 48 4 17 0 T M M 9.4 29 280 M M 4 39 270
20 54 26 40 -4 25 0 0.00 M M 5.2 21 320 M M 4 25 320
21 55 41 48 3 17 0 T M M 3.2 13 230 M M 9 19 120
22 66 34 50 5 15 0 0.00 M M 3.2 9 140 M M 1 13 140
23 72 35 54 9 11 0 0.00 M M 8.3 29 290 M M 2 37 290
24 61 29 45 0 20 0 0.00 M M 7.0 14 130 M M 0 19 170
25 64 30 47 2 18 0 0.00 M M 4.6 10 240 M M 1 12 240
26 68 38 53 7 12 0 T M M 3.3 9 140 M M 2 13 150
27 71 40 56 10 9 0 0.00 M M 5.4 10 270 M M 0 14 160
28 73 47 60 14 5 0 T M M 5.4 17 340 M M 4 23 330
29 69 37 53 7 12 0 0.00 M M 5.3 12 350 M M 0 17 160
30 62 38 50 4 15 0 0.00 M M 10.6 30 270 M M 1 40 280
31 59 31 45 -1 20 0 0.00 M M 6.3 21 320 M M 1 26 320
================================================================================
SM 1847 1004 584 0 0.11 M 185.9 M 87
================================================================================
AV 59.6 32.4 6.0 FASTST M M 3 MAX(MPH)
MISC ----> 36 330 49 300
================================================================================
NOTES:
# LAST OF SEVERAL OCCURRENCES
COLUMN 17 PEAK WIND IN M.P.H.
PRELIMINARY LOCAL CLIMATOLOGICAL DATA (WS FORM: F-6) , PAGE 2
STATION: YAKIMA WA
MONTH: MARCH
YEAR: 2022
LATITUDE: 46 34 N
LONGITUDE: 120 32 W
[TEMPERATURE DATA] [PRECIPITATION DATA] SYMBOLS USED IN COLUMN 16
AVERAGE MONTHLY: 46.0 TOTAL FOR MONTH: 0.11 1 = FOG OR MIST
DPTR FM NORMAL: 2.6 DPTR FM NORMAL: -0.53 2 = FOG REDUCING VISIBILITY
HIGHEST: 73 ON 28 GRTST 24HR 0.08 ON 8- 8 TO 1/4 MILE OR LESS
LOWEST: 14 ON 10 3 = THUNDER
SNOW, ICE PELLETS, HAIL 4 = ICE PELLETS
TOTAL MONTH: M 5 = HAIL
GRTST 24HR M ON M 6 = FREEZING RAIN OR DRIZZLE
GRTST DEPTH: M ON M 7 = DUSTSTORM OR SANDSTORM:
VSBY 1/2 MILE OR LESS
8 = SMOKE OR HAZE
[NO. OF DAYS WITH] [WEATHER - DAYS WITH] 9 = BLOWING SNOW
X = TORNADO
MAX 32 OR BELOW: 0 0.01 INCH OR MORE: 3
MAX 90 OR ABOVE: 0 0.10 INCH OR MORE: 0
MIN 32 OR BELOW: 17 0.50 INCH OR MORE: 0
MIN 0 OR BELOW: 0 1.00 INCH OR MORE: 0
[HDD (BASE 65) ]
TOTAL THIS MO. 584 CLEAR (SCALE 0-3) 19
DPTR FM NORMAL -86 PTCLDY (SCALE 4-7) 8
TOTAL FM JUL 1 4848 CLOUDY (SCALE 8-10) 4
DPTR FM NORMAL -157
[CDD (BASE 65) ]
TOTAL THIS MO. 0
DPTR FM NORMAL 0 [PRESSURE DATA]
TOTAL FM JAN 1 0 HIGHEST SLP 30.48 ON 6
DPTR FM NORMAL 0 LOWEST SLP 29.58 ON 27
[REMARKS]
#FINAL-03-22#