000
CXUS53 KGRB 011533
CF6AIG
PRELIMINARY LOCAL CLIMATOLOGICAL DATA (WS FORM: F-6)

                                          STATION:   ANTIGO AWOS
                                          MONTH:     APRIL
                                          YEAR:      2018
                                          LATITUDE:   45  9 N
                                          LONGITUDE:  89  8 W

  TEMPERATURE IN F:       :PCPN:    SNOW:  WIND      :SUNSHINE: SKY     :PK WND
================================================================================
1   2   3   4   5  6A  6B    7    8   9   10  11  12  13   14  15   16   17  18
                                     12Z  AVG MX 2MIN
DY MAX MIN AVG DEP HDD CDD  WTR  SNW DPTH SPD SPD DIR MIN PSBL S-S WX    SPD DR
================================================================================

 1  22   3  13 -21  52   0 0.00  0.0    0 10.2 16 260   M    M   0        22 240
 2  33  -1  16 -19  49   0 0.00  0.0    0  4.2  8 100   M    M   5         M  M
 3  27  19  23 -12  42   0 0.24    M    0 13.6 21  10   M    M  10        27  10
 4  27  15  21 -15  44   0 0.09    M    0 13.0 21 350   M    M   3        27 350
 5  31   2  17 -19  48   0 0.00  0.0    0  8.4 14 260   M    M   3        18 260
 6  27  14  21 -16  44   0 0.00  0.0    0 12.2 18 310   M    M   6        29 300
 7  28   8  18 -19  47   0 0.00  0.0    0 10.5 17 290   M    M   3        25 290
 8  31  -8  12 -26  53   0 0.00  0.0    0  0.9  7 190   M    M   1         M  M
 9  37  16  27 -11  38   0 0.00  0.0    0  4.7  9 300   M    M   3         M  M
10  34   9  22 -17  43   0 0.00  0.0    0  7.5 17 220   M    M   4        21 260
11  45  28  37  -2  28   0 0.00  0.0    0  5.8 14 340   M    M   6        20 340
12  41  32  37  -3  28   0 0.16    M    0  5.2 10 360   M    M  10 1      16  80
13  36  26  31  -9  34   0 0.04    M    0 14.2 24  40   M    M  10        31  50
14  26  18  22 -19  43   0 0.07    M    0 22.6 30  60   M    M  10        37  70
15  23  17  20 -21  45   0 0.05    M    0 19.3 31  60   M    M  10        40  60
16  28  21  25 -17  40   0 0.00  0.0    0 14.0 21 350   M    M   7        28 320
17  32  21  27 -15  38   0 0.00  0.0    0 11.9 16 340   M    M  10        22 330
18  38  27  33 -10  32   0 0.00  0.0    0 11.9 25  50   M    M   6        32  50
19  50  20  35  -8  30   0 0.00  0.0    0  5.5 10 360   M    M   0         M  M
20  51  18  35  -9  30   0 0.00  0.0    0  2.5 10 230   M    M   0         M  M
21  54  27  41  -3  24   0 0.00  0.0    0  1.8  7 240   M    M   0         M  M
22  56  27  42  -3  23   0 0.00  0.0    0  2.6  7 170   M    M   0         M  M
23  60  29  45   0  20   0 0.00  0.0    0  1.2  6  10   M    M   0         M  M
24  65  31  48   3  17   0 0.04    M    0  4.8 17 360   M    M   5        28  20
25  54  29  42  -4  23   0 0.00  0.0    0  5.2 10 350   M    M   0         M  M
26  61  29  45  -1  20   0 0.00  0.0    0  8.1 21 360   M    M   3        29 350
27  46  26  36 -11  29   0 0.01    M    0  4.1 14  20   M    M   5 1      20  20
28  47  27  37 -10  28   0 0.00  0.0    0  9.2 15  10   M    M   0        21 350
29  59  25  42  -5  23   0 0.00  0.0    0  6.9 14 200   M    M   0        17 210
30  74  35  55   7  10   0 0.00  0.0    0 11.6 21 210   M    M   0        30 220
================================================================================
SM 1243  590      1025   0  0.70     0.0 253.6          M      120
================================================================================
AV 41.4 19.7                               8.5 FASTST   M    M   4    MAX(MPH)
                                 MISC ---->  # 31  60               # 40   60
================================================================================
NOTES:
# LAST OF SEVERAL OCCURRENCES

COLUMN 17 PEAK WIND IN M.P.H.

PRELIMINARY LOCAL CLIMATOLOGICAL DATA (WS FORM: F-6) , PAGE 2

                                          STATION:  ANTIGO AWOS
                                          MONTH:    APRIL
                                          YEAR:     2018
                                          LATITUDE:   45  9 N
                                          LONGITUDE:  89  8 W

[TEMPERATURE DATA]      [PRECIPITATION DATA]       SYMBOLS USED IN COLUMN 16

AVERAGE MONTHLY: 30.6   TOTAL FOR MONTH:   0.70    1 = FOG OR MIST
DPTR FM NORMAL: -10.9   DPTR FM NORMAL:   -1.68    2 = FOG REDUCING VISIBILITY
HIGHEST:    74 ON 30    GRTST 24HR  0.24 ON  3- 3      TO 1/4 MILE OR LESS
LOWEST:     -8 ON  8                               3 = THUNDER
                        SNOW, ICE PELLETS, HAIL    4 = ICE PELLETS
                        TOTAL MONTH:   0.0 INCH    5 = HAIL
                        GRTST 24HR     0.0         6 = FREEZING RAIN OR DRIZZLE
                        GRTST DEPTH:   0           7 = DUSTSTORM OR SANDSTORM:
                                                       VSBY 1/2 MILE OR LESS
                                                   8 = SMOKE OR HAZE
[NO. OF DAYS WITH]      [WEATHER - DAYS WITH]      9 = BLOWING SNOW
                                                   X = TORNADO
MAX 32 OR BELOW:  11    0.01 INCH OR MORE:   8
MAX 90 OR ABOVE:   0    0.10 INCH OR MORE:   2
MIN 32 OR BELOW:  29    0.50 INCH OR MORE:   0
MIN  0 OR BELOW:   2    1.00 INCH OR MORE:   0

[HDD (BASE 65) ]
TOTAL THIS MO.  1025    CLEAR  (SCALE 0-3)  15
DPTR FM NORMAL   314    PTCLDY (SCALE 4-7)   9
TOTAL FM JUL 1  8813    CLOUDY (SCALE 8-10)  6
DPTR FM NORMAL   238

[CDD (BASE 65) ]
TOTAL THIS MO.     0
DPTR FM NORMAL    -1    [PRESSURE DATA]
TOTAL FM JAN 1     0    HIGHEST SLP M ON M
DPTR FM NORMAL    -1    LOWEST  SLP M ON M

[REMARKS]
#FINAL-04-18#
