000
CXAK56 PAFC 261320
CF6AKN
PRELIMINARY LOCAL CLIMATOLOGICAL DATA (WS FORM: F-6)

                                          STATION:   KING SALMON
                                          MONTH:     MAY
                                          YEAR:      2018
                                          LATITUDE:   58 41 N
                                          LONGITUDE: 156 39 W

  TEMPERATURE IN F:       :PCPN:    SNOW:  WIND      :SUNSHINE: SKY     :PK WND
================================================================================
1   2   3   4   5  6A  6B    7    8   9   10  11  12  13   14  15   16   17  18
                                     12Z  AVG MX 2MIN
DY MAX MIN AVG DEP HDD CDD  WTR  SNW DPTH SPD SPD DIR MIN PSBL S-S WX    SPD DR
================================================================================

 1  46  34  40   0  25   0 0.03  0.0    0 11.9 17 230   M    M   8 18     31 250
 2  46  28  37  -3  28   0 0.10  0.0    0 10.0 23 150   M    M   9 1      31 160
 3  49  37  43   3  22   0 0.26  0.0    0 11.6 22 180   M    M  10 1      27 190
 4  44  36  40  -1  25   0 0.40    T    0 19.1 40 160   M    M  10 1      51 160
 5  44  34  39  -2  26   0 0.01  0.0    0 12.9 22 220   M    M   9 1      29 230
 6  48  28  38  -3  27   0 0.01  0.0    0  9.3 23 220   M    M   7        30 220
 7  48  31  40  -2  25   0 0.00  0.0    0 11.9 21 150   M    M   5        32 160
 8  50  41  46   4  19   0 0.14  0.0    0  9.9 16  90   M    M  10        22  90
 9  53  36  45   3  20   0 0.30  0.0    0  8.6 24 160   M    M   8 1      30 160
10  57  33  45   2  20   0    T  0.0    0 20.3 45 100   M    M   8 18     57 100
11  53  39  46   3  19   0    T  0.0    0 23.4 32 170   M    M   6        45 160
12  54  37  46   3  19   0    T  0.0    0 16.5 22 160   M    M   5        33 170
13  51  30  41  -3  24   0 0.01  0.0    0  8.5 16 270   M    M   6         M  M
14  48  33  41  -3  24   0 0.02  0.0    0  9.4 20 260   M    M   7 1      28 240
15  50  29  40  -4  25   0    T  0.0    0  6.4 12 170   M    M   8         M  M
16  57  30  44   0  21   0    T  0.0    0  8.1 12 100   M    M   6        16  90
17  56  42  49   4  16   0 0.05  0.0    0 10.0 17  90   M    M  10        24  90
18  58  36  47   2  18   0 0.02  0.0    0  6.5 17 100   M    M   8        22 110
19  58  40  49   4  16   0 0.08  0.0    0  7.1 18 140   M    M   8        27 140
20  58  38  48   3  17   0 0.00  0.0    0 10.7 21  70   M    M   8        26  80
21  62  42  52   6  13   0 0.07  0.0    0  9.8 22  60   M    M   7        30  60
22  60  37  49   3  16   0    T  0.0    0  7.3 15 200   M    M   7 128    21 200
23  60  36  48   2  17   0    T  0.0    0 10.4 23 100   M    M   6 12     33 100
24  59  32  46   0  19   0 0.00  0.0    0 11.0 22 110   M    M   6        32  80
25  60  40  50   3  15   0 0.00  0.0    0  9.4 16  90   M    M   6        25  80
================================================================================
SM 1329  879       516   0  1.50    T    280.0          M      188
================================================================================
AV 53.2 35.2                              11.2 FASTST   M    M   8    MAX(MPH)
                                 MISC ---->  # 45 100               # 57  100
================================================================================
NOTES:
# LAST OF SEVERAL OCCURRENCES

COLUMN 17 PEAK WIND IN M.P.H.

PRELIMINARY LOCAL CLIMATOLOGICAL DATA (WS FORM: F-6) , PAGE 2

                                          STATION:  KING SALMON
                                          MONTH:    MAY
                                          YEAR:     2018
                                          LATITUDE:   58 41 N
                                          LONGITUDE: 156 39 W

[TEMPERATURE DATA]      [PRECIPITATION DATA]       SYMBOLS USED IN COLUMN 16

AVERAGE MONTHLY: 44.2   TOTAL FOR MONTH:   1.50    1 = FOG OR MIST
DPTR FM NORMAL:   0.8   DPTR FM NORMAL:    0.52    2 = FOG REDUCING VISIBILITY
HIGHEST:    62 ON 21    GRTST 24HR  0.40 ON  4- 4      TO 1/4 MILE OR LESS
LOWEST:     28 ON  6, 2                            3 = THUNDER
                        SNOW, ICE PELLETS, HAIL    4 = ICE PELLETS
                        TOTAL MONTH:    T          5 = HAIL
                        GRTST 24HR    T  ON  4- 4  6 = FREEZING RAIN OR DRIZZLE
                        GRTST DEPTH:   0           7 = DUSTSTORM OR SANDSTORM:
                                                       VSBY 1/2 MILE OR LESS
                                                   8 = SMOKE OR HAZE
[NO. OF DAYS WITH]      [WEATHER - DAYS WITH]      9 = BLOWING SNOW
                                                   X = TORNADO
MAX 32 OR BELOW:   0    0.01 INCH OR MORE:  14
MAX 90 OR ABOVE:   0    0.10 INCH OR MORE:   5
MIN 32 OR BELOW:   7    0.50 INCH OR MORE:   0
MIN  0 OR BELOW:   0    1.00 INCH OR MORE:   0

[HDD (BASE 65) ]
TOTAL THIS MO.   516    CLEAR  (SCALE 0-3)   0
DPTR FM NORMAL   -24    PTCLDY (SCALE 4-7)  15
TOTAL FM JUL 1  8959    CLOUDY (SCALE 8-10) 10
DPTR FM NORMAL -1406

[CDD (BASE 65) ]
TOTAL THIS MO.     0
DPTR FM NORMAL     0    [PRESSURE DATA]
TOTAL FM JAN 1     0    HIGHEST SLP M ON M
DPTR FM NORMAL     0    LOWEST  SLP 28.78 ON  4

[REMARKS]
