000
CXUS55 KPUB 201059
CF6ALS
PRELIMINARY LOCAL CLIMATOLOGICAL DATA (WS FORM: F-6)

                                          STATION:   ALAMOSA CO
                                          MONTH:     MAY
                                          YEAR:      2018
                                          LATITUDE:   37 27 N
                                          LONGITUDE: 105 52 W

  TEMPERATURE IN F:       :PCPN:    SNOW:  WIND      :SUNSHINE: SKY     :PK WND
================================================================================
1   2   3   4   5  6A  6B    7    8   9   10  11  12  13   14  15   16   17  18
                                     12Z  AVG MX 2MIN
DY MAX MIN AVG DEP HDD CDD  WTR  SNW DPTH SPD SPD DIR MIN PSBL S-S WX    SPD DR
================================================================================

 1  64  33  49   2  16   0 0.00  0.0    0 17.1 33 220   M    M   1        44 220
 2  61  33  47   0  18   0    T  0.0    0 14.6 37 240   M    M   5        46 200
 3  57  22  40  -7  25   0    T  0.0    0  7.6 22 340   M    M   4        30 330
 4  65  26  46  -2  19   0 0.00  0.0    0  4.3 16  10   M    M   1        20  10
 5  71  27  49   1  16   0 0.00  0.0    0  4.0 13 200   M    M   2        19 200
 6  77  31  54   6  11   0 0.00  0.0    0  6.9 23 260   M    M   0        27 260
 7  80  33  57   8   8   0 0.00  0.0    0  7.8 26 250   M    M   1        43 240
 8  81  35  58   9   7   0 0.00  0.0    0  7.1 21 350   M    M   0        27 350
 9  80  33  57   8   8   0 0.00  0.0    0  6.1 32 340   M    M   0        42 340
10  82  33  58   8   7   0 0.00  0.0    0 10.4 30 220   M    M   0        45 230
11  77  42  60  10   5   0 0.00  0.0    0 18.0 37 230   M    M   0        46 230
12  78  43  61  11   4   0 0.00  0.0    0 15.3 32 230   M    M   0        45 200
13  73  35  54   4  11   0 0.00  0.0    0 14.1 31 240   M    M   0        40 230
14  72  36  54   3  11   0 0.00  0.0    0 12.1 26 230   M    M   0        47 220
15  75  30  53   2  12   0 0.00  0.0    0 10.2 28 220   M    M   1        37 230
16  79  27  53   2  12   0 0.00  0.0    0  6.7 21 170   M    M   0        28 160
17  79  31  55   3  10   0 0.00  0.0    0 11.8 31 210   M    M   0        43 190
18  75  32  54   2  11   0 0.00  0.0    0 10.7 26 160   M    M   1 8      47 150
19  73  31  52   0  13   0 0.00  0.0    0 10.8 29 310   M    M   2        40 260
================================================================================
SM 1399  613       224   0    T      0.0 195.6          M       18
================================================================================
AV 73.6 32.3                              10.3 FASTST   M    M   1    MAX(MPH)
                                 MISC ---->  # 37 240               # 47  220
================================================================================
NOTES:
# LAST OF SEVERAL OCCURRENCES

COLUMN 17 PEAK WIND IN M.P.H.

PRELIMINARY LOCAL CLIMATOLOGICAL DATA (WS FORM: F-6) , PAGE 2

                                          STATION:  ALAMOSA CO
                                          MONTH:    MAY
                                          YEAR:     2018
                                          LATITUDE:   37 27 N
                                          LONGITUDE: 105 52 W

[TEMPERATURE DATA]      [PRECIPITATION DATA]       SYMBOLS USED IN COLUMN 16

AVERAGE MONTHLY: 53.0   TOTAL FOR MONTH:      T    1 = FOG OR MIST
DPTR FM NORMAL:   3.4   DPTR FM NORMAL:   -0.37    2 = FOG REDUCING VISIBILITY
HIGHEST:    82 ON 10    GRTST 24HR    T  ON  3- 3      TO 1/4 MILE OR LESS
LOWEST:     22 ON  3                               3 = THUNDER
                        SNOW, ICE PELLETS, HAIL    4 = ICE PELLETS
                        TOTAL MONTH:   0.0 INCH    5 = HAIL
                        GRTST 24HR     0.0         6 = FREEZING RAIN OR DRIZZLE
                        GRTST DEPTH:   0           7 = DUSTSTORM OR SANDSTORM:
                                                       VSBY 1/2 MILE OR LESS
                                                   8 = SMOKE OR HAZE
[NO. OF DAYS WITH]      [WEATHER - DAYS WITH]      9 = BLOWING SNOW
                                                   X = TORNADO
MAX 32 OR BELOW:   0    0.01 INCH OR MORE:   0
MAX 90 OR ABOVE:   0    0.10 INCH OR MORE:   0
MIN 32 OR BELOW:   9    0.50 INCH OR MORE:   0
MIN  0 OR BELOW:   0    1.00 INCH OR MORE:   0

[HDD (BASE 65) ]
TOTAL THIS MO.   224    CLEAR  (SCALE 0-3)  17
DPTR FM NORMAL   -70    PTCLDY (SCALE 4-7)   2
TOTAL FM JUL 1  7034    CLOUDY (SCALE 8-10)  0
DPTR FM NORMAL -1260

[CDD (BASE 65) ]
TOTAL THIS MO.     0
DPTR FM NORMAL     0    [PRESSURE DATA]
TOTAL FM JAN 1     0    HIGHEST SLP M ON M
DPTR FM NORMAL     0    LOWEST  SLP 29.56 ON 11

[REMARKS]
