000
CXUS54 KEWX 220910
CF6AQO
PRELIMINARY LOCAL CLIMATOLOGICAL DATA (WS FORM: F-6)

                                          STATION:   Llano Municipal Airport
                                          MONTH:     MAY
                                          YEAR:      2018
                                          LATITUDE:   30 47 N
                                          LONGITUDE:  98 40 W

  TEMPERATURE IN F:       :PCPN:    SNOW:  WIND      :SUNSHINE: SKY     :PK WND
================================================================================
1   2   3   4   5  6A  6B    7    8   9   10  11  12  13   14  15   16   17  18
                                     12Z  AVG MX 2MIN
DY MAX MIN AVG DEP HDD CDD  WTR  SNW DPTH SPD SPD DIR MIN PSBL S-S WX    SPD DR
================================================================================

 1  81  70  76   M   0  11 0.00    M    M  7.9 14 110   M    M   9        21 150
 2  91  72  82   M   0  17 0.00    M    M  9.0 16 160   M    M   8        27 130
 3  91  72  82   M   0  17 0.00    M    M  6.9  9 210   M    M   6 3      17 150
 4  75  63  69   M   0   4 0.24    M    M  6.6 22  10   M    M   9 13     30  10
 5  84  59  72   M   0   7 0.01    M    M  3.5 12 340   M    M   4 12      M  M
 6  91  54  73   M   0   8 0.00    M    M  2.2  7 100   M    M   0         M  M
 7  93  55  74   M   0   9 0.00    M    M  2.7  8 180   M    M   0         M  M
 8  91  59  75   M   0  10 0.00    M    M  5.1 16 190   M    M   0        21 180
 9  90  61  76   M   0  11 0.00    M    M  6.7 14 200   M    M   0        22 160
10  88  64  76   M   0  11 0.00    M    M  7.4 14 140   M    M   3        23 150
11  90  66  78   M   0  13 0.00    M    M  9.5 18 180   M    M   0        25 180
12  91  70  81   M   0  16 0.00    M    M  8.1 15 140   M    M   1        21 190
13  91  70  81   M   0  16 0.00    M    M  6.0 13 170   M    M   3        17 150
14  91  72  82   M   0  17 0.00    M    M  6.1 13 170   M    M   4 3      18 190
15  93  66  80   M   0  15 0.10    M    M  5.4 21 280   M    M   2 13     30 280
16  93  64  79   M   0  14 0.00    M    M  2.6 14 220   M    M   0         M  M
17  97  66  82   M   0  17 0.00    M    M  3.6 10 140   M    M   0        16 130
18  97  70  84   M   0  19 0.00    M    M  5.6 14 150   M    M   0        21 150
19  91  64  78   M   0  13 0.00    M    M  9.2 18 170   M    M   1 13     27 170
20  81  66  74   M   0   9 0.03    M    M  4.0 13  20   M    M   6 3      23 360
21  88  66  77   M   0  12 0.00  0.0    0  2.7  8 120   M    M   5         M  M
================================================================================
SM 1878 1369         0 266  0.38     0.0 120.8          M       61
================================================================================
AV 89.4 65.2                               5.8 FASTST   M    M   3    MAX(MPH)
                                 MISC ---->  # 22  10               # 30   10
================================================================================
NOTES:
# LAST OF SEVERAL OCCURRENCES

COLUMN 17 PEAK WIND IN M.P.H.

PRELIMINARY LOCAL CLIMATOLOGICAL DATA (WS FORM: F-6) , PAGE 2

                                          STATION:  Llano Municipal Airport
                                          MONTH:    MAY
                                          YEAR:     2018
                                          LATITUDE:   30 47 N
                                          LONGITUDE:  98 40 W

[TEMPERATURE DATA]      [PRECIPITATION DATA]       SYMBOLS USED IN COLUMN 16

AVERAGE MONTHLY: 77.3   TOTAL FOR MONTH:   0.38    1 = FOG OR MIST
DPTR FM NORMAL:     M   DPTR FM NORMAL:       M    2 = FOG REDUCING VISIBILITY
HIGHEST:    97 ON 18,17 GRTST 24HR  0.24 ON  4- 4      TO 1/4 MILE OR LESS
LOWEST:     54 ON  6                               3 = THUNDER
                        SNOW, ICE PELLETS, HAIL    4 = ICE PELLETS
                        TOTAL MONTH:   0.0 INCH    5 = HAIL
                        GRTST 24HR     0.0         6 = FREEZING RAIN OR DRIZZLE
                        GRTST DEPTH:   0           7 = DUSTSTORM OR SANDSTORM:
                                                       VSBY 1/2 MILE OR LESS
                                                   8 = SMOKE OR HAZE
[NO. OF DAYS WITH]      [WEATHER - DAYS WITH]      9 = BLOWING SNOW
                                                   X = TORNADO
MAX 32 OR BELOW:   0    0.01 INCH OR MORE:   4
MAX 90 OR ABOVE:  15    0.10 INCH OR MORE:   2
MIN 32 OR BELOW:   0    0.50 INCH OR MORE:   0
MIN  0 OR BELOW:   0    1.00 INCH OR MORE:   0

[HDD (BASE 65) ]
TOTAL THIS MO.     0    CLEAR  (SCALE 0-3)  11
DPTR FM NORMAL     M    PTCLDY (SCALE 4-7)   8
TOTAL FM JUL 1  1755    CLOUDY (SCALE 8-10)  2
DPTR FM NORMAL     M

[CDD (BASE 65) ]
TOTAL THIS MO.   266
DPTR FM NORMAL     M    [PRESSURE DATA]
TOTAL FM JAN 1   460    HIGHEST SLP M ON M
DPTR FM NORMAL     M    LOWEST  SLP M ON M

[REMARKS]
