000
CXUS51 KBUF 241205
CF6ART
PRELIMINARY LOCAL CLIMATOLOGICAL DATA (WS FORM: F-6)

                                          STATION:   WATERTOWN NY
                                          MONTH:     MAY
                                          YEAR:      2018
                                          LATITUDE:   43 59 N
                                          LONGITUDE:  76  2 W

  TEMPERATURE IN F:       :PCPN:    SNOW:  WIND      :SUNSHINE: SKY     :PK WND
================================================================================
1   2   3   4   5  6A  6B    7    8   9   10  11  12  13   14  15   16   17  18
                                     12Z  AVG MX 2MIN
DY MAX MIN AVG DEP HDD CDD  WTR  SNW DPTH SPD SPD DIR MIN PSBL S-S WX    SPD DR
================================================================================

 1  68  34  51   1  14   0 0.00    M    M  6.6 14 210   M    M   1        18 220
 2  80  56  68  18   0   3    T    M    M 11.1 25 230   M    M   2        35 230
 3  68  51  60   9   5   0 0.25    M    M  7.4 20 230   M    M   8 12     28 230
 4  77  43  60   9   5   0 0.06    M    M 11.6 43 230   M    M   8 1238   62 230
 5  71  42  57   6   8   0 0.00    M    M  9.6 21 220   M    M   2        26 230
 6  71  50  61   9   4   0 0.01    M    M  6.8 21  20   M    M   4        27  10
 7  64  35  50  -2  15   0    T    M    M  6.1 16  40   M    M   2        22  40
 8  71  31  51  -1  14   0 0.00    M    M  4.1 12 270   M    M   0        15 260
 9  81  41  61   9   4   0 0.00    M    M  5.9 15 270   M    M   1 1      19 150
10  71  51  61   8   4   0 0.02    M    M 12.8 25 230   M    M   5 8      36 260
11  54  34  44  -9  21   0 0.00    M    M  8.4 20  10   M    M   2        26  10
12  64  32  48  -6  17   0 0.00    M    M  4.8 14 250   M    M   0        19 260
13  71  35  53  -1  12   0 0.00    M    M  4.9 13 230   M    M   0 1      17 230
14  68  52  60   6   5   0 0.00    M    M  6.6 22 260   M    M   1        25 260
15  66  46  56   2   9   0 0.56    M    M  3.7 18 280   M    M   5 12     23 280
16  73  40  57   2   8   0 0.00    M    M  5.9 14 260   M    M   1 12     17 260
17  73  50  62   7   3   0 0.00  0.0    0  8.0 16  50   M    M   1        20  50
18  69  42  56   1   9   0 0.00    M    M 11.0 20  30   M    M   0        25  40
19  64  46  55  -1  10   0 0.31    M    M  6.7 17 170   M    M   6 1      27 170
20  68  42  55  -1  10   0 0.04    M    M  7.3 16 200   M    M   6 12     29 210
21  67  37  52  -4  13   0 0.00    M    M  4.9 16 270   M    M   1 12     19 270
22  62  51  57   1   8   0 0.26    M    M  4.8 13 260   M    M   8 12     17 260
23  68  42  55  -2  10   0 0.00    M    M  6.4 17 210   M    M   5 12     23 220
================================================================================
SM 1589  983       208   3  1.51     0.0 165.4          M       69
================================================================================
AV 69.1 42.7                               7.2 FASTST   M    M   3    MAX(MPH)
                                 MISC ---->  # 43 230               # 62  230
================================================================================
NOTES:
# LAST OF SEVERAL OCCURRENCES

COLUMN 17 PEAK WIND IN M.P.H.

PRELIMINARY LOCAL CLIMATOLOGICAL DATA (WS FORM: F-6) , PAGE 2

                                          STATION:  WATERTOWN NY
                                          MONTH:    MAY
                                          YEAR:     2018
                                          LATITUDE:   43 59 N
                                          LONGITUDE:  76  2 W

[TEMPERATURE DATA]      [PRECIPITATION DATA]       SYMBOLS USED IN COLUMN 16

AVERAGE MONTHLY: 55.9   TOTAL FOR MONTH:   1.51    1 = FOG OR MIST
DPTR FM NORMAL:   2.5   DPTR FM NORMAL:   -0.73    2 = FOG REDUCING VISIBILITY
HIGHEST:    81 ON  9    GRTST 24HR  0.56 ON 15-15      TO 1/4 MILE OR LESS
LOWEST:     31 ON  8                               3 = THUNDER
                        SNOW, ICE PELLETS, HAIL    4 = ICE PELLETS
                        TOTAL MONTH:   0.0 INCH    5 = HAIL
                        GRTST 24HR     0.0         6 = FREEZING RAIN OR DRIZZLE
                        GRTST DEPTH:   0           7 = DUSTSTORM OR SANDSTORM:
                                                       VSBY 1/2 MILE OR LESS
                                                   8 = SMOKE OR HAZE
[NO. OF DAYS WITH]      [WEATHER - DAYS WITH]      9 = BLOWING SNOW
                                                   X = TORNADO
MAX 32 OR BELOW:   0    0.01 INCH OR MORE:   8
MAX 90 OR ABOVE:   0    0.10 INCH OR MORE:   4
MIN 32 OR BELOW:   2    0.50 INCH OR MORE:   1
MIN  0 OR BELOW:   0    1.00 INCH OR MORE:   0

[HDD (BASE 65) ]
TOTAL THIS MO.   208    CLEAR  (SCALE 0-3)  14
DPTR FM NORMAL   -65    PTCLDY (SCALE 4-7)   8
TOTAL FM JUL 1  7326    CLOUDY (SCALE 8-10)  1
DPTR FM NORMAL   -90

[CDD (BASE 65) ]
TOTAL THIS MO.     3
DPTR FM NORMAL     3    [PRESSURE DATA]
TOTAL FM JAN 1     3    HIGHEST SLP M ON M
DPTR FM NORMAL     2    LOWEST  SLP 29.60 ON  4

[REMARKS]
