000
CXUS56 KPQR 271201
CF6AST
PRELIMINARY LOCAL CLIMATOLOGICAL DATA (WS FORM: F-6)
STATION: ASTORIA OR
MONTH: MARCH
YEAR: 2024
LATITUDE: 46 9 N
LONGITUDE: 123 53 W
TEMPERATURE IN F: :PCPN: SNOW: WIND :SUNSHINE: SKY :PK WND
================================================================================
1 2 3 4 5 6A 6B 7 8 9 10 11 12 13 14 15 16 17 18
12Z AVG MX 2MIN
DY MAX MIN AVG DEP HDD CDD WTR SNW DPTH SPD SPD DIR MIN PSBL S-S WX SPD DR
================================================================================
1 44 34 39 -6 26 0 0.50 M M M M M M M 9 1 M M
2 47 35 41 -4 24 0 0.27 M M M M M M M 8 1 M M
3 45 35 40 -5 25 0 1.01 M M M M M M M 9 13 M M
4 41 33 37 -8 28 0 0.39 M M M M M M M 9 1 M M
5 47 32 40 -5 25 0 0.00 M M M M M M M 6 1 M M
6 49 29 39 -6 26 0 0.00 M M 5.8 14 320 M M 6 128 21 300
7 51 28 40 -5 25 0 0.00 M M 4.6 13 20 M M 1 15 10
8 58 38 48 3 17 0 T M M 5.2 13 220 M M 4 18 220
9 53 43 48 3 17 0 0.61 M M 12.2 31 220 M M 9 138 46 230
10 52 41 47 1 18 0 1.01 M M 11.2 25 230 M M 9 18 39 250
11 51 41 46 0 19 0 0.64 M M 10.0 23 180 M M 9 1 35 220
12 51 38 45 -1 20 0 0.06 M M 10.4 25 260 M M 7 18 35 260
13 53 37 45 -1 20 0 T M M 4.5 10 350 M M 3 12 330
14 62 34 48 2 17 0 0.00 M M 7.3 15 50 M M 0 22 60
15 69 43 56 10 9 0 0.00 M M 9.7 18 80 M M 0 24 90
16 75 42 59 13 6 0 0.00 M M 7.5 18 90 M M 0 24 220
17 58 39 49 3 16 0 0.00 M M 4.0 12 270 M M 3 18 16 300
18 68 40 54 8 11 0 0.00 M M 3.7 14 310 M M 5 12 16 300
19 52 47 50 4 15 0 0.00 M M 6.2 14 240 M M 10 1 19 250
20 52 47 50 4 15 0 0.37 M M 4.3 12 190 M M 10 18 17 210
21 57 47 52 6 13 0 0.22 M M 5.0 16 200 M M 10 1 24 220
22 59 43 51 5 14 0 0.21 M M 4.9 17 210 M M 8 1 28 220
23 54 42 48 1 17 0 0.20 M M 5.1 14 60 M M 7 1 17 250
24 56 47 52 5 13 0 0.13 M M 6.2 14 240 M M 10 1 18 250
25 52 47 50 3 15 0 0.24 M M 6.5 17 270 M M 9 1 22 250
26 54 44 49 2 16 0 0.09 M M 7.2 16 220 M M 8 1 25 230
================================================================================
SM 1410 1026 467 0 5.95 M 141.5 M 169
================================================================================
AV 54.2 39.5 6.7 FASTST M M 7 MAX(MPH)
MISC ----> 31 220 46 230
================================================================================
NOTES:
# LAST OF SEVERAL OCCURRENCES
COLUMN 17 PEAK WIND IN M.P.H.
PRELIMINARY LOCAL CLIMATOLOGICAL DATA (WS FORM: F-6) , PAGE 2
STATION: ASTORIA OR
MONTH: MARCH
YEAR: 2024
LATITUDE: 46 9 N
LONGITUDE: 123 53 W
[TEMPERATURE DATA] [PRECIPITATION DATA] SYMBOLS USED IN COLUMN 16
AVERAGE MONTHLY: 46.8 TOTAL FOR MONTH: 5.95 1 = FOG OR MIST
DPTR FM NORMAL: 1.0 DPTR FM NORMAL: -0.79 2 = FOG REDUCING VISIBILITY
HIGHEST: 75 ON 16 GRTST 24HR 1.24 ON 9-10 TO 1/4 MILE OR LESS
LOWEST: 28 ON 7 3 = THUNDER
SNOW, ICE PELLETS, HAIL 4 = ICE PELLETS
TOTAL MONTH: M 5 = HAIL
GRTST 24HR M ON M 6 = FREEZING RAIN OR DRIZZLE
GRTST DEPTH: M ON M 7 = DUSTSTORM OR SANDSTORM:
VSBY 1/2 MILE OR LESS
8 = SMOKE OR HAZE
[NO. OF DAYS WITH] [WEATHER - DAYS WITH] 9 = BLOWING SNOW
X = TORNADO
MAX 32 OR BELOW: 0 0.01 INCH OR MORE: 15
MAX 90 OR ABOVE: 0 0.10 INCH OR MORE: 13
MIN 32 OR BELOW: 3 0.50 INCH OR MORE: 5
MIN 0 OR BELOW: 0 1.00 INCH OR MORE: 2
[HDD (BASE 65) ]
TOTAL THIS MO. 467 CLEAR (SCALE 0-3) 6
DPTR FM NORMAL -32 PTCLDY (SCALE 4-7) 8
TOTAL FM JUL 1 3265 CLOUDY (SCALE 8-10) 12
DPTR FM NORMAL -522
[CDD (BASE 65) ]
TOTAL THIS MO. 0
DPTR FM NORMAL 0 [PRESSURE DATA]
TOTAL FM JAN 1 0 HIGHEST SLP M ON M
DPTR FM NORMAL 0 LOWEST SLP 29.24 ON 1
[REMARKS]