000
CXUS55 KABR 241400
CF6ATY
PRELIMINARY LOCAL CLIMATOLOGICAL DATA (WS FORM: F-6)

                                          STATION:   WATERTOWN SD
                                          MONTH:     MAY
                                          YEAR:      2018
                                          LATITUDE:   44 55 N
                                          LONGITUDE:  97  9 W

  TEMPERATURE IN F:       :PCPN:    SNOW:  WIND      :SUNSHINE: SKY     :PK WND
================================================================================
1   2   3   4   5  6A  6B    7    8   9   10  11  12  13   14  15   16   17  18
                                     12Z  AVG MX 2MIN
DY MAX MIN AVG DEP HDD CDD  WTR  SNW DPTH SPD SPD DIR MIN PSBL S-S WX    SPD DR
================================================================================

 1  55  39  47  -4  18   0 0.00  0.0    0  9.1 25 360   M    M   5 1      32 360
 2  67  35  51   0  14   0 0.00  0.0    0  5.0 12 270   M    M   1 1      16 310
 3  71  41  56   4   9   0 0.00  0.0    0  6.2 17 360   M    M   0        21 320
 4  79  43  61   9   4   0    T  0.0    0  9.9 25 260   M    M   2        38 260
 5  81  44  63  10   2   0 0.00  0.0    0  7.9 21 270   M    M   1        27 270
 6  77  43  60   7   5   0 0.00  0.0    0  8.0 18  30   M    M   0        22  40
 7  81  48  65  12   0   0 0.02  0.0    0 13.6 29 270   M    M   1 3      38 270
 8  79  54  67  13   0   2 1.00  0.0    0 12.4 28 340   M    M   5 13     34 340
 9  69  45  57   3   8   0    T  0.0    0 12.2 26 360   M    M   7 1      33 360
10  50  37  44 -10  21   0 0.01  0.0    0 11.2 21  30   M    M   5        26  30
11  50  44  47  -8  18   0 0.07  0.0    0  8.8 17  90   M    M   9        24  80
12  55  42  49  -6  16   0    T  0.0    0  6.9 20  60   M    M   8        24  60
13  70  41  56   1   9   0 0.00  0.0    0  4.0 10 230   M    M   5        14  40
14  68  51  60   4   5   0 0.01  0.0    0  5.1 13 310   M    M   8 12     15 330
15  77  53  65   9   0   0 0.00  0.0    0  8.3 16  40   M    M   1 12     22  30
16  82  52  67  11   0   2 0.00  0.0    0  6.8 15 200   M    M   0 1      20 170
17  83  57  70  14   0   5 0.00  0.0    0 10.6 24 170   M    M   1        32 180
18  72  46  59   2   6   0 0.08  0.0    0 13.5 24 350   M    M   5 1      34 190
19  66  43  55  -2  10   0 0.00  0.0    0 18.1 30  10   M    M   5 1      42  10
20  68  38  53  -4  12   0 0.00  0.0    0  9.6 20  60   M    M   3        26  70
21  63  53  58   0   7   0 0.05  0.0    0  4.0  9 210   M    M   9 12     15  80
22  81  51  66   8   0   1 0.00  0.0    0  5.9 15 170   M    M   3 12     21 170
23  81  64  73  15   0   8 0.43  0.0    0 10.3 22 140   M    M   5 13     31 130
================================================================================
SM 1625 1064       164  18  1.67     0.0 207.4          M       89
================================================================================
AV 70.7 46.3                               9.0 FASTST   M    M   4    MAX(MPH)
                                 MISC ---->  # 30  10               # 42   10
================================================================================
NOTES:
# LAST OF SEVERAL OCCURRENCES

COLUMN 17 PEAK WIND IN M.P.H.

PRELIMINARY LOCAL CLIMATOLOGICAL DATA (WS FORM: F-6) , PAGE 2

                                          STATION:  WATERTOWN SD
                                          MONTH:    MAY
                                          YEAR:     2018
                                          LATITUDE:   44 55 N
                                          LONGITUDE:  97  9 W

[TEMPERATURE DATA]      [PRECIPITATION DATA]       SYMBOLS USED IN COLUMN 16

AVERAGE MONTHLY: 58.5   TOTAL FOR MONTH:   1.67    1 = FOG OR MIST
DPTR FM NORMAL:   3.6   DPTR FM NORMAL:   -0.22    2 = FOG REDUCING VISIBILITY
HIGHEST:    83 ON 17    GRTST 24HR  1.00 ON  8- 8      TO 1/4 MILE OR LESS
LOWEST:     35 ON  2                               3 = THUNDER
                        SNOW, ICE PELLETS, HAIL    4 = ICE PELLETS
                        TOTAL MONTH:   0.0 INCH    5 = HAIL
                        GRTST 24HR     0.0         6 = FREEZING RAIN OR DRIZZLE
                        GRTST DEPTH:   0           7 = DUSTSTORM OR SANDSTORM:
                                                       VSBY 1/2 MILE OR LESS
                                                   8 = SMOKE OR HAZE
[NO. OF DAYS WITH]      [WEATHER - DAYS WITH]      9 = BLOWING SNOW
                                                   X = TORNADO
MAX 32 OR BELOW:   0    0.01 INCH OR MORE:   8
MAX 90 OR ABOVE:   0    0.10 INCH OR MORE:   2
MIN 32 OR BELOW:   0    0.50 INCH OR MORE:   1
MIN  0 OR BELOW:   0    1.00 INCH OR MORE:   1

[HDD (BASE 65) ]
TOTAL THIS MO.   164    CLEAR  (SCALE 0-3)  10
DPTR FM NORMAL   -80    PTCLDY (SCALE 4-7)  11
TOTAL FM JUL 1  8611    CLOUDY (SCALE 8-10)  2
DPTR FM NORMAL   216

[CDD (BASE 65) ]
TOTAL THIS MO.    18
DPTR FM NORMAL     6    [PRESSURE DATA]
TOTAL FM JAN 1    18    HIGHEST SLP M ON M
DPTR FM NORMAL     4    LOWEST  SLP 29.67 ON  1

[REMARKS]
