000
CXUS53 KIWX 240800
CF6BEH
PRELIMINARY LOCAL CLIMATOLOGICAL DATA (WS FORM: F-6)

                                          STATION:   BENTON HARBOR
                                          MONTH:     APRIL
                                          YEAR:      2018
                                          LATITUDE:   42  7 N
                                          LONGITUDE:  86 26 W

  TEMPERATURE IN F:       :PCPN:    SNOW:  WIND      :SUNSHINE: SKY     :PK WND
================================================================================
1   2   3   4   5  6A  6B    7    8   9   10  11  12  13   14  15   16   17  18
                                     12Z  AVG MX 2MIN
DY MAX MIN AVG DEP HDD CDD  WTR  SNW DPTH SPD SPD DIR MIN PSBL S-S WX    SPD DR
================================================================================

 1  34  22  28 -15  37   0 0.00  0.0    0  6.1 14 270   M    M   2        22 270
 2  43  18  31 -13  34   0 0.00  0.0    0  4.3 13 140   M    M   2 8      16 180
 3  42  35  39  -5  26   0 0.23    M    0  8.8 16  70   M    M  10 138    21 100
 4  35  27  31 -13  34   0 0.04    M    0 16.8 24 290   M    M   9 1      39 320
 5  41  27  34 -11  31   0 0.03    M    0  8.8 18 280   M    M   5 1      24 280
 6  38  28  33 -12  32   0 0.11    M    0 11.3 24 270   M    M   8 18     30 270
 7  31  19  25 -21  40   0 0.00  0.0    0  6.4 17 270   M    M   5        23 260
 8  37  16  27 -19  38   0 0.00  0.0    0  4.4 12 260   M    M   3        16 280
 9  39  25  32 -14  33   0 0.01    M    0  3.5 12 300   M    M   7 18     17 290
10  44  22  33 -14  32   0 0.00  0.0    0  7.2 20 230   M    M   2 18     23 230
11  55  36  46  -1  19   0 0.03    M    0 10.2 22 230   M    M   7        29 220
12  69  43  56   9   9   0 0.16    M    0 10.2 32 230   M    M   3 18     41 230
13  65  46  56   8   9   0 0.04    M    0  8.8 17  70   M    M   8 8      22  70
14  46  34  40  -8  25   0 1.07  0.0    0 19.2 30  80   M    M  10 18     42  80
15  41  33  37 -11  28   0 0.93    M    0  7.3 30 100   M    M  10 1      41 100
16  36  31  34 -15  31   0 0.04    M    M 16.0 24 290   M    M  10 18     30 290
17  37  31  34 -15  31   0    T    M    0  9.6 23 290   M    M   8        32 280
18  45  27  36 -14  29   0 0.08    M    0  4.7 16  70   M    M   8 18     22  80
19  43  29  36 -14  29   0 0.01    M    M  6.7 17 310   M    M   3 1      26 300
20  52  23  38 -12  27   0 0.00  0.0    0  3.4 12 300   M    M   0 1      16 300
21  55  28  42  -9  23   0 0.00  0.0    0  2.3  9 280   M    M   2        12 280
22  66  36  51   0  14   0 0.00  0.0    0  6.6 21 110   M    M   1 8      25 110
23  75  41  58   7   7   0 0.00  0.0    0  7.7 15 110   M    M   2        19 100
================================================================================
SM 1069  677       618   0  2.78     0.0 190.3          M      125
================================================================================
AV 46.5 29.4                               8.3 FASTST   M    M   5    MAX(MPH)
                                 MISC ---->  # 32 230               # 42   80
================================================================================
NOTES:
# LAST OF SEVERAL OCCURRENCES

COLUMN 17 PEAK WIND IN M.P.H.

PRELIMINARY LOCAL CLIMATOLOGICAL DATA (WS FORM: F-6) , PAGE 2

                                          STATION:  BENTON HARBOR
                                          MONTH:    APRIL
                                          YEAR:     2018
                                          LATITUDE:   42  7 N
                                          LONGITUDE:  86 26 W

[TEMPERATURE DATA]      [PRECIPITATION DATA]       SYMBOLS USED IN COLUMN 16

AVERAGE MONTHLY: 38.0   TOTAL FOR MONTH:   2.78    1 = FOG OR MIST
DPTR FM NORMAL:  -9.4   DPTR FM NORMAL:    0.21    2 = FOG REDUCING VISIBILITY
HIGHEST:    75 ON 23    GRTST 24HR  1.07 ON 14-14      TO 1/4 MILE OR LESS
LOWEST:     16 ON  8                               3 = THUNDER
                        SNOW, ICE PELLETS, HAIL    4 = ICE PELLETS
                        TOTAL MONTH:   0.0 INCH    5 = HAIL
                        GRTST 24HR     0.0         6 = FREEZING RAIN OR DRIZZLE
                        GRTST DEPTH:   0           7 = DUSTSTORM OR SANDSTORM:
                                                       VSBY 1/2 MILE OR LESS
                                                   8 = SMOKE OR HAZE
[NO. OF DAYS WITH]      [WEATHER - DAYS WITH]      9 = BLOWING SNOW
                                                   X = TORNADO
MAX 32 OR BELOW:   1    0.01 INCH OR MORE:  13
MAX 90 OR ABOVE:   0    0.10 INCH OR MORE:   5
MIN 32 OR BELOW:  15    0.50 INCH OR MORE:   2
MIN  0 OR BELOW:   0    1.00 INCH OR MORE:   1

[HDD (BASE 65) ]
TOTAL THIS MO.   618    CLEAR  (SCALE 0-3)   9
DPTR FM NORMAL   207    PTCLDY (SCALE 4-7)   7
TOTAL FM JUL 1  5916    CLOUDY (SCALE 8-10)  7
DPTR FM NORMAL   172

[CDD (BASE 65) ]
TOTAL THIS MO.     0
DPTR FM NORMAL    -5    [PRESSURE DATA]
TOTAL FM JAN 1     0    HIGHEST SLP M ON M
DPTR FM NORMAL    -6    LOWEST  SLP 29.45 ON  3

[REMARKS]
