000
CXUS56 KBOI 191002
CF6BKE
PRELIMINARY LOCAL CLIMATOLOGICAL DATA (WS FORM: F-6)

                                          STATION:   BAKER OR
                                          MONTH:     APRIL
                                          YEAR:      2018
                                          LATITUDE:   44 50 N
                                          LONGITUDE: 117 49 W

  TEMPERATURE IN F:       :PCPN:    SNOW:  WIND      :SUNSHINE: SKY     :PK WND
================================================================================
1   2   3   4   5  6A  6B    7    8   9   10  11  12  13   14  15   16   17  18
                                     12Z  AVG MX 2MIN
DY MAX MIN AVG DEP HDD CDD  WTR  SNW DPTH SPD SPD DIR MIN PSBL S-S WX    SPD DR
================================================================================

 1  61  27  44   3  21   0 0.01    M    M  6.3 25 350   M    M   5        29 360
 2  45  19  32  -9  33   0    T    M    M 14.1 35 330   M    M   4        41 330
 3  52  17  35  -6  30   0 0.00    M    M  8.9 24 110   M    M   1        31 120
 4  59  28  44   3  21   0    T    M    M  3.7 12  40   M    M   8        18  20
 5  56  42  49   7  16   0 0.01    M    M  2.8 13  40   M    M  10         M  M
 6  65  39  52  10  13   0    T    M    M   M  23 150   M    M   M         M  M
 7  63  47  55  13  10   0 0.19    M    M 91.0 40 230   M    M   M 3      56 270
 8  52  35  44   2  21   0 0.06    M    M  9.5 26 200   M    M   M        33 200
 9  61  27  44   2  21   0 0.00    M    M  7.1 20 100   M    M   0 2      24 110
10  65  40  53  11  12   0 0.11    M    M 10.4 30 310   M    M   4 1      37 310
11  57  35  46   4  19   0 0.08    M    M  8.4 26 130   M    M   6        32 130
12  50  36  43   0  22   0 0.05    M    M 14.8 33 300   M    M   7        43 290
13  51  27  39  -4  26   0 0.01    M    M  5.9 16 330   M    M   8        20 310
14  63  39  51   8  14   0 0.02    M    M  6.3 17 120   M    M   6        22 130
15  61  42  52   9  13   0 0.07    M    M  9.5 35 150   M    M   9        43 150
16  53  25  39  -4  26   0    T    M    M  8.3 24 280   M    M   3        32 280
17  53  23  38  -6  27   0 0.00    M    M  6.2 20 300   M    M   4 18     24 300
18  57  22  40  -4  25   0    T    M    M  6.4 18 100   M    M   3 1      25 110
================================================================================
SM 1024  570       370   0  0.61    M    219.6          M       78
================================================================================
AV 56.9 31.7                              12.9 FASTST   M    M   5    MAX(MPH)
                                 MISC ---->  # 40 230               # 56  270
================================================================================
NOTES:
# LAST OF SEVERAL OCCURRENCES

COLUMN 17 PEAK WIND IN M.P.H.

PRELIMINARY LOCAL CLIMATOLOGICAL DATA (WS FORM: F-6) , PAGE 2

                                          STATION:  BAKER OR
                                          MONTH:    APRIL
                                          YEAR:     2018
                                          LATITUDE:   44 50 N
                                          LONGITUDE: 117 49 W

[TEMPERATURE DATA]      [PRECIPITATION DATA]       SYMBOLS USED IN COLUMN 16

AVERAGE MONTHLY: 44.3   TOTAL FOR MONTH:   0.61    1 = FOG OR MIST
DPTR FM NORMAL:   2.0   DPTR FM NORMAL:    0.15    2 = FOG REDUCING VISIBILITY
HIGHEST:    65 ON 10, 6 GRTST 24HR  0.19 ON  7- 7      TO 1/4 MILE OR LESS
LOWEST:     17 ON  3                               3 = THUNDER
                        SNOW, ICE PELLETS, HAIL    4 = ICE PELLETS
                        TOTAL MONTH:    M          5 = HAIL
                        GRTST 24HR    M  ON   M    6 = FREEZING RAIN OR DRIZZLE
                        GRTST DEPTH:  M  ON   M    7 = DUSTSTORM OR SANDSTORM:
                                                       VSBY 1/2 MILE OR LESS
                                                   8 = SMOKE OR HAZE
[NO. OF DAYS WITH]      [WEATHER - DAYS WITH]      9 = BLOWING SNOW
                                                   X = TORNADO
MAX 32 OR BELOW:   0    0.01 INCH OR MORE:  10
MAX 90 OR ABOVE:   0    0.10 INCH OR MORE:   2
MIN 32 OR BELOW:   9    0.50 INCH OR MORE:   0
MIN  0 OR BELOW:   0    1.00 INCH OR MORE:   0

[HDD (BASE 65) ]
TOTAL THIS MO.   370    CLEAR  (SCALE 0-3)   3
DPTR FM NORMAL   -39    PTCLDY (SCALE 4-7)   9
TOTAL FM JUL 1  5910    CLOUDY (SCALE 8-10)  3
DPTR FM NORMAL  -867

[CDD (BASE 65) ]
TOTAL THIS MO.     0
DPTR FM NORMAL     0    [PRESSURE DATA]
TOTAL FM JAN 1     0    HIGHEST SLP M ON M
DPTR FM NORMAL     0    LOWEST  SLP 29.42 ON 15

[REMARKS]
