000
CXUS56 KBOI 221002
CF6BNO
PRELIMINARY LOCAL CLIMATOLOGICAL DATA (WS FORM: F-6)

                                          STATION:   BURNS OR
                                          MONTH:     APRIL
                                          YEAR:      2018
                                          LATITUDE:   43 34 N
                                          LONGITUDE: 118 57 W

  TEMPERATURE IN F:       :PCPN:    SNOW:  WIND      :SUNSHINE: SKY     :PK WND
================================================================================
1   2   3   4   5  6A  6B    7    8   9   10  11  12  13   14  15   16   17  18
                                     12Z  AVG MX 2MIN
DY MAX MIN AVG DEP HDD CDD  WTR  SNW DPTH SPD SPD DIR MIN PSBL S-S WX    SPD DR
================================================================================

 1  59  30  45   4  20   0 0.02    M    M 12.5 26 240   M    M   5        33 240
 2  42  14  28 -13  37   0    T    M    M 13.0 26 270   M    M   3        35 280
 3  54  11  33  -8  32   0 0.00    M    M  6.2 18 240   M    M   3        23 230
 4  63  37  50   9  15   0 0.00    M    M  8.1 17 240   M    M   9        24 200
 5  54  38  46   5  19   0 0.13    M    M  6.0 22 200   M    M   9        28 180
 6  53  41  47   6  18   0 0.12    M    M  6.1 15 150   M    M  10 1      18 160
 7  58  40  49   8  16   0 0.08    M    M 15.8 39 230   M    M   7 1      48 210
 8  57  29  43   1  22   0    T    M    M 12.4 29 230   M    M   7        39 230
 9  62  19  41  -1  24   0 0.00    M    M  6.7 16  30   M    M   0        21  40
10  58  42  50   8  15   0 0.02    M    M  7.5 26 190   M    M   8        32 190
11  50  29  40  -2  25   0 0.07    M    M 10.1 26 210   M    M   8 1      33 210
12  45  24  35  -7  30   0 0.03    M    M 17.7 35 260   M    M   3 1      43 250
13  52  17  35  -7  30   0    T    M    M  4.8 17 230   M    M   7        21 210
14  58  36  47   5  18   0    T    M    M  3.7 20 230   M    M   5        26 220
15  60  35  48   5  17   0 0.04    M    M 11.9 37 150   M    M   9        49 150
16  47  22  35  -8  30   0    T    M    M 12.6 29 280   M    M   4 1      36 280
17  51  20  36  -7  29   0 0.00    M    M  8.2 21 260   M    M   5        26 230
18  52  26  39  -4  26   0 0.02    M    M  8.5 20  50   M    M   7        30 130
19  61  33  47   3  18   0    T    M    M 11.6 22 310   M    M   6        29 310
20  66  29  48   4  17   0 0.00    M    M  8.2 15 220   M    M   0        20 320
21  64  34  49   5  16   0 0.00    M    M  9.7 21 210   M    M   0        24 210
================================================================================
SM 1166  606       474   0  0.53    M    201.3          M      115
================================================================================
AV 55.5 28.9                               9.6 FASTST   M    M   5    MAX(MPH)
                                 MISC ---->  # 39 230               # 49  150
================================================================================
NOTES:
# LAST OF SEVERAL OCCURRENCES

COLUMN 17 PEAK WIND IN M.P.H.

PRELIMINARY LOCAL CLIMATOLOGICAL DATA (WS FORM: F-6) , PAGE 2

                                          STATION:  BURNS OR
                                          MONTH:    APRIL
                                          YEAR:     2018
                                          LATITUDE:   43 34 N
                                          LONGITUDE: 118 57 W

[TEMPERATURE DATA]      [PRECIPITATION DATA]       SYMBOLS USED IN COLUMN 16

AVERAGE MONTHLY: 42.2   TOTAL FOR MONTH:   0.53    1 = FOG OR MIST
DPTR FM NORMAL:   0.0   DPTR FM NORMAL:   -0.12    2 = FOG REDUCING VISIBILITY
HIGHEST:    66 ON 20    GRTST 24HR  0.13 ON  5- 5      TO 1/4 MILE OR LESS
LOWEST:     11 ON  3                               3 = THUNDER
                        SNOW, ICE PELLETS, HAIL    4 = ICE PELLETS
                        TOTAL MONTH:    M          5 = HAIL
                        GRTST 24HR    M  ON   M    6 = FREEZING RAIN OR DRIZZLE
                        GRTST DEPTH:  M  ON   M    7 = DUSTSTORM OR SANDSTORM:
                                                       VSBY 1/2 MILE OR LESS
                                                   8 = SMOKE OR HAZE
[NO. OF DAYS WITH]      [WEATHER - DAYS WITH]      9 = BLOWING SNOW
                                                   X = TORNADO
MAX 32 OR BELOW:   0    0.01 INCH OR MORE:   9
MAX 90 OR ABOVE:   0    0.10 INCH OR MORE:   2
MIN 32 OR BELOW:  12    0.50 INCH OR MORE:   0
MIN  0 OR BELOW:   0    1.00 INCH OR MORE:   0

[HDD (BASE 65) ]
TOTAL THIS MO.   474    CLEAR  (SCALE 0-3)   5
DPTR FM NORMAL    -5    PTCLDY (SCALE 4-7)  12
TOTAL FM JUL 1  6625    CLOUDY (SCALE 8-10)  4
DPTR FM NORMAL  -239

[CDD (BASE 65) ]
TOTAL THIS MO.     0
DPTR FM NORMAL     0    [PRESSURE DATA]
TOTAL FM JAN 1     0    HIGHEST SLP M ON M
DPTR FM NORMAL     0    LOWEST  SLP 29.42 ON 15

[REMARKS]
