000
CXUS55 KMSO 200900
CF6BTM
PRELIMINARY LOCAL CLIMATOLOGICAL DATA (WS FORM: F-6)

                                          STATION:   BUTTE MT
                                          MONTH:     APRIL
                                          YEAR:      2018
                                          LATITUDE:   45 57 N
                                          LONGITUDE: 112 30 W

  TEMPERATURE IN F:       :PCPN:    SNOW:  WIND      :SUNSHINE: SKY     :PK WND
================================================================================
1   2   3   4   5  6A  6B    7    8   9   10  11  12  13   14  15   16   17  18
                                     12Z  AVG MX 2MIN
DY MAX MIN AVG DEP HDD CDD  WTR  SNW DPTH SPD SPD DIR MIN PSBL S-S WX    SPD DR
================================================================================

 1  48  19  34  -2  31   0 0.11    M    M  4.4 22 260   M    M   5 1      31 260
 2  32  13  23 -13  42   0 0.02    M    M  7.7 25 330   M    M   8 18     32 320
 3  41  15  28  -8  37   0 0.00    M    M  6.5 16 250   M    M   6        23 250
 4  45  34  40   4  25   0    T    M    M  6.8 18  10   M    M  10        22 340
 5  50  19  35  -2  30   0 0.20    M    M  4.6 15 160   M    M  10 1      17 170
 6  36  16  26 -11  39   0 0.03    M    M  3.0 12 170   M    M   7 18     14 170
 7  54  22  38   1  27   0 0.14    M    M  5.3 32 310   M    M   5 1      43 310
 8  46  30  38   1  27   0    T    M    M  8.3 26 320   M    M   7        31 320
 9  49  30  40   2  25   0    T    M    M  5.1 17 240   M    M   6        22 230
10  53  25  39   1  26   0    T    M    M  2.8 17 240   M    M   5        23 240
11  52  33  43   5  22   0 0.07    M    M  6.9 16 250   M    M   7 1      23 260
12  42  29  36  -2  29   0 0.21    M    M 10.3 28 310   M    M   9 12     37 300
13  45  27  36  -2  29   0    T    M    M  9.2 22 330   M    M   4        28 310
14  50  31  41   3  24   0    T    M    M  4.0 13 150   M    M   9        18 260
15  55  29  42   3  23   0    T    M    M  8.2 24 110   M    M   5        30 120
16  52  29  41   2  24   0 0.31    M    M  8.6 29 140   M    M   8 1      40 140
17  41  22  32  -7  33   0    T    M    M  9.3 23 290   M    M   6        29 310
18  48  21  35  -4  30   0 0.00    M    M  3.2 13 210   M    M   1        16 220
19  56  26  41   1  24   0 0.00    M    M  4.3 15  70   M    M   4        21  50
================================================================================
SM  895  470       547   0  1.09    M    118.5          M      122
================================================================================
AV 47.1 24.7                               6.2 FASTST   M    M   6    MAX(MPH)
                                 MISC ---->  # 32 310               # 43  310
================================================================================
NOTES:
# LAST OF SEVERAL OCCURRENCES

COLUMN 17 PEAK WIND IN M.P.H.

PRELIMINARY LOCAL CLIMATOLOGICAL DATA (WS FORM: F-6) , PAGE 2

                                          STATION:  BUTTE MT
                                          MONTH:    APRIL
                                          YEAR:     2018
                                          LATITUDE:   45 57 N
                                          LONGITUDE: 112 30 W

[TEMPERATURE DATA]      [PRECIPITATION DATA]       SYMBOLS USED IN COLUMN 16

AVERAGE MONTHLY: 35.9   TOTAL FOR MONTH:   1.09    1 = FOG OR MIST
DPTR FM NORMAL:  -1.8   DPTR FM NORMAL:    0.39    2 = FOG REDUCING VISIBILITY
HIGHEST:    56 ON 19    GRTST 24HR  0.31 ON 16-16      TO 1/4 MILE OR LESS
LOWEST:     13 ON  2                               3 = THUNDER
                        SNOW, ICE PELLETS, HAIL    4 = ICE PELLETS
                        TOTAL MONTH:    M          5 = HAIL
                        GRTST 24HR    M  ON   M    6 = FREEZING RAIN OR DRIZZLE
                        GRTST DEPTH:  M  ON   M    7 = DUSTSTORM OR SANDSTORM:
                                                       VSBY 1/2 MILE OR LESS
                                                   8 = SMOKE OR HAZE
[NO. OF DAYS WITH]      [WEATHER - DAYS WITH]      9 = BLOWING SNOW
                                                   X = TORNADO
MAX 32 OR BELOW:   1    0.01 INCH OR MORE:   8
MAX 90 OR ABOVE:   0    0.10 INCH OR MORE:   5
MIN 32 OR BELOW:  17    0.50 INCH OR MORE:   0
MIN  0 OR BELOW:   0    1.00 INCH OR MORE:   0

[HDD (BASE 65) ]
TOTAL THIS MO.   547    CLEAR  (SCALE 0-3)   1
DPTR FM NORMAL    27    PTCLDY (SCALE 4-7)  14
TOTAL FM JUL 1  8112    CLOUDY (SCALE 8-10)  4
DPTR FM NORMAL   -19

[CDD (BASE 65) ]
TOTAL THIS MO.     0
DPTR FM NORMAL     0    [PRESSURE DATA]
TOTAL FM JAN 1     0    HIGHEST SLP M ON M
DPTR FM NORMAL     0    LOWEST  SLP 29.45 ON  7

[REMARKS]
