000
CXUS55 KLOX 251655
CF6CMA
PRELIMINARY LOCAL CLIMATOLOGICAL DATA (WS FORM: F-6)

                                          STATION:   CAMARILLO AIRPORT CA
                                          MONTH:     APRIL
                                          YEAR:      2018
                                          LATITUDE:   34 12 N
                                          LONGITUDE: 119  6 W

  TEMPERATURE IN F:       :PCPN:    SNOW:  WIND      :SUNSHINE: SKY     :PK WND
================================================================================
1   2   3   4   5  6A  6B    7    8   9   10  11  12  13   14  15   16   17  18
                                     12Z  AVG MX 2MIN
DY MAX MIN AVG DEP HDD CDD  WTR  SNW DPTH SPD SPD DIR MIN PSBL S-S WX    SPD DR
================================================================================

 1  66  54  60   2   5   0 0.00  0.0    0  4.6 15 230   M    M   9 18     20 230
 2  63  50  57  -1   8   0 0.00  0.0    0  3.1 12 270   M    M   7 8      14 260
 3  67  47  57  -1   8   0 0.00  0.0    0  4.5 14 210   M    M   3 18     19 240
 4  65  55  60   2   5   0 0.00  0.0    0  3.3 13 240   M    M   8 18     17 250
 5  67  50  59   1   6   0 0.00  0.0    0  4.2 15 240   M    M   2 18     19 230
 6  71  52  62   4   3   0 0.00  0.0    0  7.0 18 260   M    M   1 8      23 260
 7  72  56  64   6   1   0 0.00  0.0    0  5.1 20 260   M    M   4 8      25 270
 8  76  50  63   5   2   0 0.00  0.0    0  4.5 15 280   M    M   0        19 270
 9  95  48  72  14   0   7 0.00  0.0    0  7.7 24  60   M    M   0 8      29  60
10  83  53  68  10   0   3 0.00  0.0    0  4.8 16 280   M    M   0        18 270
11  74  53  64   6   1   0 0.00  0.0    0  7.8 26 260   M    M   0        33 260
12  74  49  62   4   3   0 0.00  0.0    0  9.6 29 280   M    M   0        43 270
13  82  45  64   6   1   0 0.00  0.0    0 12.5 30  70   M    M   0        37  80
14  82  48  65   7   0   0 0.00  0.0    0  3.7 12 240   M    M   0        16 230
15  76  47  62   4   3   0 0.00  0.0    0  4.7 14 260   M    M   0        17 280
16  66  49  58   0   7   0 0.00  0.0    0 15.7 38 260   M    M   1        47 260
17  68  40  54  -4  11   0 0.00  0.0    0  8.0 22 270   M    M   0        28 270
18  69  45  57  -1   8   0 0.00  0.0    0  6.8 16 260   M    M   0        19 260
19  66  47  57  -1   8   0 0.03    M    0  7.4 23 270   M    M   2        30 260
20  72  45  59   0   6   0 0.00  0.0    0  4.6 17 200   M    M   0        20 210
21  80  48  64   5   1   0 0.00  0.0    0  5.2 14 200   M    M   0        19 200
22  76  50  63   4   2   0 0.00  0.0    0  4.9 13 240   M    M   0 18     16 230
23  69  56  63   4   2   0 0.00  0.0    0  5.3 14 230   M    M   6 18     17 220
24  67  54  61   2   4   0 0.00  0.0    0  5.4 13 230   M    M   5 18     18 220
================================================================================
SM 1746 1191        95  10  0.03     0.0 150.4          M       48
================================================================================
AV 72.8 49.6                               6.3 FASTST   M    M   2    MAX(MPH)
                                 MISC ---->  # 38 260               # 47  260
================================================================================
NOTES:
# LAST OF SEVERAL OCCURRENCES

COLUMN 17 PEAK WIND IN M.P.H.

PRELIMINARY LOCAL CLIMATOLOGICAL DATA (WS FORM: F-6) , PAGE 2

                                          STATION:  CAMARILLO AIRPORT CA
                                          MONTH:    APRIL
                                          YEAR:     2018
                                          LATITUDE:   34 12 N
                                          LONGITUDE: 119  6 W

[TEMPERATURE DATA]      [PRECIPITATION DATA]       SYMBOLS USED IN COLUMN 16

AVERAGE MONTHLY: 61.2   TOTAL FOR MONTH:   0.03    1 = FOG OR MIST
DPTR FM NORMAL:   3.0   DPTR FM NORMAL:   -0.57    2 = FOG REDUCING VISIBILITY
HIGHEST:    95 ON  9    GRTST 24HR  0.03 ON 19-19      TO 1/4 MILE OR LESS
LOWEST:     40 ON 17                               3 = THUNDER
                        SNOW, ICE PELLETS, HAIL    4 = ICE PELLETS
                        TOTAL MONTH:   0.0 INCH    5 = HAIL
                        GRTST 24HR     0.0         6 = FREEZING RAIN OR DRIZZLE
                        GRTST DEPTH:   0           7 = DUSTSTORM OR SANDSTORM:
                                                       VSBY 1/2 MILE OR LESS
                                                   8 = SMOKE OR HAZE
[NO. OF DAYS WITH]      [WEATHER - DAYS WITH]      9 = BLOWING SNOW
                                                   X = TORNADO
MAX 32 OR BELOW:   0    0.01 INCH OR MORE:   1
MAX 90 OR ABOVE:   1    0.10 INCH OR MORE:   0
MIN 32 OR BELOW:   0    0.50 INCH OR MORE:   0
MIN  0 OR BELOW:   0    1.00 INCH OR MORE:   0

[HDD (BASE 65) ]
TOTAL THIS MO.    95    CLEAR  (SCALE 0-3)  17
DPTR FM NORMAL   -76    PTCLDY (SCALE 4-7)   5
TOTAL FM JUL 1  1004    CLOUDY (SCALE 8-10)  2
DPTR FM NORMAL  -780

[CDD (BASE 65) ]
TOTAL THIS MO.    10
DPTR FM NORMAL    10    [PRESSURE DATA]
TOTAL FM JAN 1    52    HIGHEST SLP M ON M
DPTR FM NORMAL    39    LOWEST  SLP 29.79 ON  2

[REMARKS]
