000
CXUS55 KRIW 230945
CF6COD
PRELIMINARY LOCAL CLIMATOLOGICAL DATA (WS FORM: F-6)

                                          STATION:   CODY WY
                                          MONTH:     JUNE
                                          YEAR:      2018
                                          LATITUDE:   44 31 N
                                          LONGITUDE: 109  1 W

  TEMPERATURE IN F:       :PCPN:    SNOW:  WIND      :SUNSHINE: SKY     :PK WND
================================================================================
1   2   3   4   5  6A  6B    7    8   9   10  11  12  13   14  15   16   17  18
                                     12Z  AVG MX 2MIN
DY MAX MIN AVG DEP HDD CDD  WTR  SNW DPTH SPD SPD DIR MIN PSBL S-S WX    SPD DR
================================================================================

 1  64  44  54  -4  11   0 0.00    M    M  8.9 18 240   M    M   3        38 250
 2  71  43  57  -1   8   0 0.00    M    M  6.4 14 280   M    M   0        20 280
 3  77  47  62   3   3   0 0.00  0.0    M  6.2 13 120   M    M   0        20 120
 4  87  51  69  10   0   4 0.00  0.0    M  7.0 16 240   M    M   0        27 240
 5  78  53  66   7   0   1 0.00  0.0    M  7.9 15  20   M    M   0        18  40
 6  74  48  61   2   4   0 0.01    M    M  4.2 13 170   M    M   0 38     21 220
 7  74  56  65   5   0   0    T  0.0    M  7.4 17  10   M    M   1 3      23  10
 8  80  52  66   6   0   1    T    M    M  6.0 15  20   M    M   0 3      23  20
 9  89  55  72  12   0   7 0.02    M    M  9.0 18 160   M    M   0 38     32 180
10  71  47  59  -1   6   0 0.00    M    M 11.0 18 350   M    M   1        37 330
11  67  37  52  -9  13   0 0.00    M    M  9.1 24 360   M    M   1        35  10
12  74  34  54  -7  11   0 0.00    M    M  7.5 17  70   M    M   0        23  70
13  89  49  69   8   0   4 0.00    M    M  7.0 17 160   M    M   0        23 130
14  89  55  72  10   0   7 0.00    M    M 11.2 25 360   M    M   0        39 240
15  62  50  56  -6   9   0 0.14    M    M  6.8 15 320   M    M   1 3      22 320
16  71  49  60  -2   5   0 0.39    M    M  6.9 17 360   M    M   6        28  10
17  57  49  53 -10  12   0 0.19    M    M  7.4 13 340   M    M   9 1      18 340
18  64  48  56  -7   9   0 0.45    M    M  5.4 10 170   M    M   5 13      M  M
19  70  44  57  -6   8   0 0.11    M    M  7.5 15  20   M    M   3 3       M  M
20  68  50  59  -5   6   0 0.00  0.0    M  2.8  8  20   M    M   7         M  M
21  80  51  66   2   0   1    T    M    M  9.3 22 270   M    M   1 3      39 270
22  73  50  62  -2   3   0    T    M    M  5.4 13 340   M    M   4        18 300
================================================================================
SM 1629 1062       108  25  1.31     0.0 160.3          M       42
================================================================================
AV 74.1 48.3                               7.3 FASTST   M    M   2    MAX(MPH)
                                 MISC ---->  # 25 360               # 39  240
================================================================================
NOTES:
# LAST OF SEVERAL OCCURRENCES

COLUMN 17 PEAK WIND IN M.P.H.

PRELIMINARY LOCAL CLIMATOLOGICAL DATA (WS FORM: F-6) , PAGE 2

                                          STATION:  CODY WY
                                          MONTH:    JUNE
                                          YEAR:     2018
                                          LATITUDE:   44 31 N
                                          LONGITUDE: 109  1 W

[TEMPERATURE DATA]      [PRECIPITATION DATA]       SYMBOLS USED IN COLUMN 16

AVERAGE MONTHLY: 61.2   TOTAL FOR MONTH:   1.31    1 = FOG OR MIST
DPTR FM NORMAL:   0.2   DPTR FM NORMAL:   -0.03    2 = FOG REDUCING VISIBILITY
HIGHEST:    89 ON 14,13 GRTST 24HR  0.45 ON 18-18      TO 1/4 MILE OR LESS
LOWEST:     34 ON 12                               3 = THUNDER
                        SNOW, ICE PELLETS, HAIL    4 = ICE PELLETS
                        TOTAL MONTH:   0.0 INCH    5 = HAIL
                        GRTST 24HR     0.0         6 = FREEZING RAIN OR DRIZZLE
                        GRTST DEPTH:  M  ON   M    7 = DUSTSTORM OR SANDSTORM:
                                                       VSBY 1/2 MILE OR LESS
                                                   8 = SMOKE OR HAZE
[NO. OF DAYS WITH]      [WEATHER - DAYS WITH]      9 = BLOWING SNOW
                                                   X = TORNADO
MAX 32 OR BELOW:   0    0.01 INCH OR MORE:   7
MAX 90 OR ABOVE:   0    0.10 INCH OR MORE:   5
MIN 32 OR BELOW:   0    0.50 INCH OR MORE:   0
MIN  0 OR BELOW:   0    1.00 INCH OR MORE:   0

[HDD (BASE 65) ]
TOTAL THIS MO.   108    CLEAR  (SCALE 0-3)  16
DPTR FM NORMAL     M    PTCLDY (SCALE 4-7)   5
TOTAL FM JUL 1  7450    CLOUDY (SCALE 8-10)  1
DPTR FM NORMAL     M

[CDD (BASE 65) ]
TOTAL THIS MO.    25
DPTR FM NORMAL    25    [PRESSURE DATA]
TOTAL FM JAN 1    26    HIGHEST SLP M ON M
DPTR FM NORMAL    26    LOWEST  SLP M ON M

[REMARKS]
