000
CXUS54 KEPZ 201200
CF6ELP
PRELIMINARY LOCAL CLIMATOLOGICAL DATA (WS FORM: F-6)

                                          STATION:   EL PASO
                                          MONTH:     MAY
                                          YEAR:      2018
                                          LATITUDE:   31 47 N
                                          LONGITUDE: 106 24 W

  TEMPERATURE IN F:       :PCPN:    SNOW:  WIND      :SUNSHINE: SKY     :PK WND
================================================================================
1   2   3   4   5  6A  6B    7    8   9   10  11  12  13   14  15   16   17  18
                                     12Z  AVG MX 2MIN
DY MAX MIN AVG DEP HDD CDD  WTR  SNW DPTH SPD SPD DIR MIN PSBL S-S WX    SPD DR
================================================================================

 1  85  63  74   5   0   9 0.00  0.0    0 14.0 26 210   M    M   8        33 250
 2  86  63  75   5   0  10 0.00  0.0    0 18.7 40 270   M    M   5 7      50 260
 3  78  55  67  -3   0   2 0.00  0.0    0  9.3 24 290   M    M   1        32 280
 4  84  53  69  -1   0   4 0.00  0.0    0  7.5 17  10   M    M   1        20  20
 5  87  57  72   2   0   7 0.00  0.0    0  6.0 17 160   M    M   1        22 170
 6  92  62  77   6   0  12 0.00  0.0    0  5.2 17 130   M    M   3        22 120
 7  98  65  82  11   0  17 0.00  0.0    0  6.1 14 280   M    M   5        18 220
 8  99  67  83  11   0  18 0.00  0.0    0  8.8 22 300   M    M   3        31 250
 9 100  66  83  11   0  18 0.00  0.0    0  6.1 17 250   M    M   1        22 250
10 101  65  83  11   0  18 0.00  0.0    0  8.9 28 270   M    M   2        34 270
11  97  73  85  13   0  20 0.00  0.0    0 19.3 33 250   M    M   2        43 260
12  95  76  86  13   0  21 0.00  0.0    0 15.7 30 250   M    M   4        37 250
13  91  67  79   6   0  14 0.00  0.0    0 10.4 25 250   M    M   4        32 260
14  93  64  79   6   0  14 0.00  0.0    0  7.5 22 250   M    M   2        30 240
15  95  68  82   8   0  17 0.00  0.0    0  6.1 20 250   M    M   2        27 270
16  98  62  80   6   0  15 0.00  0.0    0  5.8 15 290   M    M   2        21 230
17  99  69  84  10   0  19 0.00  0.0    0 13.0 30 260   M    M   2        33 260
18  93  65  79   5   0  14 0.00  0.0    0 13.6 32 260   M    M   2        39 260
19  91  57  74  -1   0   9 0.00  0.0    0  6.3 17 260   M    M   2        23 270
================================================================================
SM 1762 1217         0 258  0.00     0.0 188.3          M       52
================================================================================
AV 92.7 64.1                               9.9 FASTST   M    M   3    MAX(MPH)
                                 MISC ---->  # 40 270               # 50  260
================================================================================
NOTES:
# LAST OF SEVERAL OCCURRENCES

COLUMN 17 PEAK WIND IN M.P.H.

PRELIMINARY LOCAL CLIMATOLOGICAL DATA (WS FORM: F-6) , PAGE 2

                                          STATION:  EL PASO
                                          MONTH:    MAY
                                          YEAR:     2018
                                          LATITUDE:   31 47 N
                                          LONGITUDE: 106 24 W

[TEMPERATURE DATA]      [PRECIPITATION DATA]       SYMBOLS USED IN COLUMN 16

AVERAGE MONTHLY: 78.4   TOTAL FOR MONTH:   0.00    1 = FOG OR MIST
DPTR FM NORMAL:   6.3   DPTR FM NORMAL:   -0.26    2 = FOG REDUCING VISIBILITY
HIGHEST:   101 ON 10    GRTST 24HR  0.00 ON 19-19      TO 1/4 MILE OR LESS
LOWEST:     53 ON  4                               3 = THUNDER
                        SNOW, ICE PELLETS, HAIL    4 = ICE PELLETS
                        TOTAL MONTH:   0.0 INCH    5 = HAIL
                        GRTST 24HR     0.0         6 = FREEZING RAIN OR DRIZZLE
                        GRTST DEPTH:   0           7 = DUSTSTORM OR SANDSTORM:
                                                       VSBY 1/2 MILE OR LESS
                                                   8 = SMOKE OR HAZE
[NO. OF DAYS WITH]      [WEATHER - DAYS WITH]      9 = BLOWING SNOW
                                                   X = TORNADO
MAX 32 OR BELOW:   0    0.01 INCH OR MORE:   0
MAX 90 OR ABOVE:  14    0.10 INCH OR MORE:   0
MIN 32 OR BELOW:   0    0.50 INCH OR MORE:   0
MIN  0 OR BELOW:   0    1.00 INCH OR MORE:   0

[HDD (BASE 65) ]
TOTAL THIS MO.     0    CLEAR  (SCALE 0-3)  13
DPTR FM NORMAL    -6    PTCLDY (SCALE 4-7)   6
TOTAL FM JUL 1  1643    CLOUDY (SCALE 8-10)  0
DPTR FM NORMAL  -828

[CDD (BASE 65) ]
TOTAL THIS MO.   258
DPTR FM NORMAL   115    [PRESSURE DATA]
TOTAL FM JAN 1   479    HIGHEST SLP M ON M
DPTR FM NORMAL   244    LOWEST  SLP 29.53 ON M

[REMARKS]
