000
CXUS52 KRAH 240845
CF6FAY
PRELIMINARY LOCAL CLIMATOLOGICAL DATA (WS FORM: F-6)

                                          STATION:   FAYETTEVILLE REGL AIRPORT NC
                                          MONTH:     MAY
                                          YEAR:      2018
                                          LATITUDE:   35  0 N
                                          LONGITUDE:  78 53 W

  TEMPERATURE IN F:       :PCPN:    SNOW:  WIND      :SUNSHINE: SKY     :PK WND
================================================================================
1   2   3   4   5  6A  6B    7    8   9   10  11  12  13   14  15   16   17  18
                                     12Z  AVG MX 2MIN
DY MAX MIN AVG DEP HDD CDD  WTR  SNW DPTH SPD SPD DIR MIN PSBL S-S WX    SPD DR
================================================================================

 1  84  47  66  -1   0   1 0.00    M    M  8.4 17 220   M    M   0 8      23 240
 2  86  53  70   3   0   5 0.00  0.0    0  9.7 16 220   M    M   0        20 210
 3  86  57  72   5   0   7 0.00    M    0 10.1 17 200   M    M   0        23 200
 4  87  59  73   6   0   8 0.00  0.0    0 10.4 18 190   M    M   0        25 220
 5  83  61  72   4   0   7 0.00  0.0    0  7.6 14 160   M    M   0        19 220
 6  87  67  77   9   0  12    T  0.0    0  6.1 17 340   M    M   7 13     22 330
 7  80  58  69   1   0   4 0.00  0.0    0 10.4 20  20   M    M   5 8      24  30
 8  78  56  67  -1   0   2 0.00  0.0    0  9.1 16  20   M    M   1        21  30
 9  83  54  69   0   0   4 0.00  0.0    0  7.0 15  30   M    M   1         M  M
10  90  59  75   6   0  10 0.04  0.0    0  9.7 20 210   M    M   2 13     26 230
11  92  62  77   8   0  12 0.00    M    M  6.2 14  10   M    M   2 1      18 360
12  96  65  81  11   0  16 0.00    M    M  8.0 15 230   M    M   0        21 230
13  96  68  82  12   0  17 0.00    M    M  8.9 18 180   M    M   0        22 170
14  94  69  82  12   0  17 0.00    M    M 10.3 17 160   M    M   0        22 160
15  86  70  78   8   0  13 0.07    M    M  6.0 21 160   M    M   2 3      25 160
16  86  71  79   8   0  14 0.01  0.0    0  8.6 20 160   M    M   5 1      27 180
17  78  69  74   3   0   9 0.96  0.0    0  7.0 15 120   M    M   8 18     17 120
18  83  71  77   6   0  12 0.02  0.0    0  8.6 16 160   M    M   7        21 180
19  76  70  73   1   0   8 0.18  0.0    0  7.9 16 160   M    M   8 1      21 160
20  86  70  78   6   0  13 0.00    M    0  7.4 13 250   M    M   6 1      16 260
21  87  71  79   7   0  14 0.00    M    0  6.2 12 230   M    M   3        14 200
22  89  71  80   8   0  15 0.00    M    0  9.2 18 190   M    M   4        23 190
23  90  69  80   7   0  15 0.28    M    0  8.0 17 240   M    M   5 13     23 220
================================================================================
SM 1983 1467         0 235  1.56     0.0 190.8          M       66
================================================================================
AV 86.2 63.8                               8.3 FASTST   M    M   3    MAX(MPH)
                                 MISC ---->  # 21 160               # 27  180
================================================================================
NOTES:
# LAST OF SEVERAL OCCURRENCES

COLUMN 17 PEAK WIND IN M.P.H.

PRELIMINARY LOCAL CLIMATOLOGICAL DATA (WS FORM: F-6) , PAGE 2

                                          STATION:  FAYETTEVILLE REGL AIRPORT NC
                                          MONTH:    MAY
                                          YEAR:     2018
                                          LATITUDE:   35  0 N
                                          LONGITUDE:  78 53 W

[TEMPERATURE DATA]      [PRECIPITATION DATA]       SYMBOLS USED IN COLUMN 16

AVERAGE MONTHLY: 75.0   TOTAL FOR MONTH:   1.56    1 = FOG OR MIST
DPTR FM NORMAL:   5.4   DPTR FM NORMAL:   -0.58    2 = FOG REDUCING VISIBILITY
HIGHEST:    96 ON 13,12 GRTST 24HR  0.96 ON 17-17      TO 1/4 MILE OR LESS
LOWEST:     47 ON  1                               3 = THUNDER
                        SNOW, ICE PELLETS, HAIL    4 = ICE PELLETS
                        TOTAL MONTH:   0.0 INCH    5 = HAIL
                        GRTST 24HR     0.0         6 = FREEZING RAIN OR DRIZZLE
                        GRTST DEPTH:   0           7 = DUSTSTORM OR SANDSTORM:
                                                       VSBY 1/2 MILE OR LESS
                                                   8 = SMOKE OR HAZE
[NO. OF DAYS WITH]      [WEATHER - DAYS WITH]      9 = BLOWING SNOW
                                                   X = TORNADO
MAX 32 OR BELOW:   0    0.01 INCH OR MORE:   7
MAX 90 OR ABOVE:   6    0.10 INCH OR MORE:   3
MIN 32 OR BELOW:   0    0.50 INCH OR MORE:   1
MIN  0 OR BELOW:   0    1.00 INCH OR MORE:   0

[HDD (BASE 65) ]
TOTAL THIS MO.     0    CLEAR  (SCALE 0-3)  14
DPTR FM NORMAL   -23    PTCLDY (SCALE 4-7)   9
TOTAL FM JUL 1  2703    CLOUDY (SCALE 8-10)  0
DPTR FM NORMAL   -27

[CDD (BASE 65) ]
TOTAL THIS MO.   235
DPTR FM NORMAL   107    [PRESSURE DATA]
TOTAL FM JAN 1   324    HIGHEST SLP M ON M
DPTR FM NORMAL   113    LOWEST  SLP 29.78 ON  6

[REMARKS]
