000
CXUS55 KBOU 230900
CF6FNL
PRELIMINARY LOCAL CLIMATOLOGICAL DATA (WS FORM: F-6)
STATION: FT COLLINS/LOVELAND CO
MONTH: APRIL
YEAR: 2024
LATITUDE: 40 27 N
LONGITUDE: 105 1 W
TEMPERATURE IN F: :PCPN: SNOW: WIND :SUNSHINE: SKY :PK WND
================================================================================
1 2 3 4 5 6A 6B 7 8 9 10 11 12 13 14 15 16 17 18
12Z AVG MX 2MIN
DY MAX MIN AVG DEP HDD CDD WTR SNW DPTH SPD SPD DIR MIN PSBL S-S WX SPD DR
================================================================================
1 56 33 45 M 20 0 M M M 6.3 17 70 M M 8 13 26 30
2 63 32 48 M 17 0 M M M 11.4 22 340 M M 0 30 340
3 71 37 54 M 11 0 M M M 9.3 25 350 M M 1 31 340
4 75 34 55 M 10 0 M M M 5.0 12 190 M M 0 16 190
5 77 40 59 M 6 0 M M M 9.0 22 160 M M 0 36 180
6 53 42 48 M 17 0 M M M 14.7 30 330 M M 6 38 310
7 57 36 47 M 18 0 M M M 11.1 21 310 M M 0 37 320
8 58 26 42 M 23 0 M M M 5.4 13 100 M M 1 M M
9 63 29 46 M 19 0 M M M 5.2 14 150 M M 2 16 160
10 57 40 49 M 16 0 M M M 9.3 21 30 M M 8 33 10
11 63 34 49 M 16 0 M M M 5.9 12 170 M M 3 M M
12 78 33 56 M 9 0 M M M 7.0 15 170 M M 0 21 170
13 80 43 62 M 3 0 M M M 5.3 18 350 M M 1 33 360
14 83 43 63 M 2 0 M M M 7.9 20 130 M M 0 26 130
15 76 37 57 M 8 0 M M M 12.9 32 340 M M 2 44 340
16 68 46 57 M 8 0 M M M 18.1 28 330 M M 3 43 290
17 72 33 53 M 12 0 M M M 10.1 24 20 M M 4 1 33 10
18 38 31 35 M 30 0 M M M 5.1 13 50 M M 10 18 M M
19 37 32 35 M 30 0 M M M 7.2 16 30 M M 10 1 22 30
20 34 29 32 M 33 0 M M M 7.3 13 50 M M 10 1 M M
21 62 22 42 M 23 0 M M M 5.4 13 180 M M 4 12 16 180
22 73 35 54 M 11 0 M M M 6.6 14 60 M M 1 M M
================================================================================
SM 1394 767 342 0 M M 185.4 M 74
================================================================================
AV 63.4 34.9 8.4 FASTST M M 3 MAX(MPH)
MISC ----> 32 340 44 340
================================================================================
NOTES:
# LAST OF SEVERAL OCCURRENCES
COLUMN 17 PEAK WIND IN M.P.H.
PRELIMINARY LOCAL CLIMATOLOGICAL DATA (WS FORM: F-6) , PAGE 2
STATION: FT COLLINS/LOVELAND CO
MONTH: APRIL
YEAR: 2024
LATITUDE: 40 27 N
LONGITUDE: 105 1 W
[TEMPERATURE DATA] [PRECIPITATION DATA] SYMBOLS USED IN COLUMN 16
AVERAGE MONTHLY: 49.1 TOTAL FOR MONTH: M 1 = FOG OR MIST
DPTR FM NORMAL: 0.0 DPTR FM NORMAL: M 2 = FOG REDUCING VISIBILITY
HIGHEST: 83 ON 14 GRTST 24HR 0.32 ON 1- 1 TO 1/4 MILE OR LESS
LOWEST: 22 ON 21 3 = THUNDER
SNOW, ICE PELLETS, HAIL 4 = ICE PELLETS
TOTAL MONTH: M 5 = HAIL
GRTST 24HR M ON M 6 = FREEZING RAIN OR DRIZZLE
GRTST DEPTH: M ON M 7 = DUSTSTORM OR SANDSTORM:
VSBY 1/2 MILE OR LESS
8 = SMOKE OR HAZE
[NO. OF DAYS WITH] [WEATHER - DAYS WITH] 9 = BLOWING SNOW
X = TORNADO
MAX 32 OR BELOW: 0 0.01 INCH OR MORE: 0
MAX 90 OR ABOVE: 0 0.10 INCH OR MORE: 0
MIN 32 OR BELOW: 7 0.50 INCH OR MORE: 0
MIN 0 OR BELOW: 0 1.00 INCH OR MORE: 0
[HDD (BASE 65) ]
TOTAL THIS MO. 342 CLEAR (SCALE 0-3) 13
DPTR FM NORMAL M PTCLDY (SCALE 4-7) 6
TOTAL FM JUL 1 5090 CLOUDY (SCALE 8-10) 3
DPTR FM NORMAL M
[CDD (BASE 65) ]
TOTAL THIS MO. 0
DPTR FM NORMAL M [PRESSURE DATA]
TOTAL FM JAN 1 0 HIGHEST SLP M ON M
DPTR FM NORMAL M LOWEST SLP M ON M
[REMARKS]