000
CXUS52 KMFL 241000
CF6FXE
PRELIMINARY LOCAL CLIMATOLOGICAL DATA (WS FORM: F-6)

                                          STATION:   FORT LAUDERDALE EXEC ARPT
                                          MONTH:     MAY
                                          YEAR:      2018
                                          LATITUDE:   26 12 N
                                          LONGITUDE:  80 11 W

  TEMPERATURE IN F:       :PCPN:    SNOW:  WIND      :SUNSHINE: SKY     :PK WND
================================================================================
1   2   3   4   5  6A  6B    7    8   9   10  11  12  13   14  15   16   17  18
                                     12Z  AVG MX 2MIN
DY MAX MIN AVG DEP HDD CDD  WTR  SNW DPTH SPD SPD DIR MIN PSBL S-S WX    SPD DR
================================================================================

 1  84  73  79   3   0  14 0.00  0.0    0 13.5 23  90   M    M   5        30  80
 2  84  75  80   3   0  15 0.00  0.0    0 14.7 23  80   M    M   5        28  80
 3  84  75  80   3   0  15    T  0.0    0 15.4 23  80   M    M   5        28  70
 4  84  74  79   2   0  14 0.09  0.0    0 13.5 22  60   M    M   4 1      29  40
 5  85  73  79   2   0  14 0.18  0.0    0 10.6 18  50   M    M   4 1      25  60
 6  87  73  80   3   0  15 0.33  0.0    0  6.4 17 150   M    M   4 1      23 150
 7  89  71  80   3   0  15 0.00  0.0    0  5.3 14  90   M    M   5        16  90
 8  87  74  81   4   0  16 0.00  0.0    0  8.4 15  70   M    M   3        23  70
 9  86  72  79   1   0  14 0.00  0.0    0  9.2 16  60   M    M   2        22  70
10  85  71  78   0   0  13 0.00  0.0    0  8.2 16  70   M    M   3        23  60
11  86  73  80   2   0  15 0.00  0.0    0  8.1 17  70   M    M   2        21  70
12  81  76  79   1   0  14    T  0.0    0  9.2 22  90   M    M   5        26  90
13  82  71  77  -1   0  12 0.98  0.0    0  6.1 15 140   M    M   7 13     19 140
14  84  72  78   0   0  13 0.25  0.0    0  8.9 24 130   M    M   5 13     32 120
15  88  71  80   2   0  15 1.53  0.0    0  6.4 23 260   M    M   4 13     28 240
16  86  72  79   0   0  14 0.01  0.0    0  7.1 23 120   M    M   3 3      28 110
17  84  70  77  -2   0  12 0.93  0.0    0  5.5 16 240   M    M   6 13     20 140
18  86  74  80   1   0  15 0.05  0.0    0  9.3 20 100   M    M   5 13     24 100
19  78  72  75  -4   0  10 1.19  0.0    0  7.8 24 140   M    M   7 1      31 160
20  81  72  77  -2   0  12 3.65  0.0    0 11.6 25 120   M    M   7 123    34 140
21  84  75  80   1   0  15 0.04  0.0    0 14.3 23 110   M    M   7        29 110
22  82  77  80   0   0  15 0.09  0.0    0 13.0 20 100   M    M   4 1      25 110
23  87  77  82   2   0  17 0.04  0.0    0 10.5 22 100   M    M   4        26 100
================================================================================
SM 1944 1683         0 324  9.36     0.0 223.0          M      106
================================================================================
AV 84.5 73.2                               9.7 FASTST   M    M   5    MAX(MPH)
                                 MISC ---->  # 25 120               # 34  140
================================================================================
NOTES:
# LAST OF SEVERAL OCCURRENCES

COLUMN 17 PEAK WIND IN M.P.H.

PRELIMINARY LOCAL CLIMATOLOGICAL DATA (WS FORM: F-6) , PAGE 2

                                          STATION:  FORT LAUDERDALE EXEC ARPT
                                          MONTH:    MAY
                                          YEAR:     2018
                                          LATITUDE:   26 12 N
                                          LONGITUDE:  80 11 W

[TEMPERATURE DATA]      [PRECIPITATION DATA]       SYMBOLS USED IN COLUMN 16

AVERAGE MONTHLY: 78.9   TOTAL FOR MONTH:   9.36    1 = FOG OR MIST
DPTR FM NORMAL:   0.8   DPTR FM NORMAL:    6.15    2 = FOG REDUCING VISIBILITY
HIGHEST:    89 ON  7    GRTST 24HR  3.65 ON 20-20      TO 1/4 MILE OR LESS
LOWEST:     70 ON 17                               3 = THUNDER
                        SNOW, ICE PELLETS, HAIL    4 = ICE PELLETS
                        TOTAL MONTH:   0.0 INCH    5 = HAIL
                        GRTST 24HR     0.0         6 = FREEZING RAIN OR DRIZZLE
                        GRTST DEPTH:   0           7 = DUSTSTORM OR SANDSTORM:
                                                       VSBY 1/2 MILE OR LESS
                                                   8 = SMOKE OR HAZE
[NO. OF DAYS WITH]      [WEATHER - DAYS WITH]      9 = BLOWING SNOW
                                                   X = TORNADO
MAX 32 OR BELOW:   0    0.01 INCH OR MORE:  14
MAX 90 OR ABOVE:   0    0.10 INCH OR MORE:   8
MIN 32 OR BELOW:   0    0.50 INCH OR MORE:   5
MIN  0 OR BELOW:   0    1.00 INCH OR MORE:   3

[HDD (BASE 65) ]
TOTAL THIS MO.     0    CLEAR  (SCALE 0-3)   5
DPTR FM NORMAL     0    PTCLDY (SCALE 4-7)  18
TOTAL FM JUL 1   151    CLOUDY (SCALE 8-10)  0
DPTR FM NORMAL   -19

[CDD (BASE 65) ]
TOTAL THIS MO.   324
DPTR FM NORMAL    24    [PRESSURE DATA]
TOTAL FM JAN 1  1297    HIGHEST SLP M ON M
DPTR FM NORMAL   230    LOWEST  SLP 29.88 ON  5

[REMARKS]
