000
CXUS53 KGID 200730
CF6GRI
PRELIMINARY LOCAL CLIMATOLOGICAL DATA (WS FORM: F-6)

                                          STATION:   GRAND ISLAND NE
                                          MONTH:     APRIL
                                          YEAR:      2018
                                          LATITUDE:   40 58 N
                                          LONGITUDE:  98 19 W

  TEMPERATURE IN F:       :PCPN:    SNOW:  WIND      :SUNSHINE: SKY     :PK WND
================================================================================
1   2   3   4   5  6A  6B    7    8   9   10  11  12  13   14  15   16   17  18
                                     12Z  AVG MX 2MIN
DY MAX MIN AVG DEP HDD CDD  WTR  SNW DPTH SPD SPD DIR MIN PSBL S-S WX    SPD DR
================================================================================

 1  30  20  25 -20  40   0 0.16  2.0    1  7.2 15 180   M    M   8        19  20
 2  39  20  30 -16  35   0 0.00  0.0    T 15.3 31 170   M    M   6 12     41 170
 3  35  17  26 -20  39   0 0.00  0.0    0 19.1 35 320   M    M   6 12     47 330
 4  51  14  33 -13  32   0 0.00  0.0    0 12.2 29 150   M    M   2        39 160
 5  61  25  43  -4  22   0 0.00  0.0    0  9.5 23  30   M    M   1        29  40
 6  37  12  25 -22  40   0 0.03  0.7    1 16.3 29  10   M    M   7        37  10
 7  38   8  23 -25  42   0 0.00  0.0    1  6.0 14 170   M    M   1        18 160
 8  61  31  46  -2  19   0 0.00  0.0    0 17.8 31 320   M    M   5        44 330
 9  37  26  32 -16  33   0 0.02    T    0 10.1 18 340   M    M   6        24 340
10  71  25  48   0  17   0 0.00  0.0    0  8.1 18 220   M    M   2        24 220
11  79  46  63  14   2   0 0.00  0.0    0 11.7 22 190   M    M   0        29 200
12  68  38  53   4  12   0 0.00  0.0    0 15.8 28  90   M    M   0 18     36 110
13  52  31  42  -8  23   0 0.22    T    0 22.9 37 340   M    M   8 168    48 350
14  31  23  27 -23  38   0 0.18  1.4    T 30.5 44 340   M    M   9        59 350
15  31  22  27 -23  38   0    T    T    1 20.1 29 340   M    M  10        41 340
16  49  24  37 -14  28   0 0.00  0.0    T  7.5 15 340   M    M   1        19 350
17  57  31  44  -7  21   0 0.04  0.0    0 16.8 28  30   M    M   1        35 130
18  45  31  38 -14  27   0 0.10  0.0    0 17.0 31 330   M    M   8 1      40 330
19  57  27  42 -10  23   0 0.00  0.0    0  7.6 14 110   M    M   0        21  90
================================================================================
SM  929  471       531   0  0.75     4.1 271.5          M       81
================================================================================
AV 48.9 24.8                              14.3 FASTST   M    M   4    MAX(MPH)
                                 MISC ---->  # 44 340               # 59  350
================================================================================
NOTES:
# LAST OF SEVERAL OCCURRENCES

COLUMN 17 PEAK WIND IN M.P.H.

PRELIMINARY LOCAL CLIMATOLOGICAL DATA (WS FORM: F-6) , PAGE 2

                                          STATION:  GRAND ISLAND NE
                                          MONTH:    APRIL
                                          YEAR:     2018
                                          LATITUDE:   40 58 N
                                          LONGITUDE:  98 19 W

[TEMPERATURE DATA]      [PRECIPITATION DATA]       SYMBOLS USED IN COLUMN 16

AVERAGE MONTHLY: 36.8   TOTAL FOR MONTH:   0.75    1 = FOG OR MIST
DPTR FM NORMAL: -11.7   DPTR FM NORMAL:   -0.68    2 = FOG REDUCING VISIBILITY
HIGHEST:    79 ON 11    GRTST 24HR  0.22 ON 13-13      TO 1/4 MILE OR LESS
LOWEST:      8 ON  7                               3 = THUNDER
                        SNOW, ICE PELLETS, HAIL    4 = ICE PELLETS
                        TOTAL MONTH:   4.1 INCHES  5 = HAIL
                        GRTST 24HR   2.0 ON  1- 1  6 = FREEZING RAIN OR DRIZZLE
                        GRTST DEPTH:   1 ON 15, 7  7 = DUSTSTORM OR SANDSTORM:
                                                       VSBY 1/2 MILE OR LESS
                                                   8 = SMOKE OR HAZE
[NO. OF DAYS WITH]      [WEATHER - DAYS WITH]      9 = BLOWING SNOW
                                                   X = TORNADO
MAX 32 OR BELOW:   3    0.01 INCH OR MORE:   7
MAX 90 OR ABOVE:   0    0.10 INCH OR MORE:   4
MIN 32 OR BELOW:  17    0.50 INCH OR MORE:   0
MIN  0 OR BELOW:   0    1.00 INCH OR MORE:   0

[HDD (BASE 65) ]
TOTAL THIS MO.   531    CLEAR  (SCALE 0-3)   9
DPTR FM NORMAL   214    PTCLDY (SCALE 4-7)   7
TOTAL FM JUL 1  6066    CLOUDY (SCALE 8-10)  3
DPTR FM NORMAL   192

[CDD (BASE 65) ]
TOTAL THIS MO.     0
DPTR FM NORMAL     0    [PRESSURE DATA]
TOTAL FM JAN 1     0    HIGHEST SLP M ON M
DPTR FM NORMAL     0    LOWEST  SLP 29.28 ON 13

[REMARKS]
