398
CXUS56 KPQR 201200
CF6HIO
PRELIMINARY LOCAL CLIMATOLOGICAL DATA (WS FORM: F-6)

                                          STATION:   HILLSBORO OR
                                          MONTH:     APRIL
                                          YEAR:      2018
                                          LATITUDE:   45 32 N
                                          LONGITUDE: 122 57 W

  TEMPERATURE IN F:       :PCPN:    SNOW:  WIND      :SUNSHINE: SKY     :PK WND
================================================================================
1   2   3   4   5  6A  6B    7    8   9   10  11  12  13   14  15   16   17  18
                                     12Z  AVG MX 2MIN
DY MAX MIN AVG DEP HDD CDD  WTR  SNW DPTH SPD SPD DIR MIN PSBL S-S WX    SPD DR
================================================================================

 1  51  35  43  -5  22   0 0.09    M    0  6.7 18 340   M    M   8 18     23 340
 2  53  32  43  -5  22   0 0.01    M    0  3.2 13 290   M    M   6 1      17 350
 3  52  30  41  -7  24   0    T    M    0  1.2  8 360   M    M   5        10  10
 4  59  44  52   4  13   0    T    M    0  3.5 10  40   M    M   9        13  40
 5  54  46  50   1  15   0 0.23    M    0  2.1 10 160   M    M  10 1      13 170
 6  69  52  61  12   4   0 0.05    M    M  4.9 12 160   M    M   9 1      15 160
 7  60  47  54   5  11   0 0.86    M    M 13.3 30 180   M    M   9 1      41 170
 8  54  45  50   1  15   0 0.35    M    M 10.1 18 260   M    M   9 1      26 230
 9  67  38  53   4  12   0 0.00    M    M  3.2  9  40   M    M   1 1      16  50
10  61  47  54   5  11   0 0.09    M    M  8.4 18 250   M    M   7 18     23 200
11  56  40  48  -1  17   0 0.29    M    0  9.2 26 160   M    M   9 1      36 170
12  51  40  46  -3  19   0 0.23    M    0  9.7 20 230   M    M   9 1      28 230
13  55  45  50   0  15   0 0.12    M    M 11.8 21 180   M    M  10 18     29 200
14  58  48  53   3  12   0 0.06    M    M 11.5 17 190   M    M  10 18     23 200
15  49  42  46  -4  19   0 0.46    M    M  6.2 23 170   M    M  10 1      27 170
16  50  41  46  -4  19   0 0.01    M    0 10.3 18 230   M    M   8 1      27 230
17  55  37  46  -4  19   0 0.03    M    0  5.0 21 210   M    M   7 18     27 200
18  62  40  51   1  14   0 0.00  0.0    0  4.5  9  80   M    M   3         M  M
19  67  34  51   1  14   0 0.00  0.0    0  3.2 14 320   M    M   0        18 340
================================================================================
SM 1083  783       297   0  2.88     0.0 128.0          M      139
================================================================================
AV 57.0 41.2                               6.7 FASTST   M    M   7    MAX(MPH)
                                 MISC ---->  # 30 180               # 41  170
================================================================================
NOTES:
# LAST OF SEVERAL OCCURRENCES

COLUMN 17 PEAK WIND IN M.P.H.

PRELIMINARY LOCAL CLIMATOLOGICAL DATA (WS FORM: F-6) , PAGE 2

                                          STATION:  HILLSBORO OR
                                          MONTH:    APRIL
                                          YEAR:     2018
                                          LATITUDE:   45 32 N
                                          LONGITUDE: 122 57 W

[TEMPERATURE DATA]      [PRECIPITATION DATA]       SYMBOLS USED IN COLUMN 16

AVERAGE MONTHLY: 49.1   TOTAL FOR MONTH:   2.88    1 = FOG OR MIST
DPTR FM NORMAL:  -0.1   DPTR FM NORMAL:    0.88    2 = FOG REDUCING VISIBILITY
HIGHEST:    69 ON  6    GRTST 24HR  0.86 ON  7- 7      TO 1/4 MILE OR LESS
LOWEST:     30 ON  3                               3 = THUNDER
                        SNOW, ICE PELLETS, HAIL    4 = ICE PELLETS
                        TOTAL MONTH:   0.0 INCH    5 = HAIL
                        GRTST 24HR     0.0         6 = FREEZING RAIN OR DRIZZLE
                        GRTST DEPTH:   0           7 = DUSTSTORM OR SANDSTORM:
                                                       VSBY 1/2 MILE OR LESS
                                                   8 = SMOKE OR HAZE
[NO. OF DAYS WITH]      [WEATHER - DAYS WITH]      9 = BLOWING SNOW
                                                   X = TORNADO
MAX 32 OR BELOW:   0    0.01 INCH OR MORE:  14
MAX 90 OR ABOVE:   0    0.10 INCH OR MORE:   7
MIN 32 OR BELOW:   2    0.50 INCH OR MORE:   1
MIN  0 OR BELOW:   0    1.00 INCH OR MORE:   0

[HDD (BASE 65) ]
TOTAL THIS MO.   297    CLEAR  (SCALE 0-3)   2
DPTR FM NORMAL    -4    PTCLDY (SCALE 4-7)   6
TOTAL FM JUL 1  4147    CLOUDY (SCALE 8-10) 11
DPTR FM NORMAL  -268

[CDD (BASE 65) ]
TOTAL THIS MO.     0
DPTR FM NORMAL     0    [PRESSURE DATA]
TOTAL FM JAN 1     0    HIGHEST SLP M ON M
DPTR FM NORMAL     0    LOWEST  SLP 29.40 ON  7

[REMARKS]
