000
CXUS53 KGID 260730
CF6HJH
PRELIMINARY LOCAL CLIMATOLOGICAL DATA (WS FORM: F-6)

                                          STATION:   HEBRON
                                          MONTH:     MAY
                                          YEAR:      2018
                                          LATITUDE:   40  9 N
                                          LONGITUDE:  97 35 W

  TEMPERATURE IN F:       :PCPN:    SNOW:  WIND      :SUNSHINE: SKY     :PK WND
================================================================================
1   2   3   4   5  6A  6B    7    8   9   10  11  12  13   14  15   16   17  18
                                     12Z  AVG MX 2MIN
DY MAX MIN AVG DEP HDD CDD  WTR  SNW DPTH SPD SPD DIR MIN PSBL S-S WX    SPD DR
================================================================================

 1  82  61  72  15   0   7 0.65    M    M 13.6 25 190   M    M   6 3      33 190
 2  65  55  60   3   5   0 0.27    M    M  7.2 15 330   M    M   8 138     M  M
 3  69  53  61   4   4   0 0.01    M    M  7.8 16  10   M    M   9 128    21  10
 4  80  48  64   6   1   0 0.00    M    M  5.8 15 330   M    M   3        18 330
 5  86  47  67   9   0   2 0.00    M    M  6.0 14 240   M    M   1        17 270
 6  86  50  68  10   0   3 0.00    M    M  4.4 15 360   M    M   2        27 360
 7  85  48  67   8   0   2 0.00    M    M  6.9 14 140   M    M   0        21 150
 8  85  63  74  15   0   9 0.00    M    M  6.9 15 160   M    M   0        23 350
 9  86  57  72  13   0   7 0.00    M    M  8.2 15 330   M    M   1        23 310
10  89  52  71  11   0   6 0.00    M    M  7.0 14 140   M    M   0        20 140
11  74  51  63   3   2   0 0.68    M    M 12.5 21 350   M    M   6 138    32 350
12  73  53  63   3   2   0 0.00    M    M 11.7 16  30   M    M  10 138    23 350
13  83  53  68   7   0   3 0.66    M    M  7.9 15 350   M    M   7 138    23 350
14  78  58  68   7   0   3 0.01    M    M  7.4 16 360   M    M   7 13     21 360
15  78  58  68   7   0   3 0.00    M    M  4.5 13  70   M    M   6 8       M  M
16  84  53  69   7   0   4 0.00    M    M  1.6  8 100   M    M   1 18      M  M
17  87  55  71   9   0   6 0.00    M    M  6.9 15 140   M    M   0 1      18 140
18  77  60  69   7   0   4 0.07    M    M  8.8 20  40   M    M   4 3      25 340
19  66  55  61  -2   4   0 0.13    M    M  8.4 18  30   M    M   9 1      22  30
20  59  55  57  -6   8   0    T    M    M  5.9  9  40   M    M  10 1       M  M
21  80  52  66   3   0   1 0.00    M    M  3.6  9 220   M    M   4 1       M  M
22  90  64  77  13   0  12 0.00    M    M 11.4 17 150   M    M   2        28 210
23  92  69  81  17   0  16 0.00    M    M 12.5 18 180   M    M   1        31 180
24  89  66  78  14   0  13 0.00    M    M  9.7 15 190   M    M   0        24 180
25  95  67  81  16   0  16 0.00    M    M  6.8  9 210   M    M   1 3      16 280
================================================================================
SM 2018 1403        26 117  2.48    M    193.4          M       98
================================================================================
AV 80.7 56.1                               7.7 FASTST   M    M   4    MAX(MPH)
                                 MISC ---->  # 25 190               # 33  190
================================================================================
NOTES:
# LAST OF SEVERAL OCCURRENCES

COLUMN 17 PEAK WIND IN M.P.H.

PRELIMINARY LOCAL CLIMATOLOGICAL DATA (WS FORM: F-6) , PAGE 2

                                          STATION:  HEBRON
                                          MONTH:    MAY
                                          YEAR:     2018
                                          LATITUDE:   40  9 N
                                          LONGITUDE:  97 35 W

[TEMPERATURE DATA]      [PRECIPITATION DATA]       SYMBOLS USED IN COLUMN 16

AVERAGE MONTHLY: 68.4   TOTAL FOR MONTH:   2.48    1 = FOG OR MIST
DPTR FM NORMAL:   7.7   DPTR FM NORMAL:   -1.39    2 = FOG REDUCING VISIBILITY
HIGHEST:    95 ON 25    GRTST 24HR  0.68 ON 11-11      TO 1/4 MILE OR LESS
LOWEST:     47 ON  5                               3 = THUNDER
                        SNOW, ICE PELLETS, HAIL    4 = ICE PELLETS
                        TOTAL MONTH:    M          5 = HAIL
                        GRTST 24HR    M  ON   M    6 = FREEZING RAIN OR DRIZZLE
                        GRTST DEPTH:  M  ON   M    7 = DUSTSTORM OR SANDSTORM:
                                                       VSBY 1/2 MILE OR LESS
                                                   8 = SMOKE OR HAZE
[NO. OF DAYS WITH]      [WEATHER - DAYS WITH]      9 = BLOWING SNOW
                                                   X = TORNADO
MAX 32 OR BELOW:   0    0.01 INCH OR MORE:   8
MAX 90 OR ABOVE:   3    0.10 INCH OR MORE:   5
MIN 32 OR BELOW:   0    0.50 INCH OR MORE:   3
MIN  0 OR BELOW:   0    1.00 INCH OR MORE:   0

[HDD (BASE 65) ]
TOTAL THIS MO.    26    CLEAR  (SCALE 0-3)  13
DPTR FM NORMAL  -122    PTCLDY (SCALE 4-7)   7
TOTAL FM JUL 1  5679    CLOUDY (SCALE 8-10)  5
DPTR FM NORMAL  -283

[CDD (BASE 65) ]
TOTAL THIS MO.   117
DPTR FM NORMAL    78    [PRESSURE DATA]
TOTAL FM JAN 1   125    HIGHEST SLP M ON M
DPTR FM NORMAL    73    LOWEST  SLP M ON M

[REMARKS]
