000
CXUS56 KMTR 261000
CF6HWD
PRELIMINARY LOCAL CLIMATOLOGICAL DATA (WS FORM: F-6)

                                          STATION:   HAYWARD AIRPORT
                                          MONTH:     APRIL
                                          YEAR:      2018
                                          LATITUDE:   37 39 N
                                          LONGITUDE: 122  7 W

  TEMPERATURE IN F:       :PCPN:    SNOW:  WIND      :SUNSHINE: SKY     :PK WND
================================================================================
1   2   3   4   5  6A  6B    7    8   9   10  11  12  13   14  15   16   17  18
                                     12Z  AVG MX 2MIN
DY MAX MIN AVG DEP HDD CDD  WTR  SNW DPTH SPD SPD DIR MIN PSBL S-S WX    SPD DR
================================================================================

 1  69  47  58   2   7   0 0.00  0.0    0  6.3 16 290   M    M   0        19 280
 2  65  51  58   2   7   0 0.00  0.0    0  8.9 17 270   M    M   2        21 280
 3  67  46  57   1   8   0 0.00  0.0    0  6.2 16 300   M    M   0        19 290
 4  64  51  58   1   7   0 0.00  0.0    0  5.5 15 310   M    M   3        19 310
 5  63  53  58   1   7   0 0.06  0.0    0  4.3 13 300   M    M   5        15 310
 6  63  57  60   3   5   0 1.01  0.0    0  9.7 20 160   M    M   9 18     24 170
 7  65  54  60   3   5   0 0.73  0.0    0 10.2 18 290   M    M   7 1      23 280
 8  65  49  57   0   8   0 0.00  0.0    0  8.0 21 290   M    M   1        26 270
 9  75  48  62   5   3   0 0.00  0.0    0  5.5 12 280   M    M   0        14 270
10  65  54  60   3   5   0    T  0.0    0  7.7 16 290   M    M   3        20 290
11  62  50  56  -1   9   0 0.10  0.0    0  9.8 24 290   M    M   5 18     32 290
12  61  45  53  -4  12   0 0.00  0.0    0  9.8 23 290   M    M   2        29 290
13  68  43  56  -1   9   0 0.00  0.0    0  7.1 22 290   M    M   0        24 290
14  72  49  61   3   4   0 0.00  0.0    0  6.6 18 290   M    M   0        22 290
15  65  50  58   0   7   0    T  0.0    0  9.3 21 260   M    M   5        28 230
16  57  45  51  -7  14   0 0.04    M    0 10.2 23 290   M    M   5 3      30 290
17  63  41  52  -6  13   0 0.00  0.0    0  6.9 18 290   M    M   1        22 280
18  59  47  53  -5  12   0 0.00  0.0    0  6.1 18 290   M    M   2        22 300
19  63  43  53  -5  12   0 0.00  0.0    0  7.6 21 290   M    M   1        26 280
20  71  47  59   1   6   0 0.00  0.0    0  6.9 18 300   M    M   0        22 300
21  76  49  63   5   2   0 0.00  0.0    0  6.3 16 280   M    M   0        18 290
22  77  49  63   5   2   0 0.00  0.0    0  5.3 15 290   M    M   0        18 300
23  77  53  65   7   0   0 0.00  0.0    0  6.4 17 290   M    M   0        20 290
24  66  52  59   0   6   0 0.00  0.0    0  7.9 17 290   M    M   4        21 290
25  65  52  59   0   6   0 0.00  0.0    0  8.7 17 300   M    M   5        20 320
================================================================================
SM 1663 1225       176   0  1.94     0.0 187.2          M       60
================================================================================
AV 66.5 49.0                               7.5 FASTST   M    M   2    MAX(MPH)
                                 MISC ---->  # 24 290               # 32  290
================================================================================
NOTES:
# LAST OF SEVERAL OCCURRENCES

COLUMN 17 PEAK WIND IN M.P.H.

PRELIMINARY LOCAL CLIMATOLOGICAL DATA (WS FORM: F-6) , PAGE 2

                                          STATION:  HAYWARD AIRPORT
                                          MONTH:    APRIL
                                          YEAR:     2018
                                          LATITUDE:   37 39 N
                                          LONGITUDE: 122  7 W

[TEMPERATURE DATA]      [PRECIPITATION DATA]       SYMBOLS USED IN COLUMN 16

AVERAGE MONTHLY: 57.8   TOTAL FOR MONTH:   1.94    1 = FOG OR MIST
DPTR FM NORMAL:   0.3   DPTR FM NORMAL:    0.83    2 = FOG REDUCING VISIBILITY
HIGHEST:    77 ON 23,22 GRTST 24HR  1.01 ON  6- 6      TO 1/4 MILE OR LESS
LOWEST:     41 ON 17                               3 = THUNDER
                        SNOW, ICE PELLETS, HAIL    4 = ICE PELLETS
                        TOTAL MONTH:   0.0 INCH    5 = HAIL
                        GRTST 24HR     0.0         6 = FREEZING RAIN OR DRIZZLE
                        GRTST DEPTH:   0           7 = DUSTSTORM OR SANDSTORM:
                                                       VSBY 1/2 MILE OR LESS
                                                   8 = SMOKE OR HAZE
[NO. OF DAYS WITH]      [WEATHER - DAYS WITH]      9 = BLOWING SNOW
                                                   X = TORNADO
MAX 32 OR BELOW:   0    0.01 INCH OR MORE:   5
MAX 90 OR ABOVE:   0    0.10 INCH OR MORE:   3
MIN 32 OR BELOW:   0    0.50 INCH OR MORE:   2
MIN  0 OR BELOW:   0    1.00 INCH OR MORE:   1

[HDD (BASE 65) ]
TOTAL THIS MO.   176    CLEAR  (SCALE 0-3)  17
DPTR FM NORMAL   -20    PTCLDY (SCALE 4-7)   7
TOTAL FM JUL 1  1905    CLOUDY (SCALE 8-10)  1
DPTR FM NORMAL  -353

[CDD (BASE 65) ]
TOTAL THIS MO.     0
DPTR FM NORMAL     0    [PRESSURE DATA]
TOTAL FM JAN 1     5    HIGHEST SLP M ON M
DPTR FM NORMAL     2    LOWEST  SLP 29.84 ON  7

[REMARKS]
