000
CXUS53 KIND 190730
CF6IND
PRELIMINARY LOCAL CLIMATOLOGICAL DATA (WS FORM: F-6)

                                          STATION:   INDIANAPOLIS IN
                                          MONTH:     APRIL
                                          YEAR:      2018
                                          LATITUDE:   39 43 N
                                          LONGITUDE:  86 17 W

  TEMPERATURE IN F:       :PCPN:    SNOW:  WIND      :SUNSHINE: SKY     :PK WND
================================================================================
1   2   3   4   5  6A  6B    7    8   9   10  11  12  13   14  15   16   17  18
                                     12Z  AVG MX 2MIN
DY MAX MIN AVG DEP HDD CDD  WTR  SNW DPTH SPD SPD DIR MIN PSBL S-S WX    SPD DR
================================================================================

 1  46  31  39  -9  26   0 0.16  2.1    0  9.3 17 360   M    M   8 1      21  10
 2  47  29  38 -10  27   0 0.04    T    1 10.2 17 140   M    M   8 13     23 140
 3  66  41  54   5  11   0 3.90  0.0    0 16.3 39 230   M    M  10 135    55 230
 4  41  27  34 -15  31   0    T    T    0 19.8 39 270   M    M   8        51 270
 5  49  24  37 -13  28   0 0.00  0.0    0  5.7 15 130   M    M   6        18 150
 6  53  28  41  -9  24   0 0.01    T    0 13.7 25 310   M    M   9 1      31 310
 7  41  26  34 -16  31   0 0.00  0.0    0  9.2 20  30   M    M   6        26  10
 8  42  24  33 -17  32   0    T    T    0  5.6 13 150   M    M   6        17 140
 9  42  32  37 -14  28   0 0.08  0.2    T  4.9 12 100   M    M   9 18     14 100
10  43  28  36 -15  29   0 0.00  0.0    0  4.2 12 270   M    M   7 18     14 260
11  65  30  48  -4  17   0 0.00  0.0    0 12.2 26 250   M    M   5        30 240
12  78  50  64  12   1   0 0.00  0.0    0 17.7 30 230   M    M   5        39 240
13  79  63  71  19   0   6 0.00  0.0    0 19.3 36 240   M    M   7        44 240
14  71  54  63  10   2   0 0.26  0.0    0 10.3 23 270   M    M  10 1      27 100
15  59  37  48  -5  17   0 0.54  0.0    0 13.7 26 280   M    M   9 1      32 280
16  37  28  33 -20  32   0 0.03  0.3    0 17.8 30 280   M    M  10 12     36 290
17  47  31  39 -15  26   0 0.00  0.0    0 12.6 22 280   M    M   7        29 280
18  70  34  52  -2  13   0 0.00  0.0    0 13.9 36 270   M    M   5        43 280
================================================================================
SM  976  617       375   6  5.02     2.6 216.4          M      135
================================================================================
AV 54.2 34.3                              12.0 FASTST   M    M   8    MAX(MPH)
                                 MISC ---->  # 39 230               # 55  230
================================================================================
NOTES:
# LAST OF SEVERAL OCCURRENCES

COLUMN 17 PEAK WIND IN M.P.H.

PRELIMINARY LOCAL CLIMATOLOGICAL DATA (WS FORM: F-6) , PAGE 2

                                          STATION:  INDIANAPOLIS IN
                                          MONTH:    APRIL
                                          YEAR:     2018
                                          LATITUDE:   39 43 N
                                          LONGITUDE:  86 17 W

[TEMPERATURE DATA]      [PRECIPITATION DATA]       SYMBOLS USED IN COLUMN 16

AVERAGE MONTHLY: 44.3   TOTAL FOR MONTH:   5.02    1 = FOG OR MIST
DPTR FM NORMAL:  -6.8   DPTR FM NORMAL:    2.80    2 = FOG REDUCING VISIBILITY
HIGHEST:    79 ON 13    GRTST 24HR  3.90 ON  3- 3      TO 1/4 MILE OR LESS
LOWEST:     24 ON  8, 5                            3 = THUNDER
                        SNOW, ICE PELLETS, HAIL    4 = ICE PELLETS
                        TOTAL MONTH:   2.6 INCHES  5 = HAIL
                        GRTST 24HR   2.1 ON  1- 1  6 = FREEZING RAIN OR DRIZZLE
                        GRTST DEPTH:   1 ON  2     7 = DUSTSTORM OR SANDSTORM:
                                                       VSBY 1/2 MILE OR LESS
                                                   8 = SMOKE OR HAZE
[NO. OF DAYS WITH]      [WEATHER - DAYS WITH]      9 = BLOWING SNOW
                                                   X = TORNADO
MAX 32 OR BELOW:   0    0.01 INCH OR MORE:   8
MAX 90 OR ABOVE:   0    0.10 INCH OR MORE:   4
MIN 32 OR BELOW:  12    0.50 INCH OR MORE:   2
MIN  0 OR BELOW:   0    1.00 INCH OR MORE:   1

[HDD (BASE 65) ]
TOTAL THIS MO.   375    CLEAR  (SCALE 0-3)   0
DPTR FM NORMAL   119    PTCLDY (SCALE 4-7)  10
TOTAL FM JUL 1  5143    CLOUDY (SCALE 8-10)  8
DPTR FM NORMAL    37

[CDD (BASE 65) ]
TOTAL THIS MO.     6
DPTR FM NORMAL     5    [PRESSURE DATA]
TOTAL FM JAN 1    11    HIGHEST SLP M ON M
DPTR FM NORMAL     8    LOWEST  SLP 29.45 ON  3

[REMARKS]
