000
CXUS55 KBOI 251002
CF6JER
PRELIMINARY LOCAL CLIMATOLOGICAL DATA (WS FORM: F-6)

                                          STATION:   JEROME ID
                                          MONTH:     APRIL
                                          YEAR:      2018
                                          LATITUDE:   42 43 N
                                          LONGITUDE: 114 27 W

  TEMPERATURE IN F:       :PCPN:    SNOW:  WIND      :SUNSHINE: SKY     :PK WND
================================================================================
1   2   3   4   5  6A  6B    7    8   9   10  11  12  13   14  15   16   17  18
                                     12Z  AVG MX 2MIN
DY MAX MIN AVG DEP HDD CDD  WTR  SNW DPTH SPD SPD DIR MIN PSBL S-S WX    SPD DR
================================================================================

 1  59  36  48   4  17   0 0.00    M    M  9.1 18 230   M    M   3        26 230
 2  45  22  34 -10  31   0 0.01    M    M 20.3 47 270   M    M   4        60 260
 3  52  20  36  -8  29   0 0.00    M    M  6.9 15 210   M    M   0        21 120
 4  59  34  47   2  18   0 0.00    M    M 11.1 24 260   M    M   6        30 280
 5  58  41  50   5  15   0 0.05    M    M  6.1 16 220   M    M   9 1      22 230
 6  56  45  51   6  14   0 0.23    M    M  9.8 18 250   M    M   8 1      24 220
 7  67  44  56  11   9   0 0.13    M    M 11.4 38 230   M    M   9 1      50 220
 8  55  37  46   1  19   0 0.00    M    M 15.4 29 270   M    M   6        36 270
 9  59  34  47   2  18   0 0.00    M    M  6.9 15 260   M    M   0        26 240
10  69  36  53   7  12   0    T    M    M 13.6 26 230   M    M   4        42 180
11  63  44  54   8  11   0    T    M    M 10.7 25  70   M    M   4        32 210
12  57  31  44  -2  21   0    T    M    M 25.6 40 260   M    M   5 1      49 260
13  52  30  41  -5  24   0 0.00    M    M 19.0 33 240   M    M   1        41 250
14  58  36  47   1  18   0 0.00    M    M  8.5 17 240   M    M   4        23 240
15  70  40  55   9  10   0    T    M    M  9.2 21 180   M    M   3        37 170
16  61  33  47   0  18   0 0.15    M    M 12.4 30 260   M    M   7 1      37 260
17  49  30  40  -7  25   0    T    M    M 17.8 32 240   M    M   1        40 250
18  61  28  45  -2  20   0 0.00    M    M 11.6 21  70   M    M   2        28  50
19  60  43  52   5  13   0 0.00    M    M 15.1 24  50   M    M   5        29  50
20  67  36  52   4  13   0 0.00    M    M 12.1 22 240   M    M   0        26 240
21  71  43  57   9   8   0 0.00    M    M 10.8 25 240   M    M   0        32 240
22  66  40  53   5  12   0    T    M    M  9.8 26 260   M    M   2        35 260
23  61  37  49   1  16   0 0.00    M    M 17.3 28 230   M    M   1        35 230
24  66  36  51   3  14   0 0.00    M    M 16.6 25  40   M    M   2        46  40
================================================================================
SM 1441  856       405   0  0.57    M    307.1          M       86
================================================================================
AV 60.0 35.7                              12.8 FASTST   M    M   4    MAX(MPH)
                                 MISC ---->  # 47 270               # 60  260
================================================================================
NOTES:
# LAST OF SEVERAL OCCURRENCES

COLUMN 17 PEAK WIND IN M.P.H.

PRELIMINARY LOCAL CLIMATOLOGICAL DATA (WS FORM: F-6) , PAGE 2

                                          STATION:  JEROME ID
                                          MONTH:    APRIL
                                          YEAR:     2018
                                          LATITUDE:   42 43 N
                                          LONGITUDE: 114 27 W

[TEMPERATURE DATA]      [PRECIPITATION DATA]       SYMBOLS USED IN COLUMN 16

AVERAGE MONTHLY: 47.9   TOTAL FOR MONTH:   0.57    1 = FOG OR MIST
DPTR FM NORMAL:   1.8   DPTR FM NORMAL:   -0.48    2 = FOG REDUCING VISIBILITY
HIGHEST:    71 ON 21    GRTST 24HR  0.23 ON  6- 6      TO 1/4 MILE OR LESS
LOWEST:     20 ON  3                               3 = THUNDER
                        SNOW, ICE PELLETS, HAIL    4 = ICE PELLETS
                        TOTAL MONTH:    M          5 = HAIL
                        GRTST 24HR    M  ON   M    6 = FREEZING RAIN OR DRIZZLE
                        GRTST DEPTH:  M  ON   M    7 = DUSTSTORM OR SANDSTORM:
                                                       VSBY 1/2 MILE OR LESS
                                                   8 = SMOKE OR HAZE
[NO. OF DAYS WITH]      [WEATHER - DAYS WITH]      9 = BLOWING SNOW
                                                   X = TORNADO
MAX 32 OR BELOW:   0    0.01 INCH OR MORE:   5
MAX 90 OR ABOVE:   0    0.10 INCH OR MORE:   3
MIN 32 OR BELOW:   6    0.50 INCH OR MORE:   0
MIN  0 OR BELOW:   0    1.00 INCH OR MORE:   0

[HDD (BASE 65) ]
TOTAL THIS MO.   405    CLEAR  (SCALE 0-3)  11
DPTR FM NORMAL   -49    PTCLDY (SCALE 4-7)  10
TOTAL FM JUL 1  5593    CLOUDY (SCALE 8-10)  3
DPTR FM NORMAL  -517

[CDD (BASE 65) ]
TOTAL THIS MO.     0
DPTR FM NORMAL     0    [PRESSURE DATA]
TOTAL FM JAN 1     0    HIGHEST SLP M ON M
DPTR FM NORMAL     0    LOWEST  SLP 29.42 ON 15

[REMARKS]
