000
CXUS54 KCRP 211300
CF6LRD
PRELIMINARY LOCAL CLIMATOLOGICAL DATA (WS FORM: F-6)

                                          STATION:   LAREDO
                                          MONTH:     APRIL
                                          YEAR:      2018
                                          LATITUDE:   27 31 N
                                          LONGITUDE:  99 28 W

  TEMPERATURE IN F:       :PCPN:    SNOW:  WIND      :SUNSHINE: SKY     :PK WND
================================================================================
1   2   3   4   5  6A  6B    7    8   9   10  11  12  13   14  15   16   17  18
                                     12Z  AVG MX 2MIN
DY MAX MIN AVG DEP HDD CDD  WTR  SNW DPTH SPD SPD DIR MIN PSBL S-S WX    SPD DR
================================================================================

 1  94  64  79   6   0  14 0.00  0.0    0 15.3 18 120   M    M   0         M  M
 2  96  72  84  11   0  19 0.00  0.0    0 16.0 23 140   M    M   3 8      23 140
 3  91  71  81   8   0  16 0.00  0.0    0   M   M   M   M    M   1         M  M
 4  79  60  70  -3   0   5 0.16  0.0    0   M   M   M   M    M   8 3       M  M
 5  85  63  74   0   0   9 0.00  0.0    0 10.9  M   M   M    M   8         M  M
 6  94  70  82   8   0  17 0.00  0.0    0   M   M   M   M    M   5         M  M
 7  77  51  64 -10   1   0    T  0.0    M   M   M   M   M    M   6 1       M  M
 8  82  45  64 -10   1   0 0.00  0.0    0   M   M   M   M    M   2         M  M
 9  78  60  69  -6   0   4    T  0.0    0 11.6 17  60   M    M   9        21  60
10  82  61  72  -3   0   7    T  0.0    0   M   M   M   M    M   6 1       M  M
11  86  56  71  -4   0   6 0.00  0.0    0   M   M   M   M    M   0         M  M
12  95  66  81   6   0  16 0.00  0.0    0   M   M   M   M    M   2         M  M
13 105  71  88  13   0  23 0.00  0.0    0   M   M   M   M    M   3         M  M
14  83  60  72  -4   0   7 0.00  0.0    0   M   M   M   M    M   3 8       M  M
15  87  50  69  -7   0   4 0.00  0.0    0   M   M   M   M    M   0         M  M
16  90  57  74  -2   0   9 0.00  0.0    0   M   M   M   M    M   0         M  M
17  94  65  80   4   0  15 0.00  0.0    0   M   M   M   M    M   0         M  M
18  89  66  78   1   0  13 0.00  0.0    0   M   M   M   M    M   3         M  M
19  85  68  77   0   0  12 0.00  0.0    0   M   M   M   M    M   9         M  M
20  82  65  74  -3   0   9 0.00  0.0    0 13.2 22 120   M    M   6        31 110
================================================================================
SM 1754 1241         2 205  0.16     0.0  67.0          M       74
================================================================================
AV 87.7 62.1                              13.4 FASTST   M    M   4    MAX(MPH)
                                 MISC ---->  # 23 140               # 31  110
================================================================================
NOTES:
# LAST OF SEVERAL OCCURRENCES

COLUMN 17 PEAK WIND IN M.P.H.

PRELIMINARY LOCAL CLIMATOLOGICAL DATA (WS FORM: F-6) , PAGE 2

                                          STATION:  LAREDO
                                          MONTH:    APRIL
                                          YEAR:     2018
                                          LATITUDE:   27 31 N
                                          LONGITUDE:  99 28 W

[TEMPERATURE DATA]      [PRECIPITATION DATA]       SYMBOLS USED IN COLUMN 16

AVERAGE MONTHLY: 74.9   TOTAL FOR MONTH:   0.16    1 = FOG OR MIST
DPTR FM NORMAL:  -0.0   DPTR FM NORMAL:   -0.66    2 = FOG REDUCING VISIBILITY
HIGHEST:   105 ON 13    GRTST 24HR  0.16 ON  4- 4      TO 1/4 MILE OR LESS
LOWEST:     45 ON  8                               3 = THUNDER
                        SNOW, ICE PELLETS, HAIL    4 = ICE PELLETS
                        TOTAL MONTH:   0.0 INCH    5 = HAIL
                        GRTST 24HR     0.0         6 = FREEZING RAIN OR DRIZZLE
                        GRTST DEPTH:   0           7 = DUSTSTORM OR SANDSTORM:
                                                       VSBY 1/2 MILE OR LESS
                                                   8 = SMOKE OR HAZE
[NO. OF DAYS WITH]      [WEATHER - DAYS WITH]      9 = BLOWING SNOW
                                                   X = TORNADO
MAX 32 OR BELOW:   0    0.01 INCH OR MORE:   1
MAX 90 OR ABOVE:   8    0.10 INCH OR MORE:   1
MIN 32 OR BELOW:   0    0.50 INCH OR MORE:   0
MIN  0 OR BELOW:   0    1.00 INCH OR MORE:   0

[HDD (BASE 65) ]
TOTAL THIS MO.     2    CLEAR  (SCALE 0-3)  10
DPTR FM NORMAL   -10    PTCLDY (SCALE 4-7)   7
TOTAL FM JUL 1   845    CLOUDY (SCALE 8-10)  3
DPTR FM NORMAL   -80

[CDD (BASE 65) ]
TOTAL THIS MO.   205
DPTR FM NORMAL    -4    [PRESSURE DATA]
TOTAL FM JAN 1   616    HIGHEST SLP M ON M
DPTR FM NORMAL   149    LOWEST  SLP 29.54 ON 13

[REMARKS]
