000
CXUS53 KIND 200730
CF6MIE
PRELIMINARY LOCAL CLIMATOLOGICAL DATA (WS FORM: F-6)

                                          STATION:   MUNCIE IN
                                          MONTH:     MAY
                                          YEAR:      2018
                                          LATITUDE:   40 13 N
                                          LONGITUDE:  85 23 W

  TEMPERATURE IN F:       :PCPN:    SNOW:  WIND      :SUNSHINE: SKY     :PK WND
================================================================================
1   2   3   4   5  6A  6B    7    8   9   10  11  12  13   14  15   16   17  18
                                     12Z  AVG MX 2MIN
DY MAX MIN AVG DEP HDD CDD  WTR  SNW DPTH SPD SPD DIR MIN PSBL S-S WX    SPD DR
================================================================================

 1  84  55  70  13   0   5 0.00    M    M 10.2 20 230   M    M   0        26 210
 2  86  65  76  19   0  11 0.00    M    M 13.4 23 240   M    M   2        32 230
 3  76  67  72  14   0   7 0.12    M    M 10.9 21 240   M    M   6 3      30 250
 4  80  53  67   9   0   2 0.08    M    M 13.5 28 320   M    M   3 3      41 270
 5  75  50  63   5   2   0 0.00    M    M  3.6  8 190   M    M   0        11 190
 6  85  57  71  12   0   6 0.00    M    M  9.8 26 340   M    M   2 138    31 320
 7  74  48  61   2   4   0 0.00    M    M  7.9 20  50   M    M   0        24  70
 8  81  44  63   4   2   0 0.00    M    M  4.6 15  80   M    M   0        21 100
 9  85  56  71  11   0   6 0.12    M    M 12.3 33 310   M    M   M 13     40 310
10  80  61  71  11   0   6 0.13    M    M 10.5 22 300   M    M   0 3      28 310
11  82  55  69   9   0   4 0.00    M    M 10.6 23  70   M    M   1        26  40
12  83  56  70  10   0   5 0.00    M    M  9.8 21 260   M    M   3        27 260
13  88  56  72  11   0   7 0.00    M    M  8.1 20 290   M    M   2        24 280
14  90  65  78  17   0  13 0.00    M    M  9.9 28  10   M    M   1        34  20
15  82  66  74  13   0   9 0.03    M    M  8.8 18 320   M    M   4 38     25 320
16  80  61  71   9   0   6 0.00    M    M  8.6 16  70   M    M   5        19 100
17  85  53  69   7   0   4 0.00    M    M 10.1 21  80   M    M   1        28  80
18  71  59  65   3   0   0    T    M    M 12.4 24  80   M    M   8 18     29  80
19  81  63  72   9   0   7    M    M    M  6.8 18 310   M    M   6 18     23 310
================================================================================
SM 1548 1090         8  98  0.48    M    181.8          M       44
================================================================================
AV 81.5 57.4                               9.6 FASTST   M    M   2    MAX(MPH)
                                 MISC ---->  # 33 310               # 41  270
================================================================================
NOTES:
# LAST OF SEVERAL OCCURRENCES

COLUMN 17 PEAK WIND IN M.P.H.

PRELIMINARY LOCAL CLIMATOLOGICAL DATA (WS FORM: F-6) , PAGE 2

                                          STATION:  MUNCIE IN
                                          MONTH:    MAY
                                          YEAR:     2018
                                          LATITUDE:   40 13 N
                                          LONGITUDE:  85 23 W

[TEMPERATURE DATA]      [PRECIPITATION DATA]       SYMBOLS USED IN COLUMN 16

AVERAGE MONTHLY: 69.4   TOTAL FOR MONTH:   0.48    1 = FOG OR MIST
DPTR FM NORMAL:   9.6   DPTR FM NORMAL:   -2.09    2 = FOG REDUCING VISIBILITY
HIGHEST:    90 ON 14    GRTST 24HR  0.13 ON 10-10      TO 1/4 MILE OR LESS
LOWEST:     44 ON  8                               3 = THUNDER
                        SNOW, ICE PELLETS, HAIL    4 = ICE PELLETS
                        TOTAL MONTH:    M          5 = HAIL
                        GRTST 24HR    M  ON   M    6 = FREEZING RAIN OR DRIZZLE
                        GRTST DEPTH:  M  ON   M    7 = DUSTSTORM OR SANDSTORM:
                                                       VSBY 1/2 MILE OR LESS
                                                   8 = SMOKE OR HAZE
[NO. OF DAYS WITH]      [WEATHER - DAYS WITH]      9 = BLOWING SNOW
                                                   X = TORNADO
MAX 32 OR BELOW:   0    0.01 INCH OR MORE:   5
MAX 90 OR ABOVE:   1    0.10 INCH OR MORE:   3
MIN 32 OR BELOW:   0    0.50 INCH OR MORE:   0
MIN  0 OR BELOW:   0    1.00 INCH OR MORE:   0

[HDD (BASE 65) ]
TOTAL THIS MO.     8    CLEAR  (SCALE 0-3)  12
DPTR FM NORMAL  -119    PTCLDY (SCALE 4-7)   6
TOTAL FM JUL 1  5355    CLOUDY (SCALE 8-10)  0
DPTR FM NORMAL  -364

[CDD (BASE 65) ]
TOTAL THIS MO.    98
DPTR FM NORMAL    70    [PRESSURE DATA]
TOTAL FM JAN 1   111    HIGHEST SLP M ON M
DPTR FM NORMAL    68    LOWEST  SLP 29.74 ON  9

[REMARKS]
