000
CXUS54 KMOB 261342
CF6MOB
PRELIMINARY LOCAL CLIMATOLOGICAL DATA (WS FORM: F-6)

                                          STATION:   MOBILE
                                          MONTH:     APRIL
                                          YEAR:      2018
                                          LATITUDE:   30 40 N
                                          LONGITUDE:  88 15 W

  TEMPERATURE IN F:       :PCPN:    SNOW:  WIND      :SUNSHINE: SKY     :PK WND
================================================================================
1   2   3   4   5  6A  6B    7    8   9   10  11  12  13   14  15   16   17  18
                                     12Z  AVG MX 2MIN
DY MAX MIN AVG DEP HDD CDD  WTR  SNW DPTH SPD SPD DIR MIN PSBL S-S WX    SPD DR
================================================================================

 1  78  47  63   0   2   0 0.00  0.0    0  4.7 15 170   M    M   1        19 160
 2  82  62  72   9   0   7 0.00  0.0    0  6.6 17 170   M    M   6 128    21 190
 3  82  70  76  12   0  11 0.00  0.0    0 11.7 24 180   M    M   7 1      29 180
 4  73  48  61  -3   4   0 0.24  0.0    0  9.3 25 330   M    M   6 138    33 330
 5  73  44  59  -5   6   0 0.00  0.0    0  5.1 15  80   M    M   3        20  60
 6  76  47  62  -2   3   0    T  0.0    0  7.9 18 180   M    M   5        24 170
 7  71  46  59  -5   6   0 1.11  0.0    0  9.5 20 350   M    M   9 13     26 300
 8  60  42  51 -14  14   0 0.00  0.0    0  7.7 18  10   M    M  10 18     23 350
 9  77  56  67   2   0   2    T  0.0    0  7.0 16 350   M    M   9 18     21 350
10  78  58  68   3   0   3 0.00  0.0    0  8.7 18 340   M    M   5        24 360
11  79  47  63  -2   2   0 0.00  0.0    0  5.7 15  30   M    M   2        19  30
12  77  49  63  -3   2   0 0.00  0.0    0  7.5 18 130   M    M   2        25 140
13  79  60  70   4   0   5 0.00  0.0    0 13.8 25 140   M    M   7 1      31 130
14  80  61  71   5   0   6 1.23  0.0    0 16.2 31 160   M    M  10 138    41 190
15  63  42  53 -13  12   0 0.02  0.0    0  8.9 24 300   M    M   4 1      38 300
16  71  38  55 -11  10   0 0.00  0.0    0  6.4 18 340   M    M   0        25 300
17  78  43  61  -6   4   0 0.00  0.0    0  5.7 16 190   M    M   1        21 180
18  82  55  69   2   0   4 0.00  0.0    0  9.5 20 200   M    M   2 1      28 200
19  79  55  67   0   0   2 0.00  0.0    0  9.3 20  20   M    M   4 18     26  20
20  72  46  59  -8   6   0 0.00  0.0    0 14.4 14  20   M    M   3 18     21  10
21  79  53  66  -2   0   1 0.00  0.0    0  7.9 16 130   M    M   2        19 130
22  76  63  70   2   0   5 0.42  0.0    0 10.0 30 170   M    M   8 1      39 160
23  74  57  66  -2   0   1 0.00  0.0    0  6.2 13 260   M    M   5 1      20 270
24  77  51  64  -4   1   0 0.00  0.0    0  6.2 17 350   M    M   3        23 260
25  81  53  67  -2   0   2 0.00  0.0    0  5.8 15 340   M    M   2        19 340
================================================================================
SM 1897 1293        72  49  3.02     0.0 211.7          M      116
================================================================================
AV 75.9 51.7                               8.5 FASTST   M    M   5    MAX(MPH)
                                 MISC ---->  # 31 160               # 41  190
================================================================================
NOTES:
# LAST OF SEVERAL OCCURRENCES

COLUMN 17 PEAK WIND IN M.P.H.

PRELIMINARY LOCAL CLIMATOLOGICAL DATA (WS FORM: F-6) , PAGE 2

                                          STATION:  MOBILE
                                          MONTH:    APRIL
                                          YEAR:     2018
                                          LATITUDE:   30 40 N
                                          LONGITUDE:  88 15 W

[TEMPERATURE DATA]      [PRECIPITATION DATA]       SYMBOLS USED IN COLUMN 16

AVERAGE MONTHLY: 63.8   TOTAL FOR MONTH:   3.02    1 = FOG OR MIST
DPTR FM NORMAL:  -2.0   DPTR FM NORMAL:   -1.01    2 = FOG REDUCING VISIBILITY
HIGHEST:    82 ON 18, 3 GRTST 24HR  1.23 ON 14-14      TO 1/4 MILE OR LESS
LOWEST:     38 ON 16                               3 = THUNDER
                        SNOW, ICE PELLETS, HAIL    4 = ICE PELLETS
                        TOTAL MONTH:   0.0 INCH    5 = HAIL
                        GRTST 24HR     0.0         6 = FREEZING RAIN OR DRIZZLE
                        GRTST DEPTH:   0           7 = DUSTSTORM OR SANDSTORM:
                                                       VSBY 1/2 MILE OR LESS
                                                   8 = SMOKE OR HAZE
[NO. OF DAYS WITH]      [WEATHER - DAYS WITH]      9 = BLOWING SNOW
                                                   X = TORNADO
MAX 32 OR BELOW:   0    0.01 INCH OR MORE:   5
MAX 90 OR ABOVE:   0    0.10 INCH OR MORE:   4
MIN 32 OR BELOW:   0    0.50 INCH OR MORE:   2
MIN  0 OR BELOW:   0    1.00 INCH OR MORE:   2

[HDD (BASE 65) ]
TOTAL THIS MO.    72    CLEAR  (SCALE 0-3)  11
DPTR FM NORMAL    15    PTCLDY (SCALE 4-7)  10
TOTAL FM JUL 1  1487    CLOUDY (SCALE 8-10)  4
DPTR FM NORMAL  -201

[CDD (BASE 65) ]
TOTAL THIS MO.    49
DPTR FM NORMAL   -28    [PRESSURE DATA]
TOTAL FM JAN 1   211    HIGHEST SLP M ON M
DPTR FM NORMAL    79    LOWEST  SLP 29.76 ON  7

[REMARKS]
