000
CXUS56 KSTO 211425
CF6MOD
PRELIMINARY LOCAL CLIMATOLOGICAL DATA (WS FORM: F-6)

                                          STATION:   MODESTO CA
                                          MONTH:     MAY
                                          YEAR:      2018
                                          LATITUDE:   37 37 N
                                          LONGITUDE: 120 57 W

  TEMPERATURE IN F:       :PCPN:    SNOW:  WIND      :SUNSHINE: SKY     :PK WND
================================================================================
1   2   3   4   5  6A  6B    7    8   9   10  11  12  13   14  15   16   17  18
                                     12Z  AVG MX 2MIN
DY MAX MIN AVG DEP HDD CDD  WTR  SNW DPTH SPD SPD DIR MIN PSBL S-S WX    SPD DR
================================================================================

 1  78  49  64  -2   1   0    T    M    0  8.4 21 300   M    M   2        25 290
 2  79  50  65  -1   0   0 0.00  0.0    0  6.9 17 290   M    M   0        22 330
 3  80  53  67   1   0   2 0.00  0.0    0  7.9 15 310   M    M   0        21 300
 4  87  53  70   4   0   5 0.00  0.0    0  6.9 14 320   M    M   0        18 320
 5  87  57  72   5   0   7 0.00  0.0    0  7.4 18 320   M    M   1        21 330
 6  82  52  67   0   0   2 0.00  0.0    0 10.1 16 330   M    M   0        21 350
 7  87  54  71   4   0   6 0.00  0.0    0  9.3 15 330   M    M   0        20 330
 8  92  54  73   6   0   8 0.00  0.0    0  7.3 20 300   M    M   0        24 290
 9  85  59  72   4   0   7 0.00  0.0    0 11.3 21 300   M    M   0        25 290
10  85  54  70   2   0   5 0.00  0.0    0  9.8 21 300   M    M   0        24 300
11  83  56  70   2   0   5 0.00  0.0    0 14.1 26 320   M    M   0        35 320
12  86  57  72   4   0   7 0.00  0.0    0 10.8 20 320   M    M   1        26 290
13  81  54  68   0   0   3 0.00  0.0    0  8.6 18 330   M    M   0        22 310
14  80  52  66  -3   0   1 0.00  0.0    0  9.4 16 330   M    M   0        21 340
15  79  53  66  -3   0   1 0.00  0.0    0 10.9 22 320   M    M   1        27 320
16  73  55  64  -5   1   0 0.00  0.0    0  8.3 18 310   M    M   5        24 310
17  82  51  67  -2   0   2 0.00  0.0    0  8.9 21 300   M    M   0        24 300
18  84  54  69   0   0   4 0.00  0.0    0  9.0 18 310   M    M   0        22 320
19  80  55  68  -2   0   3 0.00  0.0    0 11.2 21 310   M    M   0        26 300
20  76  52  64  -6   1   0 0.00  0.0    0  8.3 18 330   M    M   0        23 320
================================================================================
SM 1646 1074         3  68    T      0.0 184.8          M       10
================================================================================
AV 82.3 53.7                               9.2 FASTST   M    M   1    MAX(MPH)
                                 MISC ---->  # 26 320               # 35  320
================================================================================
NOTES:
# LAST OF SEVERAL OCCURRENCES

COLUMN 17 PEAK WIND IN M.P.H.

PRELIMINARY LOCAL CLIMATOLOGICAL DATA (WS FORM: F-6) , PAGE 2

                                          STATION:  MODESTO CA
                                          MONTH:    MAY
                                          YEAR:     2018
                                          LATITUDE:   37 37 N
                                          LONGITUDE: 120 57 W

[TEMPERATURE DATA]      [PRECIPITATION DATA]       SYMBOLS USED IN COLUMN 16

AVERAGE MONTHLY: 68.0   TOTAL FOR MONTH:      T    1 = FOG OR MIST
DPTR FM NORMAL:   0.2   DPTR FM NORMAL:   -0.46    2 = FOG REDUCING VISIBILITY
HIGHEST:    92 ON  8    GRTST 24HR    T  ON  1- 1      TO 1/4 MILE OR LESS
LOWEST:     49 ON  1                               3 = THUNDER
                        SNOW, ICE PELLETS, HAIL    4 = ICE PELLETS
                        TOTAL MONTH:   0.0 INCH    5 = HAIL
                        GRTST 24HR     0.0         6 = FREEZING RAIN OR DRIZZLE
                        GRTST DEPTH:   0           7 = DUSTSTORM OR SANDSTORM:
                                                       VSBY 1/2 MILE OR LESS
                                                   8 = SMOKE OR HAZE
[NO. OF DAYS WITH]      [WEATHER - DAYS WITH]      9 = BLOWING SNOW
                                                   X = TORNADO
MAX 32 OR BELOW:   0    0.01 INCH OR MORE:   0
MAX 90 OR ABOVE:   1    0.10 INCH OR MORE:   0
MIN 32 OR BELOW:   0    0.50 INCH OR MORE:   0
MIN  0 OR BELOW:   0    1.00 INCH OR MORE:   0

[HDD (BASE 65) ]
TOTAL THIS MO.     3    CLEAR  (SCALE 0-3)  19
DPTR FM NORMAL   -24    PTCLDY (SCALE 4-7)   1
TOTAL FM JUL 1  1990    CLOUDY (SCALE 8-10)  0
DPTR FM NORMAL  -171

[CDD (BASE 65) ]
TOTAL THIS MO.    68
DPTR FM NORMAL   -16    [PRESSURE DATA]
TOTAL FM JAN 1    96    HIGHEST SLP M ON M
DPTR FM NORMAL   -32    LOWEST  SLP 29.69 ON 11

[REMARKS]
