292
CXUS55 KMSO 230900
CF6MSO
PRELIMINARY LOCAL CLIMATOLOGICAL DATA (WS FORM: F-6)

                                          STATION:   MISSOULA MT
                                          MONTH:     APRIL
                                          YEAR:      2018
                                          LATITUDE:   46 55 N
                                          LONGITUDE: 114  5 W

  TEMPERATURE IN F:       :PCPN:    SNOW:  WIND      :SUNSHINE: SKY     :PK WND
================================================================================
1   2   3   4   5  6A  6B    7    8   9   10  11  12  13   14  15   16   17  18
                                     12Z  AVG MX 2MIN
DY MAX MIN AVG DEP HDD CDD  WTR  SNW DPTH SPD SPD DIR MIN PSBL S-S WX    SPD DR
================================================================================

 1  45  21  33 -10  32   0 0.02  0.0    0  4.7 15 300   M    M   6        20 300
 2  37  26  32 -11  33   0 0.14  1.6    1  9.1 37 290   M    M   9 128    44 290
 3  46  24  35  -8  30   0    T    T    T  3.9 16 240   M    M   8 1      21 230
 4  46  32  39  -5  26   0 0.21    T    0  3.1 12 330   M    M  10 1      14 330
 5  50  30  40  -4  25   0 0.25    T    0  5.6 24 100   M    M  10 1      30  90
 6  37  24  31 -13  34   0    T    T    T 12.7 24  80   M    M  10 8      34  70
 7  48  29  39  -5  26   0 0.14  0.0    0  5.5 23 130   M    M   6 1      29 130
 8  52  36  44   0  21   0 0.10  0.0    0  6.1 24 230   M    M  10 1      32 270
 9  56  34  45   1  20   0    T  0.0    0  4.8 16 230   M    M   8        19 250
10  53  27  40  -4  25   0 0.08  0.0    0  3.0 15 330   M    M   4 1      20 320
11  54  37  46   1  19   0 0.01  0.0    0  5.0 17 310   M    M   7 1      21 310
12  44  34  39  -6  26   0 0.29  0.0    0  6.3 20 270   M    M  10 1      24 270
13  48  30  39  -6  26   0 0.00  0.0    0  3.7 17 260   M    M   8        22 230
14  57  34  46   1  19   0 0.02  0.0    0  4.4 24 240   M    M   8        33 240
15  58  31  45   0  20   0 0.02  0.0    0  3.7 15 120   M    M   7        19 120
16  49  34  42  -4  23   0 0.49  0.0    0  8.4 30 250   M    M   8 1      36 250
17  47  31  39  -7  26   0    T    T    0  8.9 28 300   M    M   8        34 280
18  56  26  41  -5  24   0 0.00  0.0    0  3.5 15  20   M    M   2        21  10
19  62  29  46   0  19   0 0.00  0.0    0  5.9 22  10   M    M   0        27  10
20  66  29  48   2  17   0 0.00  0.0    0  2.2 10 180   M    M   0        13 330
21  60  34  47   0  18   0 0.00  0.0    0  8.7 31 290   M    M   4        45 270
22  60  28  44  -3  21   0 0.00  0.0    0  6.9 20  10   M    M   0        28  10
================================================================================
SM 1131  660       530   0  1.77     1.6 126.1          M      143
================================================================================
AV 51.4 30.0                               5.7 FASTST   M    M   7    MAX(MPH)
                                 MISC ---->  # 37 290               # 45  270
================================================================================
NOTES:
# LAST OF SEVERAL OCCURRENCES

COLUMN 17 PEAK WIND IN M.P.H.

PRELIMINARY LOCAL CLIMATOLOGICAL DATA (WS FORM: F-6) , PAGE 2

                                          STATION:  MISSOULA MT
                                          MONTH:    APRIL
                                          YEAR:     2018
                                          LATITUDE:   46 55 N
                                          LONGITUDE: 114  5 W

[TEMPERATURE DATA]      [PRECIPITATION DATA]       SYMBOLS USED IN COLUMN 16

AVERAGE MONTHLY: 40.7   TOTAL FOR MONTH:   1.77    1 = FOG OR MIST
DPTR FM NORMAL:  -4.1   DPTR FM NORMAL:    0.88    2 = FOG REDUCING VISIBILITY
HIGHEST:    66 ON 20    GRTST 24HR  0.49 ON 16-16      TO 1/4 MILE OR LESS
LOWEST:     21 ON  1                               3 = THUNDER
                        SNOW, ICE PELLETS, HAIL    4 = ICE PELLETS
                        TOTAL MONTH:   1.6 INCHES  5 = HAIL
                        GRTST 24HR   1.6 ON  2- 2  6 = FREEZING RAIN OR DRIZZLE
                        GRTST DEPTH:   1 ON  2     7 = DUSTSTORM OR SANDSTORM:
                                                       VSBY 1/2 MILE OR LESS
                                                   8 = SMOKE OR HAZE
[NO. OF DAYS WITH]      [WEATHER - DAYS WITH]      9 = BLOWING SNOW
                                                   X = TORNADO
MAX 32 OR BELOW:   0    0.01 INCH OR MORE:  12
MAX 90 OR ABOVE:   0    0.10 INCH OR MORE:   7
MIN 32 OR BELOW:  15    0.50 INCH OR MORE:   0
MIN  0 OR BELOW:   0    1.00 INCH OR MORE:   0

[HDD (BASE 65) ]
TOTAL THIS MO.   530    CLEAR  (SCALE 0-3)   4
DPTR FM NORMAL    85    PTCLDY (SCALE 4-7)   9
TOTAL FM JUL 1  6791    CLOUDY (SCALE 8-10)  9
DPTR FM NORMAL   163

[CDD (BASE 65) ]
TOTAL THIS MO.     0
DPTR FM NORMAL     0    [PRESSURE DATA]
TOTAL FM JAN 1     0    HIGHEST SLP M ON M
DPTR FM NORMAL     0    LOWEST  SLP 29.45 ON  7

[REMARKS]
