000
CXUS56 KOTX 250910
CF6MWH
PRELIMINARY LOCAL CLIMATOLOGICAL DATA (WS FORM: F-6)
STATION: MOSES LAKE WA AIRPORT
MONTH: APRIL
YEAR: 2024
LATITUDE: 47 12 N
LONGITUDE: 119 19 W
TEMPERATURE IN F: :PCPN: SNOW: WIND :SUNSHINE: SKY :PK WND
================================================================================
1 2 3 4 5 6A 6B 7 8 9 10 11 12 13 14 15 16 17 18
12Z AVG MX 2MIN
DY MAX MIN AVG DEP HDD CDD WTR SNW DPTH SPD SPD DIR MIN PSBL S-S WX SPD DR
================================================================================
1 70 34 52 5 13 0 0.00 M M 5.8 15 180 M M 0 19 170
2 77 37 57 10 8 0 0.00 M M 8.4 18 180 M M 0 25 180
3 58 40 49 2 16 0 0.00 M M 9.7 20 220 M M 0 26 220
4 47 34 41 -7 24 0 0.06 M M 7.0 16 350 M M 9 18 20 300
5 47 41 44 -4 21 0 0.17 M M 5.6 14 350 M M 10 1 16 350
6 59 40 50 2 15 0 0.00 M M 7.3 17 210 M M 7 23 200
7 61 32 47 -1 18 0 0.00 M M 6.1 15 230 M M 1 20 250
8 59 32 46 -2 19 0 0.00 M M 9.2 18 170 M M 2 27 190
9 66 42 54 5 11 0 0.00 M M 15.1 30 240 M M 1 44 250
10 61 31 46 -3 19 0 0.00 M M 3.5 13 170 M M 0 16 180
11 65 33 49 0 16 0 0.00 M M 4.3 12 180 M M 0 17 180
12 66 42 54 5 11 0 0.00 M M 4.4 9 240 M M 2 16 30
13 72 38 55 5 10 0 0.00 M M 2.9 9 230 M M 0 15 160
14 79 43 61 11 4 0 0.00 M M 6.8 20 280 M M 0 29 300
15 68 47 58 8 7 0 0.00 M M 11.4 23 240 M M 0 31 260
16 60 36 48 -2 17 0 0.00 M M 11.4 24 340 M M 2 34 320
17 60 35 48 -3 17 0 0.00 M M 8.3 24 360 M M 2 30 10
18 62 32 47 -4 18 0 0.00 M M 8.8 21 60 M M 3 26 50
19 65 32 49 -2 16 0 0.00 M M 12.2 26 60 M M 0 32 50
20 70 34 52 0 13 0 T M M 10.3 20 240 M M 2 29 240
21 63 42 53 1 12 0 0.00 M M 14.1 25 280 M M 0 35 300
22 64 29 47 -5 18 0 0.00 M M 5.6 13 10 M M 0 17 40
23 69 32 51 -1 14 0 0.00 M M 5.8 12 360 M M 0 16 150
24 70 33 52 -1 13 0 0.00 M M 5.9 18 240 M M 4 23 250
================================================================================
SM 1538 871 350 0 0.23 M 189.9 M 45
================================================================================
AV 64.1 36.3 7.9 FASTST M M 2 MAX(MPH)
MISC ----> 30 240 44 250
================================================================================
NOTES:
# LAST OF SEVERAL OCCURRENCES
COLUMN 17 PEAK WIND IN M.P.H.
PRELIMINARY LOCAL CLIMATOLOGICAL DATA (WS FORM: F-6) , PAGE 2
STATION: MOSES LAKE WA AIRPORT
MONTH: APRIL
YEAR: 2024
LATITUDE: 47 12 N
LONGITUDE: 119 19 W
[TEMPERATURE DATA] [PRECIPITATION DATA] SYMBOLS USED IN COLUMN 16
AVERAGE MONTHLY: 50.2 TOTAL FOR MONTH: 0.23 1 = FOG OR MIST
DPTR FM NORMAL: 0.6 DPTR FM NORMAL: -0.31 2 = FOG REDUCING VISIBILITY
HIGHEST: 79 ON 14 GRTST 24HR 0.17 ON 4- 5 TO 1/4 MILE OR LESS
LOWEST: 29 ON 22 3 = THUNDER
SNOW, ICE PELLETS, HAIL 4 = ICE PELLETS
TOTAL MONTH: M 5 = HAIL
GRTST 24HR M ON M 6 = FREEZING RAIN OR DRIZZLE
GRTST DEPTH: M ON M 7 = DUSTSTORM OR SANDSTORM:
VSBY 1/2 MILE OR LESS
8 = SMOKE OR HAZE
[NO. OF DAYS WITH] [WEATHER - DAYS WITH] 9 = BLOWING SNOW
X = TORNADO
MAX 32 OR BELOW: 0 0.01 INCH OR MORE: 2
MAX 90 OR ABOVE: 0 0.10 INCH OR MORE: 1
MIN 32 OR BELOW: 7 0.50 INCH OR MORE: 0
MIN 0 OR BELOW: 0 1.00 INCH OR MORE: 0
[HDD (BASE 65) ]
TOTAL THIS MO. 350 CLEAR (SCALE 0-3) 20
DPTR FM NORMAL -19 PTCLDY (SCALE 4-7) 2
TOTAL FM JUL 1 5061 CLOUDY (SCALE 8-10) 2
DPTR FM NORMAL -409
[CDD (BASE 65) ]
TOTAL THIS MO. 0
DPTR FM NORMAL 0 [PRESSURE DATA]
TOTAL FM JAN 1 0 HIGHEST SLP M ON M
DPTR FM NORMAL 0 LOWEST SLP 29.61 ON 5
[REMARKS]