000
CXUS56 KOTX 250900
CF6MWH
PRELIMINARY LOCAL CLIMATOLOGICAL DATA (WS FORM: F-6)

                                          STATION:   MOSES LAKE WA AIRPORT
                                          MONTH:     APRIL
                                          YEAR:      2018
                                          LATITUDE:   47 12 N
                                          LONGITUDE: 119 19 W

  TEMPERATURE IN F:       :PCPN:    SNOW:  WIND      :SUNSHINE: SKY     :PK WND
================================================================================
1   2   3   4   5  6A  6B    7    8   9   10  11  12  13   14  15   16   17  18
                                     12Z  AVG MX 2MIN
DY MAX MIN AVG DEP HDD CDD  WTR  SNW DPTH SPD SPD DIR MIN PSBL S-S WX    SPD DR
================================================================================

 1  57  35  46  -1  19   0 0.00    M    M 14.7 32 270   M    M   5        39 270
 2  55  33  44  -3  21   0 0.00    M    M  9.9 20 270   M    M   3        25 330
 3  50  32  41  -7  24   0 0.00    M    M  4.2 15 250   M    M   3        18 260
 4  53  35  44  -4  21   0 0.01    M    M  3.7 12 200   M    M   7        14 190
 5  51  43  47  -1  18   0 0.19    M    M  4.1  9  10   M    M  10 1      15  70
 6  56  45  51   3  14   0    T    M    M  9.9 20  50   M    M  10 18     25  50
 7  59  42  51   3  14   0 0.47    M    M 10.8 28 230   M    M   7 1      33 250
 8  61  40  51   3  14   0 0.00    M    M 11.7 25 250   M    M   5        29 250
 9  61  34  48  -1  17   0 0.00    M    M  6.8 12 180   M    M   0        15 220
10  65  43  54   5  11   0 0.02    M    M  7.9 17 290   M    M   5        21 290
11  59  38  49   0  16   0 0.12    M    M  7.2 18 210   M    M   5 1      23 180
12  60  42  51   2  14   0 0.17    M    M 14.4 28 270   M    M   3 1      34 260
13  55  37  46  -3  19   0 0.00    M    M 13.6 23 160   M    M   7        27 170
14  63  47  55   5  10   0 0.00    M    M 10.6 20 180   M    M   3        26 220
15  60  45  53   3  12   0 0.09    M    M  7.4 17 110   M    M   6 1      24 190
16  57  42  50   0  15   0 0.05    M    M 13.4 24 230   M    M   7        32 230
17  59  39  49  -1  16   0 0.00    M    M 14.8 29 250   M    M   3        39 230
18  61  33  47  -4  18   0 0.00    M    M  8.2 17  50   M    M   2        20  50
19  67  32  50  -1  15   0 0.00    M    M  6.3 14  10   M    M   0        17  20
20  68  38  53   2  12   0 0.00    M    M  6.2 13 180   M    M   2        18 170
21  64  40  52   1  13   0 0.00    M    M 15.1 28 250   M    M   2 7      35 240
22  63  34  49  -3  16   0 0.00    M    M  7.9 16 360   M    M   0        21 350
23  69  32  51  -1  14   0 0.00    M    M  6.8 17  10   M    M   0        24  40
24  74  37  56   4   9   0 0.00    M    M  6.7 15  70   M    M   0        22  40
================================================================================
SM 1447  918       372   0  1.12    M    222.3          M       95
================================================================================
AV 60.3 38.3                               9.3 FASTST   M    M   4    MAX(MPH)
                                 MISC ---->  # 32 270               # 39  270
================================================================================
NOTES:
# LAST OF SEVERAL OCCURRENCES

COLUMN 17 PEAK WIND IN M.P.H.

PRELIMINARY LOCAL CLIMATOLOGICAL DATA (WS FORM: F-6) , PAGE 2

                                          STATION:  MOSES LAKE WA AIRPORT
                                          MONTH:    APRIL
                                          YEAR:     2018
                                          LATITUDE:   47 12 N
                                          LONGITUDE: 119 19 W

[TEMPERATURE DATA]      [PRECIPITATION DATA]       SYMBOLS USED IN COLUMN 16

AVERAGE MONTHLY: 49.3   TOTAL FOR MONTH:   1.12    1 = FOG OR MIST
DPTR FM NORMAL:  -0.2   DPTR FM NORMAL:    0.55    2 = FOG REDUCING VISIBILITY
HIGHEST:    74 ON 24    GRTST 24HR  0.47 ON  7- 7      TO 1/4 MILE OR LESS
LOWEST:     32 ON 23,19                            3 = THUNDER
                        SNOW, ICE PELLETS, HAIL    4 = ICE PELLETS
                        TOTAL MONTH:    M          5 = HAIL
                        GRTST 24HR    M  ON   M    6 = FREEZING RAIN OR DRIZZLE
                        GRTST DEPTH:  M  ON   M    7 = DUSTSTORM OR SANDSTORM:
                                                       VSBY 1/2 MILE OR LESS
                                                   8 = SMOKE OR HAZE
[NO. OF DAYS WITH]      [WEATHER - DAYS WITH]      9 = BLOWING SNOW
                                                   X = TORNADO
MAX 32 OR BELOW:   0    0.01 INCH OR MORE:   8
MAX 90 OR ABOVE:   0    0.10 INCH OR MORE:   4
MIN 32 OR BELOW:   3    0.50 INCH OR MORE:   0
MIN  0 OR BELOW:   0    1.00 INCH OR MORE:   0

[HDD (BASE 65) ]
TOTAL THIS MO.   372    CLEAR  (SCALE 0-3)  12
DPTR FM NORMAL    -1    PTCLDY (SCALE 4-7)  10
TOTAL FM JUL 1  5308    CLOUDY (SCALE 8-10)  2
DPTR FM NORMAL  -237

[CDD (BASE 65) ]
TOTAL THIS MO.     0
DPTR FM NORMAL     0    [PRESSURE DATA]
TOTAL FM JAN 1     0    HIGHEST SLP M ON M
DPTR FM NORMAL     0    LOWEST  SLP 29.36 ON  7

[REMARKS]
