000
CXUS54 KMOB 251342
CF6PNS
PRELIMINARY LOCAL CLIMATOLOGICAL DATA (WS FORM: F-6)

                                          STATION:   PENSACOLA
                                          MONTH:     APRIL
                                          YEAR:      2018
                                          LATITUDE:   30 28 N
                                          LONGITUDE:  87 12 W

  TEMPERATURE IN F:       :PCPN:    SNOW:  WIND      :SUNSHINE: SKY     :PK WND
================================================================================
1   2   3   4   5  6A  6B    7    8   9   10  11  12  13   14  15   16   17  18
                                     12Z  AVG MX 2MIN
DY MAX MIN AVG DEP HDD CDD  WTR  SNW DPTH SPD SPD DIR MIN PSBL S-S WX    SPD DR
================================================================================

 1  75  51  63   0   2   0 0.00  0.0    0   M  14 150   M    M   0        17 140
 2  80  61  71   7   0   6    T  0.0    0  8.2 18 180   M    M   3 1      26 180
 3  80  68  74  10   0   9 0.00  0.0    0 12.1 22 170   M    M   6 1      27 170
 4  73  51  62  -2   3   0 0.19  0.0    0 10.1 29 300   M    M   5 1      36 290
 5  71  49  60  -4   5   0 0.00  0.0    0  6.4 13 180   M    M   0        18  40
 6  74  52  63  -1   2   0    T  0.0    0  7.8 14 130   M    M   1        19 130
 7  74  50  62  -3   3   0 1.56  0.0    0 10.4 21 360   M    M   9 13     28 350
 8  64  46  55 -10  10   0    T  0.0    0  6.8 18 360   M    M  10        25 350
 9  76  61  69   4   0   4    T  0.0    0  6.7 15 360   M    M   8 1      19 360
10  80  59  70   5   0   5    T  0.0    0  8.9 17 340   M    M   5        23 330
11  78  53  66   0   0   1 0.00  0.0    0  7.2 14 360   M    M   0        20  20
12  75  54  65  -1   0   0 0.00  0.0    0  8.3 17 140   M    M   0 1      22 120
13  78  61  70   4   0   5 0.00  0.0    0 11.3 20 140   M    M   5        26 140
14  79  67  73   7   0   8 0.99  0.0    0 15.2 23 130   M    M   9 13     31 140
15  67  47  57  -9   8   0 0.57  0.0    0 12.7 30 310   M    M   3 1      38 320
16  72  43  58  -9   7   0 0.00  0.0    0  8.9 20 310   M    M   0        26 310
17  74  48  61  -6   4   0 0.00  0.0    0  7.0 16 200   M    M   0        20 170
18  82  63  73   6   0   8 0.00  0.0    0 11.7 21 200   M    M   1        27 230
19  83  58  71   4   0   6 0.00  0.0    0 10.2 17 350   M    M   1        24  10
20  74  51  63  -5   2   0 0.00  0.0    0  6.5 14  20   M    M   0        21  10
21  75  59  67  -1   0   2 0.00  0.0    0  8.9 20 130   M    M   5        22 130
22  75  69  72   4   0   7 0.68  0.0    0 13.2 35 170   M    M   9 1      45 160
23  77  58  68   0   0   3 0.00  0.0    0  9.9 22 210   M    M   4 1      27 250
24  78  56  67  -2   0   2 0.00  0.0    0  8.1 18 340   M    M   3        26 210
================================================================================
SM 1814 1335        46  66  3.99     0.0 216.5          M       87
================================================================================
AV 75.6 55.6                               9.4 FASTST   M    M   4    MAX(MPH)
                                 MISC ---->  # 35 170               # 45  160
================================================================================
NOTES:
# LAST OF SEVERAL OCCURRENCES

COLUMN 17 PEAK WIND IN M.P.H.

PRELIMINARY LOCAL CLIMATOLOGICAL DATA (WS FORM: F-6) , PAGE 2

                                          STATION:  PENSACOLA
                                          MONTH:    APRIL
                                          YEAR:     2018
                                          LATITUDE:   30 28 N
                                          LONGITUDE:  87 12 W

[TEMPERATURE DATA]      [PRECIPITATION DATA]       SYMBOLS USED IN COLUMN 16

AVERAGE MONTHLY: 65.6   TOTAL FOR MONTH:   3.99    1 = FOG OR MIST
DPTR FM NORMAL:  -0.3   DPTR FM NORMAL:    0.46    2 = FOG REDUCING VISIBILITY
HIGHEST:    83 ON 19    GRTST 24HR  1.56 ON  7- 7      TO 1/4 MILE OR LESS
LOWEST:     43 ON 16                               3 = THUNDER
                        SNOW, ICE PELLETS, HAIL    4 = ICE PELLETS
                        TOTAL MONTH:   0.0 INCH    5 = HAIL
                        GRTST 24HR     0.0         6 = FREEZING RAIN OR DRIZZLE
                        GRTST DEPTH:   0           7 = DUSTSTORM OR SANDSTORM:
                                                       VSBY 1/2 MILE OR LESS
                                                   8 = SMOKE OR HAZE
[NO. OF DAYS WITH]      [WEATHER - DAYS WITH]      9 = BLOWING SNOW
                                                   X = TORNADO
MAX 32 OR BELOW:   0    0.01 INCH OR MORE:   5
MAX 90 OR ABOVE:   0    0.10 INCH OR MORE:   5
MIN 32 OR BELOW:   0    0.50 INCH OR MORE:   4
MIN  0 OR BELOW:   0    1.00 INCH OR MORE:   1

[HDD (BASE 65) ]
TOTAL THIS MO.    46    CLEAR  (SCALE 0-3)  13
DPTR FM NORMAL    -2    PTCLDY (SCALE 4-7)   6
TOTAL FM JUL 1  1193    CLOUDY (SCALE 8-10)  5
DPTR FM NORMAL  -339

[CDD (BASE 65) ]
TOTAL THIS MO.    66
DPTR FM NORMAL    -4    [PRESSURE DATA]
TOTAL FM JAN 1   228    HIGHEST SLP M ON M
DPTR FM NORMAL   111    LOWEST  SLP 29.76 ON  7

[REMARKS]
