000
CXUS54 KHGX 181410
CF6PSX
PRELIMINARY LOCAL CLIMATOLOGICAL DATA (WS FORM: F-6)
STATION: PALACIOS
MONTH: APRIL
YEAR: 2024
LATITUDE: 28 43 N
LONGITUDE: 96 15 W
TEMPERATURE IN F: :PCPN: SNOW: WIND :SUNSHINE: SKY :PK WND
================================================================================
1 2 3 4 5 6A 6B 7 8 9 10 11 12 13 14 15 16 17 18
12Z AVG MX 2MIN
DY MAX MIN AVG DEP HDD CDD WTR SNW DPTH SPD SPD DIR MIN PSBL S-S WX SPD DR
================================================================================
1 77 73 75 7 0 10 0.00 0.0 0 14.4 22 170 M M 9 1 32 160
2 85 58 72 3 0 7 0.11 0.0 0 13.9 28 350 M M 4 1 35 350
3 77 50 64 -5 1 0 0.00 0.0 0 9.1 16 320 M M 0 25 320
4 79 51 65 -4 0 0 0.00 0.0 0 7.9 14 190 M M 0 20 170
5 77 65 71 2 0 6 0.00 0.0 0 10.9 17 190 M M 0 25 190
6 77 69 73 3 0 8 0.00 0.0 0 15.3 26 150 M M 4 35 160
7 81 72 77 7 0 12 T 0.0 0 10.2 18 160 M M 7 1 24 130
8 79 73 76 6 0 11 T 0.0 0 14.6 26 150 M M 10 1 37 140
9 81 73 77 7 0 12 T 0.0 0 16.4 35 130 M M 9 18 46 130
10 75 59 67 -3 0 2 1.08 0.0 0 17.2 33 280 M M 4 13 55 290
11 83 53 68 -2 0 3 0.00 0.0 0 8.5 16 340 M M 0 23 350
12 79 56 68 -3 0 3 0.00 0.0 0 10.5 20 130 M M 0 27 130
13 78 64 71 0 0 6 0.00 0.0 0 13.5 21 160 M M 1 29 160
14 79 70 75 4 0 10 0.00 0.0 0 11.9 20 150 M M 6 27 130
15 79 72 76 5 0 11 0.00 0.0 0 14.5 23 140 M M 10 31 130
16 81 73 77 5 0 12 0.00 0.0 0 15.0 22 120 M M 9 18 28 120
17 80 73 77 5 0 12 T 0.0 0 11.5 18 130 M M 8 1 25 160
================================================================================
SM 1347 1104 1 125 1.19 0.0 215.3 M 81
================================================================================
AV 79.2 64.9 12.7 FASTST M M 5 MAX(MPH)
MISC ----> 35 130 55 290
================================================================================
NOTES:
# LAST OF SEVERAL OCCURRENCES
COLUMN 17 PEAK WIND IN M.P.H.
PRELIMINARY LOCAL CLIMATOLOGICAL DATA (WS FORM: F-6) , PAGE 2
STATION: PALACIOS
MONTH: APRIL
YEAR: 2024
LATITUDE: 28 43 N
LONGITUDE: 96 15 W
[TEMPERATURE DATA] [PRECIPITATION DATA] SYMBOLS USED IN COLUMN 16
AVERAGE MONTHLY: 72.1 TOTAL FOR MONTH: 1.19 1 = FOG OR MIST
DPTR FM NORMAL: 2.0 DPTR FM NORMAL: -0.46 2 = FOG REDUCING VISIBILITY
HIGHEST: 85 ON 2 GRTST 24HR 1.08 ON 9-10 TO 1/4 MILE OR LESS
LOWEST: 50 ON 3 3 = THUNDER
SNOW, ICE PELLETS, HAIL 4 = ICE PELLETS
TOTAL MONTH: 0.0 INCH 5 = HAIL
GRTST 24HR 0.0 6 = FREEZING RAIN OR DRIZZLE
GRTST DEPTH: 0 7 = DUSTSTORM OR SANDSTORM:
VSBY 1/2 MILE OR LESS
8 = SMOKE OR HAZE
[NO. OF DAYS WITH] [WEATHER - DAYS WITH] 9 = BLOWING SNOW
X = TORNADO
MAX 32 OR BELOW: 0 0.01 INCH OR MORE: 2
MAX 90 OR ABOVE: 0 0.10 INCH OR MORE: 2
MIN 32 OR BELOW: 0 0.50 INCH OR MORE: 1
MIN 0 OR BELOW: 0 1.00 INCH OR MORE: 1
[HDD (BASE 65) ]
TOTAL THIS MO. 1 CLEAR (SCALE 0-3) 6
DPTR FM NORMAL -15 PTCLDY (SCALE 4-7) 6
TOTAL FM JUL 1 950 CLOUDY (SCALE 8-10) 5
DPTR FM NORMAL -48
[CDD (BASE 65) ]
TOTAL THIS MO. 125
DPTR FM NORMAL 23 [PRESSURE DATA]
TOTAL FM JAN 1 287 HIGHEST SLP M ON M
DPTR FM NORMAL 39 LOWEST SLP 29.53 ON 10
[REMARKS]