000
CXUS52 KFFC 191110
CF6RMG
PRELIMINARY LOCAL CLIMATOLOGICAL DATA (WS FORM: F-6)

                                          STATION:   ROME
                                          MONTH:     MAY
                                          YEAR:      2018
                                          LATITUDE:   34 20 N
                                          LONGITUDE:  85 10 W

  TEMPERATURE IN F:       :PCPN:    SNOW:  WIND      :SUNSHINE: SKY     :PK WND
================================================================================
1   2   3   4   5  6A  6B    7    8   9   10  11  12  13   14  15   16   17  18
                                     12Z  AVG MX 2MIN
DY MAX MIN AVG DEP HDD CDD  WTR  SNW DPTH SPD SPD DIR MIN PSBL S-S WX    SPD DR
================================================================================

 1  83  44  64   0   1   0 0.00  0.0    0  2.2 13 180   M    M   1        20 160
 2  85  51  68   4   0   3 0.00  0.0    M  1.3  9 200   M    M   0 1      12 220
 3  86  53  70   6   0   5 0.00  0.0    0  2.7 12 220   M    M   0        16 220
 4  85  54  70   5   0   5 0.00  0.0    0  2.4 14 210   M    M   2        20 200
 5  80  59  70   5   0   5    T  0.0    0  3.0 15 290   M    M   2 1      20 290
 6  83  54  69   4   0   4 0.00  0.0    0  6.9 21  20   M    M   1 1      25  10
 7  86  54  70   4   0   5 0.00  0.0    0  4.5 16  10   M    M   2        20 350
 8  84  54  69   3   0   4 0.00  0.0    0  2.2 12 100   M    M   1        15 100
 9  87  55  71   5   0   6 0.00  0.0    0  2.0 10 300   M    M   2        14 180
10  90  57  74   8   0   9 0.37  0.0    0  4.2 18  50   M    M   1 123    24  40
11  89  57  73   6   0   8 0.00  0.0    0  2.5 14 270   M    M   4 12     17 280
12  91  60  76   9   0  11 0.00  0.0    0  2.3 12 270   M    M   0 1      14 330
13  92  60  76   9   0  11 0.00  0.0    0  2.3 12 340   M    M   0        17  10
14  93  62  78  10   0  13 0.00  0.0    0  2.7 14  20   M    M   0 1      17 360
15  84  67  76   8   0  11 0.55  0.0    0  3.2 29  30   M    M   1 13     34  30
16  85  67  76   8   0  11 0.00  0.0    0  2.7  8 130   M    M   4        12  50
17  82  68  75   6   0  10 0.05  0.0    0  2.0 14 130   M    M   4 3      17 140
18  85  67  76   7   0  11 0.28  0.0    0  3.0 17 160   M    M   8 13     23 180
================================================================================
SM 1550 1043         1 132  1.25     0.0  52.1          M       33
================================================================================
AV 86.1 57.9                               2.9 FASTST   M    M   2    MAX(MPH)
                                 MISC ---->  # 29  30               # 34   30
================================================================================
NOTES:
# LAST OF SEVERAL OCCURRENCES

COLUMN 17 PEAK WIND IN M.P.H.

PRELIMINARY LOCAL CLIMATOLOGICAL DATA (WS FORM: F-6) , PAGE 2

                                          STATION:  ROME
                                          MONTH:    MAY
                                          YEAR:     2018
                                          LATITUDE:   34 20 N
                                          LONGITUDE:  85 10 W

[TEMPERATURE DATA]      [PRECIPITATION DATA]       SYMBOLS USED IN COLUMN 16

AVERAGE MONTHLY: 72.0   TOTAL FOR MONTH:   1.25    1 = FOG OR MIST
DPTR FM NORMAL:   5.7   DPTR FM NORMAL:   -1.35    2 = FOG REDUCING VISIBILITY
HIGHEST:    93 ON 14    GRTST 24HR  0.55 ON 15-15      TO 1/4 MILE OR LESS
LOWEST:     44 ON  1                               3 = THUNDER
                        SNOW, ICE PELLETS, HAIL    4 = ICE PELLETS
                        TOTAL MONTH:   0.0 INCH    5 = HAIL
                        GRTST 24HR     0.0         6 = FREEZING RAIN OR DRIZZLE
                        GRTST DEPTH:   0           7 = DUSTSTORM OR SANDSTORM:
                                                       VSBY 1/2 MILE OR LESS
                                                   8 = SMOKE OR HAZE
[NO. OF DAYS WITH]      [WEATHER - DAYS WITH]      9 = BLOWING SNOW
                                                   X = TORNADO
MAX 32 OR BELOW:   0    0.01 INCH OR MORE:   4
MAX 90 OR ABOVE:   4    0.10 INCH OR MORE:   3
MIN 32 OR BELOW:   0    0.50 INCH OR MORE:   1
MIN  0 OR BELOW:   0    1.00 INCH OR MORE:   0

[HDD (BASE 65) ]
TOTAL THIS MO.     1    CLEAR  (SCALE 0-3)  14
DPTR FM NORMAL   -29    PTCLDY (SCALE 4-7)   4
TOTAL FM JUL 1  2897    CLOUDY (SCALE 8-10)  0
DPTR FM NORMAL  -346

[CDD (BASE 65) ]
TOTAL THIS MO.   132
DPTR FM NORMAL    79    [PRESSURE DATA]
TOTAL FM JAN 1   168    HIGHEST SLP M ON M
DPTR FM NORMAL    82    LOWEST  SLP 29.82 ON 17

[REMARKS]
