000
CXUS56 KFGZ 240900
CF6RQE
PRELIMINARY LOCAL CLIMATOLOGICAL DATA (WS FORM: F-6)

                                          STATION:   WINDOW ROCK AZ AIRPORT
                                          MONTH:     MAY
                                          YEAR:      2018
                                          LATITUDE:   35 39 N
                                          LONGITUDE: 109  4 W

  TEMPERATURE IN F:       :PCPN:    SNOW:  WIND      :SUNSHINE: SKY     :PK WND
================================================================================
1   2   3   4   5  6A  6B    7    8   9   10  11  12  13   14  15   16   17  18
                                     12Z  AVG MX 2MIN
DY MAX MIN AVG DEP HDD CDD  WTR  SNW DPTH SPD SPD DIR MIN PSBL S-S WX    SPD DR
================================================================================

 1  67  40  54   4  11   0 0.00    M    M 12.4 32 220   M    M   2        43 220
 2  52  32  42  -9  23   0 0.31    M    M  8.3 31 250   M    M   7 18     40 250
 3  58  30  44  -7  21   0 0.00    M    M  6.1 16 360   M    M   4        23 340
 4  70  28  49  -2  16   0 0.00    M    M  4.1 13  60   M    M   1        17  50
 5  79  30  55   3  10   0 0.00    M    M  3.4 20 250   M    M   0        31 180
 6  82  36  59   7   6   0 0.00    M    M  3.0 20 200   M    M   0        28 190
 7  83  36  60   8   5   0 0.00    M    M  5.3 24 230   M    M   0        33 220
 8  87  36  62  10   3   0 0.00    M    M  4.6 16 330   M    M   0        24 330
 9  87  36  62   9   3   0 0.00    M    M  5.0 23 240   M    M   0        33 260
10  88  47  68  15   0   3 0.00    M    M 11.1 31 240   M    M   0        40 240
11  82  51  67  14   0   2 0.00    M    M 17.8 45 240   M    M   0 8      58 210
12  76  49  63   9   2   0 0.00    M    M 16.9 37 210   M    M   0        50 200
13  74  35  55   1  10   0 0.00    M    M  9.6 30 220   M    M   0        40 210
14  77  33  55   1  10   0 0.00    M    0  7.3 29 220   M    M   0        36 230
15  78  35  57   2   8   0 0.00    M    M  7.7 26 240   M    M   0        36 260
16  82  33  58   3   7   0 0.00    M    M  7.6 22 260   M    M   0        30 190
17  81  36  59   4   6   0 0.00    M    M  9.7 28 230   M    M   0        38 230
18  75  40  58   2   7   0 0.00    M    0  5.9 23 230   M    M   0        31 230
19  78  34  56   0   9   0 0.00    M    0  2.7 17 260   M    M   1        23 250
20  80  36  58   2   7   0 0.00  0.0    0  7.1 26 200   M    M   0        37 210
21  82  34  58   2   7   0 0.00  0.0    0  9.0 25 230   M    M   0        39 190
22  79  36  58   1   7   0 0.00    M    M  7.9 28 230   M    M   1        36 230
23  80  35  58   1   7   0 0.00    M    M  5.1 24 220   M    M   0        30 220
================================================================================
SM 1777  838       185   5  0.31     0.0 177.6          M       16
================================================================================
AV 77.3 36.4                               7.7 FASTST   M    M   1    MAX(MPH)
                                 MISC ---->  # 45 240               # 58  210
================================================================================
NOTES:
# LAST OF SEVERAL OCCURRENCES

COLUMN 17 PEAK WIND IN M.P.H.

PRELIMINARY LOCAL CLIMATOLOGICAL DATA (WS FORM: F-6) , PAGE 2

                                          STATION:  WINDOW ROCK AZ AIRPORT
                                          MONTH:    MAY
                                          YEAR:     2018
                                          LATITUDE:   35 39 N
                                          LONGITUDE: 109  4 W

[TEMPERATURE DATA]      [PRECIPITATION DATA]       SYMBOLS USED IN COLUMN 16

AVERAGE MONTHLY: 56.9   TOTAL FOR MONTH:   0.31    1 = FOG OR MIST
DPTR FM NORMAL:   3.2   DPTR FM NORMAL:   -0.18    2 = FOG REDUCING VISIBILITY
HIGHEST:    88 ON 10    GRTST 24HR  0.31 ON  2- 2      TO 1/4 MILE OR LESS
LOWEST:     28 ON  4                               3 = THUNDER
                        SNOW, ICE PELLETS, HAIL    4 = ICE PELLETS
                        TOTAL MONTH:   0.0 INCH    5 = HAIL
                        GRTST 24HR     0.0         6 = FREEZING RAIN OR DRIZZLE
                        GRTST DEPTH:   0           7 = DUSTSTORM OR SANDSTORM:
                                                       VSBY 1/2 MILE OR LESS
                                                   8 = SMOKE OR HAZE
[NO. OF DAYS WITH]      [WEATHER - DAYS WITH]      9 = BLOWING SNOW
                                                   X = TORNADO
MAX 32 OR BELOW:   0    0.01 INCH OR MORE:   1
MAX 90 OR ABOVE:   0    0.10 INCH OR MORE:   1
MIN 32 OR BELOW:   4    0.50 INCH OR MORE:   0
MIN  0 OR BELOW:   0    1.00 INCH OR MORE:   0

[HDD (BASE 65) ]
TOTAL THIS MO.   185    CLEAR  (SCALE 0-3)  21
DPTR FM NORMAL   -77    PTCLDY (SCALE 4-7)   2
TOTAL FM JUL 1  5350    CLOUDY (SCALE 8-10)  0
DPTR FM NORMAL  -918

[CDD (BASE 65) ]
TOTAL THIS MO.     5
DPTR FM NORMAL     5    [PRESSURE DATA]
TOTAL FM JAN 1     5    HIGHEST SLP M ON M
DPTR FM NORMAL     5    LOWEST  SLP 29.55 ON 11

[REMARKS]
