000
CXUS55 KLOX 261655
CF6SDB
PRELIMINARY LOCAL CLIMATOLOGICAL DATA (WS FORM: F-6)

                                          STATION:   SANDBERG CA
                                          MONTH:     APRIL
                                          YEAR:      2018
                                          LATITUDE:   34 45 N
                                          LONGITUDE: 118 44 W

  TEMPERATURE IN F:       :PCPN:    SNOW:  WIND      :SUNSHINE: SKY     :PK WND
================================================================================
1   2   3   4   5  6A  6B    7    8   9   10  11  12  13   14  15   16   17  18
                                     12Z  AVG MX 2MIN
DY MAX MIN AVG DEP HDD CDD  WTR  SNW DPTH SPD SPD DIR MIN PSBL S-S WX    SPD DR
================================================================================

 1  67  53  60  12   5   0 0.00  0.0    0 19.0 36 340   M    M   0        44 330
 2  61  46  54   6  11   0 0.00  0.0    0 16.5 41 330   M    M   0        47 340
 3  70  46  58  10   7   0 0.00  0.0    0 10.0 28 340   M    M   0        34 340
 4  67  50  59  11   6   0 0.00  0.0    0 14.8 24 340   M    M   0        32 330
 5  66  47  57   9   8   0 0.00  0.0    0 15.2 38 330   M    M   0        46 330
 6  63  45  54   6  11   0 0.00  0.0    0 12.6 31 340   M    M   6        40 340
 7  65  47  56   7   9   0    T    M    0 16.0 36 350   M    M   5 1      46 340
 8  57  39  48  -1  17   0    T    M    0 23.8 47 340   M    M   4 12     56 360
 9  73  46  60  11   5   0 0.00  0.0    0 13.3 29 330   M    M   0        35 340
10  76  52  64  15   1   0 0.00  0.0    0 11.5 33 330   M    M   0        40 330
11  68  40  54   5  11   0 0.00  0.0    0 14.9 32 340   M    M   0        39 330
12  44  31  38 -11  27   0 0.01    M    0 22.2 48 350   M    M   5 12     60 350
13  59  33  46  -4  19   0 0.00  0.0    0 14.0 37 350   M    M   0        49 340
14  70  47  59   9   6   0 0.00  0.0    0  7.9 17 340   M    M   0        30 110
15  64  43  54   4  11   0 0.00  0.0    M 11.3 23 180   M    M   0        30 160
16  45  31  38 -12  27   0 0.00  0.0    0 12.6 29 350   M    M   5 1      37 350
17  56  30  43  -7  22   0    T    M    0 10.9  M   M   M    M   3 1       M  M
18  58  37  48  -3  17   0 0.00  0.0    0 17.4 29 210   M    M   0        40 210
19  48  32  40 -11  25   0 0.00  0.0    0 18.4 59 330   M    M   3        68 330
20  61  39  50  -1  15   0 0.00  0.0    0 17.8 33 350   M    M   0        43 340
21  75  50  63  12   2   0 0.00  0.0    0 10.9 23 340   M    M   0        29 340
22  75  55  65  13   0   0 0.00  0.0    0 12.0 23 320   M    M   0        28 340
23  75  58  67  15   0   2 0.00  0.0    0  9.9 21 320   M    M   0 8      25 330
24  73  55  64  12   1   0 0.00  0.0    0  9.8 20 330   M    M   0        26 170
25  72  53  63  11   2   0 0.00  0.0    0 10.5 21 180   M    M   0        27 180
================================================================================
SM 1608 1105       265   2  0.01     0.0 353.2          M       31
================================================================================
AV 64.3 44.2                              14.1 FASTST   M    M   1    MAX(MPH)
                                 MISC ---->  # 59 330               # 68  330
================================================================================
NOTES:
# LAST OF SEVERAL OCCURRENCES

COLUMN 17 PEAK WIND IN M.P.H.

PRELIMINARY LOCAL CLIMATOLOGICAL DATA (WS FORM: F-6) , PAGE 2

                                          STATION:  SANDBERG CA
                                          MONTH:    APRIL
                                          YEAR:     2018
                                          LATITUDE:   34 45 N
                                          LONGITUDE: 118 44 W

[TEMPERATURE DATA]      [PRECIPITATION DATA]       SYMBOLS USED IN COLUMN 16

AVERAGE MONTHLY: 54.3   TOTAL FOR MONTH:   0.01    1 = FOG OR MIST
DPTR FM NORMAL:   4.5   DPTR FM NORMAL:   -0.55    2 = FOG REDUCING VISIBILITY
HIGHEST:    76 ON 10    GRTST 24HR  0.01 ON 12-12      TO 1/4 MILE OR LESS
LOWEST:     30 ON 17                               3 = THUNDER
                        SNOW, ICE PELLETS, HAIL    4 = ICE PELLETS
                        TOTAL MONTH:   0.0 INCH    5 = HAIL
                        GRTST 24HR     0.0         6 = FREEZING RAIN OR DRIZZLE
                        GRTST DEPTH:   0           7 = DUSTSTORM OR SANDSTORM:
                                                       VSBY 1/2 MILE OR LESS
                                                   8 = SMOKE OR HAZE
[NO. OF DAYS WITH]      [WEATHER - DAYS WITH]      9 = BLOWING SNOW
                                                   X = TORNADO
MAX 32 OR BELOW:   0    0.01 INCH OR MORE:   1
MAX 90 OR ABOVE:   0    0.10 INCH OR MORE:   0
MIN 32 OR BELOW:   4    0.50 INCH OR MORE:   0
MIN  0 OR BELOW:   0    1.00 INCH OR MORE:   0

[HDD (BASE 65) ]
TOTAL THIS MO.   265    CLEAR  (SCALE 0-3)  19
DPTR FM NORMAL  -120    PTCLDY (SCALE 4-7)   6
TOTAL FM JUL 1  2453    CLOUDY (SCALE 8-10)  0
DPTR FM NORMAL -1261

[CDD (BASE 65) ]
TOTAL THIS MO.     2
DPTR FM NORMAL     2    [PRESSURE DATA]
TOTAL FM JAN 1     4    HIGHEST SLP M ON M
DPTR FM NORMAL     3    LOWEST  SLP 29.79 ON  2

[REMARKS]
