000
CXUS55 KTBW 241000
CF6SPG
PRELIMINARY LOCAL CLIMATOLOGICAL DATA (WS FORM: F-6)

                                          STATION:   Saint Petersburg
                                          MONTH:     MAY
                                          YEAR:      2018
                                          LATITUDE:   27 46 N
                                          LONGITUDE:  82 38 W

  TEMPERATURE IN F:       :PCPN:    SNOW:  WIND      :SUNSHINE: SKY     :PK WND
================================================================================
1   2   3   4   5  6A  6B    7    8   9   10  11  12  13   14  15   16   17  18
                                     12Z  AVG MX 2MIN
DY MAX MIN AVG DEP HDD CDD  WTR  SNW DPTH SPD SPD DIR MIN PSBL S-S WX    SPD DR
================================================================================

 1  86  71  79   3   0  14 0.00  0.0    0 12.9 24 110   M    M   0        31 120
 2  84  70  77   1   0  12 0.00  0.0    0 14.7 26  90   M    M   0        31  90
 3  87  71  79   3   0  14 0.00  0.0    0 12.1 26 120   M    M   0        31 120
 4  89  71  80   3   0  15 0.00  0.0    0 10.1 22 100   M    M   0        25 110
 5  88  70  79   2   0  14 0.38  0.0    0  8.4 18 100   M    M   3 1      22  90
 6  79  74  77   0   0  12 0.06  0.0    0  5.1 14  90   M    M   7 18     15  90
 7  87  73  80   3   0  15 0.00  0.0    0  8.6 18 350   M    M   1        25  10
 8  86  72  79   1   0  14 0.00  0.0    0  8.7 17 120   M    M   2        20 120
 9  90  72  81   3   0  16 0.00  0.0    0  8.5 18 120   M    M   1        21 120
10  87  74  81   3   0  16 0.00  0.0    0  6.0 13 120   M    M   0        16 120
11  91  73  82   4   0  17 0.00  0.0    0  6.0 17 180   M    M   0        19 180
12  82  76  79   1   0  14    T  0.0    0  9.9 17  90   M    M   2        19  90
13  80  72  76  -2   0  11 0.27  0.0    0 11.5 20  90   M    M   7 13     22  90
14  77  72  75  -4   0  10 0.92  0.0    0 13.4 21 120   M    M   9 13     24  90
15  84  73  79   0   0  14 0.12  0.0    0 16.0 23 140   M    M   5 1      29 220
16  83  71  77  -2   0  12 0.27  0.0    0 15.2 24 210   M    M   3 1      33 220
17  81  73  77  -2   0  12 0.10  0.0    0 11.7 23 250   M    M   6 13     27 240
18  84  71  78  -2   0  13 0.00  0.0    0  9.2 16 270   M    M   3        21 260
19  86  73  80   0   0  15 0.17  0.0    0  9.0 31  80   M    M   4 13     34  80
20  76  71  74  -6   0   9 1.03  0.0    0 12.9 28 160   M    M   9 1      33 160
21  79  70  75  -5   0  10 2.35  0.0    0  8.6 20 140   M    M   9 123    28 130
22  80  71  76  -4   0  11 1.01  0.0    0  9.3 22 140   M    M   6 13     25 140
23  90  71  81   1   0  16 0.00  0.0    0  7.6 14 140   M    M   2 18     16 140
================================================================================
SM 1936 1655         0 306  6.68     0.0 235.4          M       79
================================================================================
AV 84.2 72.0                              10.2 FASTST   M    M   3    MAX(MPH)
                                 MISC ---->  # 31  80               # 34   80
================================================================================
NOTES:
# LAST OF SEVERAL OCCURRENCES

COLUMN 17 PEAK WIND IN M.P.H.

PRELIMINARY LOCAL CLIMATOLOGICAL DATA (WS FORM: F-6) , PAGE 2

                                          STATION:  Saint Petersburg
                                          MONTH:    MAY
                                          YEAR:     2018
                                          LATITUDE:   27 46 N
                                          LONGITUDE:  82 38 W

[TEMPERATURE DATA]      [PRECIPITATION DATA]       SYMBOLS USED IN COLUMN 16

AVERAGE MONTHLY: 78.1   TOTAL FOR MONTH:   6.68    1 = FOG OR MIST
DPTR FM NORMAL:  -0.2   DPTR FM NORMAL:    5.26    2 = FOG REDUCING VISIBILITY
HIGHEST:    91 ON 11    GRTST 24HR  2.35 ON 21-21      TO 1/4 MILE OR LESS
LOWEST:     70 ON 21, 5                            3 = THUNDER
                        SNOW, ICE PELLETS, HAIL    4 = ICE PELLETS
                        TOTAL MONTH:   0.0 INCH    5 = HAIL
                        GRTST 24HR     0.0         6 = FREEZING RAIN OR DRIZZLE
                        GRTST DEPTH:   0           7 = DUSTSTORM OR SANDSTORM:
                                                       VSBY 1/2 MILE OR LESS
                                                   8 = SMOKE OR HAZE
[NO. OF DAYS WITH]      [WEATHER - DAYS WITH]      9 = BLOWING SNOW
                                                   X = TORNADO
MAX 32 OR BELOW:   0    0.01 INCH OR MORE:  11
MAX 90 OR ABOVE:   3    0.10 INCH OR MORE:  10
MIN 32 OR BELOW:   0    0.50 INCH OR MORE:   4
MIN  0 OR BELOW:   0    1.00 INCH OR MORE:   3

[HDD (BASE 65) ]
TOTAL THIS MO.     0    CLEAR  (SCALE 0-3)  14
DPTR FM NORMAL     0    PTCLDY (SCALE 4-7)   6
TOTAL FM JUL 1   310    CLOUDY (SCALE 8-10)  3
DPTR FM NORMAL  -107

[CDD (BASE 65) ]
TOTAL THIS MO.   306
DPTR FM NORMAL     3    [PRESSURE DATA]
TOTAL FM JAN 1   954    HIGHEST SLP M ON M
DPTR FM NORMAL   171    LOWEST  SLP 29.86 ON 14

[REMARKS]
